{"id":9587,"date":"2016-04-17T13:39:00","date_gmt":"2016-04-17T11:39:00","guid":{"rendered":"http:\/\/rosenholm.se\/?page_id=9587"},"modified":"2016-04-22T20:29:09","modified_gmt":"2016-04-22T18:29:09","slug":"vaxternas-doft","status":"publish","type":"page","link":"https:\/\/rosenholm.se\/?page_id=9587","title":{"rendered":"V\u00c4XTERNAS DOFT"},"content":{"rendered":"<p>V\u00e4ldoftande v\u00e4xter ger tr\u00e4dg\u00e5rden ytterligare en dimension.\u00a0Med n\u00e5gra ljuvligt doftande v\u00e4xter blir den \u00e4n mer trevlig\u00a0att vistas i. Det beh\u00f6ver inte finnas m\u00e5nga av dem.\u00a0N\u00e5gra stycken v\u00e4l placerade p\u00e4rlor r\u00e4cker. Ett par\u00a0h\u00e4rligt doftande v\u00e4xter invid uteplatsen, d\u00e4r man kan sitta\u00a0l\u00e4nge och njuta, och n\u00e5gra l\u00e4ngs entr\u00e9g\u00e5ngen, som man\u00a0alltid passerar, kan r\u00e4cka f\u00f6r den lilla tr\u00e4dg\u00e5rden. F\u00f6r de\u00a0v\u00e4xter som ger v\u00e4ldoft fr\u00e5n sina blommor beh\u00f6ver man\u00a0givetvis ta h\u00e4nsyn till blomningstiderna. V\u00e4lj g\u00e4rna v\u00e4xter med olika blomningstider f\u00f6r att f\u00e5 l\u00e4ngre tid av v\u00e4ldoft.<\/p>\n<p>Det finns v\u00e4xter vars bladverk \u00e4r aromatiskt och avger\u00a0god doft n\u00e4r man kommer \u00e5t det eller gnuggar ett blad\u00a0mellan fingrarna. Dessa v\u00e4xter med l\u00e5ng dofts\u00e4song \u00e4r\u00a0trevliga invid sittplatsen eller d\u00e4r man ofta passerar.\u00a0Hur ljuvligt \u00e4r det inte n\u00e4r pustar av\u00a0doft frig\u00f6rs\u00a0av lavendeln som h\u00e4nger ut \u00f6ver g\u00e5ngen och stryker l\u00e4ngs\u00a0benen n\u00e4r man g\u00e5r f\u00f6rbi? Hur underbart \u00e4r det inte n\u00e4r\u00a0man eftert\u00e4nksamt kan sitta vid uteplatsen och gnugga ett\u00a0aromatiskt och lent salviablad mellan fingrarna?<\/p>\n<p>Doft ska man t\u00e4nka p\u00e5 redan vid planeringen, d\u00e5\u00a0kan man f\u00e5 det under l\u00e5ng tid och p\u00e5 de platser man\u00a0vistas mest. Det brukar s\u00e4llan vara n\u00e5got problem att f\u00e5\u00a0med n\u00e5gra doftande p\u00e4rlor n\u00e4r man planerar sin tr\u00e4dg\u00e5rd.\u00a0Lyckligtvis bjuder m\u00e5nga av de designm\u00e4ssigt intressanta\u00a0fler\u00e5riga v\u00e4xterna p\u00e5 god doft.<\/p>\n<h5>\u00c4ngavallen<\/h5>\n<div id=\"attachment_9567\" style=\"width: 710px\" class=\"wp-caption alignnone\"><img loading=\"lazy\" decoding=\"async\" aria-describedby=\"caption-attachment-9567\" class=\"size-large wp-image-9567\" src=\"http:\/\/rosenholm.se\/wp-content\/uploads\/2016\/04\/DSCN9941-700x467.jpg\" alt=\"Ljuvligt kryddiga dofter i \u00c4ngavallens muromg\u00e4rdade \u00f6rtag\u00e5rd\" width=\"700\" height=\"467\" srcset=\"https:\/\/rosenholm.se\/wp-content\/uploads\/2016\/04\/DSCN9941-350x234@2x.jpg 700w, https:\/\/rosenholm.se\/wp-content\/uploads\/2016\/04\/DSCN9941-250x167.jpg 250w, https:\/\/rosenholm.se\/wp-content\/uploads\/2016\/04\/DSCN9941-350x234.jpg 350w, https:\/\/rosenholm.se\/wp-content\/uploads\/2016\/04\/DSCN9941-250x167@2x.jpg 500w\" sizes=\"auto, (max-width: 700px) 100vw, 700px\" \/><p id=\"caption-attachment-9567\" class=\"wp-caption-text\">Ljuvligt kryddiga dofter i \u00c4ngavallens muromg\u00e4rdade \u00f6rtag\u00e5rd<\/p><\/div>\n<p>Ljuvligt kryddiga dofter smeker luften i \u00c4ngavallens muromg\u00e4rdade\u00a0\u00f6rtag\u00e5rd i Sk\u00e5ne. H\u00e4r finns en stor m\u00e4ngd kryddv\u00e4xter\u00a0och blommande \u00f6rter i buxbomsinfattade kvarter. De gr\u00e5silvriga\u00a0plantorna i f\u00f6rgrunden \u00e4r mal\u00f6rt, <em>Artemisia absinthium<\/em>. Till v\u00e4nster\u00a0syns en libbsticka, <em>Levisticum officinale<\/em>, som g\u00e5tt i blom och bakom\u00a0den en klunga av bl\u00e5blommande gurk\u00f6rt, <em>Borago officinalis<\/em>, som \u00e4r\u00a0ett\u00e5rig men sj\u00e4lvs\u00e5r sig l\u00e4tt. Den frodiga gula ruggen med bl\u00e5gr\u00f6nt\u00a0bladverk l\u00e4ngre bort \u00e4r den mycket vackra halvh\u00e4rdiga kryddv\u00e4xten\u00a0vinruta, <em>Ruta graveolens<\/em>.<\/p>\n<h5><a title=\"V\u00e4ldoftande blommor\" href=\"http:\/\/rosenholm.se\/?page_id=9590\">V\u00e4ldoftande blommor<\/a><\/h5>\n","protected":false},"excerpt":{"rendered":"<p>V\u00e4ldoftande v\u00e4xter ger tr\u00e4dg\u00e5rden ytterligare en dimension.\u00a0Med n\u00e5gra ljuvligt doftande v\u00e4xter blir den \u00e4n mer trevlig\u00a0att vistas i. Det beh\u00f6ver inte finnas m\u00e5nga av dem.\u00a0N\u00e5gra stycken v\u00e4l placerade p\u00e4rlor r\u00e4cker.&hellip; <\/p>\n","protected":false},"author":1,"featured_media":0,"parent":0,"menu_order":0,"comment_status":"closed","ping_status":"closed","template":"","meta":{"footnotes":""},"class_list":["post-9587","page","type-page","status-publish","hentry"],"_links":{"self":[{"href":"https:\/\/rosenholm.se\/index.php?rest_route=\/wp\/v2\/pages\/9587","targetHints":{"allow":["GET"]}}],"collection":[{"href":"https:\/\/rosenholm.se\/index.php?rest_route=\/wp\/v2\/pages"}],"about":[{"href":"https:\/\/rosenholm.se\/index.php?rest_route=\/wp\/v2\/types\/page"}],"author":[{"embeddable":true,"href":"https:\/\/rosenholm.se\/index.php?rest_route=\/wp\/v2\/users\/1"}],"replies":[{"embeddable":true,"href":"https:\/\/rosenholm.se\/index.php?rest_route=%2Fwp%2Fv2%2Fcomments&post=9587"}],"version-history":[{"count":10,"href":"https:\/\/rosenholm.se\/index.php?rest_route=\/wp\/v2\/pages\/9587\/revisions"}],"predecessor-version":[{"id":9698,"href":"https:\/\/rosenholm.se\/index.php?rest_route=\/wp\/v2\/pages\/9587\/revisions\/9698"}],"wp:attachment":[{"href":"https:\/\/rosenholm.se\/index.php?rest_route=%2Fwp%2Fv2%2Fmedia&parent=9587"}],"curies":[{"name":"wp","href":"https:\/\/api.w.org\/{rel}","templated":true}]}}