{"id":9365,"date":"2016-03-14T22:34:16","date_gmt":"2016-03-14T21:34:16","guid":{"rendered":"http:\/\/rosenholm.se\/?page_id=9365"},"modified":"2016-03-23T20:24:22","modified_gmt":"2016-03-23T19:24:22","slug":"perenner-for-framkanten","status":"publish","type":"page","link":"https:\/\/rosenholm.se\/?page_id=9365","title":{"rendered":"Perenner f\u00f6r framkanten"},"content":{"rendered":"<div id=\"attachment_9387\" style=\"width: 710px\" class=\"wp-caption alignnone\"><img loading=\"lazy\" decoding=\"async\" aria-describedby=\"caption-attachment-9387\" class=\"size-large wp-image-9387\" src=\"http:\/\/rosenholm.se\/wp-content\/uploads\/2016\/03\/DSCN4666-700x428.jpg\" alt=\"J\u00e4ttedaggk\u00e5pa, Alchemilla mollis\" width=\"700\" height=\"428\" srcset=\"https:\/\/rosenholm.se\/wp-content\/uploads\/2016\/03\/DSCN4666-350x214@2x.jpg 700w, https:\/\/rosenholm.se\/wp-content\/uploads\/2016\/03\/DSCN4666-250x153.jpg 250w, https:\/\/rosenholm.se\/wp-content\/uploads\/2016\/03\/DSCN4666-350x214.jpg 350w, https:\/\/rosenholm.se\/wp-content\/uploads\/2016\/03\/DSCN4666-250x153@2x.jpg 500w\" sizes=\"auto, (max-width: 700px) 100vw, 700px\" \/><p id=\"caption-attachment-9387\" class=\"wp-caption-text\">J\u00e4ttedaggk\u00e5pa, Alchemilla mollis<\/p><\/div>\n<p><strong>J\u00e4ttedaggk\u00e5pa<\/strong><br \/>\n<em>Alchemilla mollis<\/em><br \/>\nGr\u00f6ngula blommor i skyar under juni\u2013september. T\u00e5lig v\u00e4xt som g\u00e5r i b\u00e5de sol och skugga bara jorden inte \u00e4r alltf\u00f6r mager och torr. Sj\u00e4lvs\u00e5r sig l\u00e4tt, men blomningen f\u00f6rl\u00e4ngs om blomst\u00e4nglarna klipps bort innan de s\u00e4tter fr\u00f6. H\u00f6jd 40 cm. Mycket h\u00e4rdig. Har ett markt\u00e4ckande v\u00e4xts\u00e4tt.<\/p>\n<div id=\"attachment_9382\" style=\"width: 710px\" class=\"wp-caption alignnone\"><img loading=\"lazy\" decoding=\"async\" aria-describedby=\"caption-attachment-9382\" class=\"size-large wp-image-9382\" src=\"http:\/\/rosenholm.se\/wp-content\/uploads\/2016\/03\/DSCN0106-700x467.jpg\" alt=\"Lamm\u00f6ron, Stachys byzantina\" width=\"700\" height=\"467\" srcset=\"https:\/\/rosenholm.se\/wp-content\/uploads\/2016\/03\/DSCN0106-350x234@2x.jpg 700w, https:\/\/rosenholm.se\/wp-content\/uploads\/2016\/03\/DSCN0106-250x167.jpg 250w, https:\/\/rosenholm.se\/wp-content\/uploads\/2016\/03\/DSCN0106-350x234.jpg 350w, https:\/\/rosenholm.se\/wp-content\/uploads\/2016\/03\/DSCN0106-250x167@2x.jpg 500w\" sizes=\"auto, (max-width: 700px) 100vw, 700px\" \/><p id=\"caption-attachment-9382\" class=\"wp-caption-text\">Lamm\u00f6ron, Stachys byzantina<\/p><\/div>\n<div id=\"attachment_9389\" style=\"width: 360px\" class=\"wp-caption alignright\"><img loading=\"lazy\" decoding=\"async\" aria-describedby=\"caption-attachment-9389\" class=\"size-medium wp-image-9389\" src=\"http:\/\/rosenholm.se\/wp-content\/uploads\/2016\/03\/DSCN4728-350x467.jpg\" alt=\"Hybriddaglilja, Hemerocallis hybrida-gruppen\" width=\"350\" height=\"467\" srcset=\"https:\/\/rosenholm.se\/wp-content\/uploads\/2016\/03\/DSCN4728-350x467.jpg 350w, https:\/\/rosenholm.se\/wp-content\/uploads\/2016\/03\/DSCN4728-188x250.jpg 188w, https:\/\/rosenholm.se\/wp-content\/uploads\/2016\/03\/DSCN4728.jpg 525w, https:\/\/rosenholm.se\/wp-content\/uploads\/2016\/03\/DSCN4728-188x250@2x.jpg 376w\" sizes=\"auto, (max-width: 350px) 100vw, 350px\" \/><p id=\"caption-attachment-9389\" class=\"wp-caption-text\">Hybriddaglilja, Hemerocallis hybrida-gruppen<\/p><\/div>\n<p><strong>Lamm\u00f6ron<\/strong><br \/>\n<em>Stachys byzantina<\/em><br \/>\nFint gr\u00e5ludna blad som bildar t\u00e4ta rosetter och breder ut sig till en markt\u00e4ckande matta. Rosalila sm\u00e5 blommor p\u00e5 ganska kraftiga gr\u00e5ludna spiror i juli\u2013augusti. Bladrosetten d\u00f6r efter att den blommat. H\u00f6jd 40 cm. Mycket h\u00e4rdig. Sol\u2013halvskugga.<\/p>\n<p><strong>Hybriddaglilja<\/strong><br \/>\n<em>Hemerocallis<\/em>\u00a0hybrida-gruppen<br \/>\nL\u00e5ngsmala blad bildar kraftiga tuvor som h\u00e4nger snyggt \u00f6ver stenbel\u00e4ggningar. Stora, trattformade blommor i gula, orange, rosa, r\u00f6da och vita nyanser sitter samlade i toppst\u00e4llda knippen. H\u00f6jd 60\u2013100 cm beroende p\u00e5 sort. Blommar n\u00e5gra veckor i juni\u2013augusti, sortberoende. Mycket h\u00e4rdig. Sol\u2013halvskugga.<\/p>\n<div id=\"attachment_9386\" style=\"width: 710px\" class=\"wp-caption alignnone\"><img loading=\"lazy\" decoding=\"async\" aria-describedby=\"caption-attachment-9386\" class=\"size-large wp-image-9386\" src=\"http:\/\/rosenholm.se\/wp-content\/uploads\/2016\/03\/DSCN4661-700x428.jpg\" alt=\"Kantnepeta, Nepeta \u00d7 faassenii \u2018Six Hills Giant\u2018\" width=\"700\" height=\"428\" srcset=\"https:\/\/rosenholm.se\/wp-content\/uploads\/2016\/03\/DSCN4661-350x214@2x.jpg 700w, https:\/\/rosenholm.se\/wp-content\/uploads\/2016\/03\/DSCN4661-250x153.jpg 250w, https:\/\/rosenholm.se\/wp-content\/uploads\/2016\/03\/DSCN4661-350x214.jpg 350w, https:\/\/rosenholm.se\/wp-content\/uploads\/2016\/03\/DSCN4661-250x153@2x.jpg 500w\" sizes=\"auto, (max-width: 700px) 100vw, 700px\" \/><p id=\"caption-attachment-9386\" class=\"wp-caption-text\">Kantnepeta, Nepeta \u00d7 faassenii \u2018Six Hills Giant\u2018<\/p><\/div>\n<p><strong>Kantnepeta<\/strong><br \/>\n<em>Nepeta<\/em>\u00a0\u00d7 <em>faassenii<\/em> \u2018Six Hills Giant\u2018<br \/>\nGr\u00e5gr\u00f6nt aromatiskt bladverk som b\u00e4r sm\u00e5 lavendelbl\u00e5 blommor i ett f\u00f6rsta flor under juni\u2013juli. Om plantan sedan sk\u00e4rs in ordentligt efter blomningen kan en andra mindre blomning ske fram\u00e5t h\u00f6stkanten. V\u00e4xten \u00e4r omtyckt av bin, fj\u00e4rilar och katter. H\u00f6jd 50 cm. Halvh\u00e4rdig. Soligt l\u00e4ge. T\u00e5l ej vinterfukt.<\/p>\n<div id=\"attachment_9383\" style=\"width: 710px\" class=\"wp-caption alignnone\"><img loading=\"lazy\" decoding=\"async\" aria-describedby=\"caption-attachment-9383\" class=\"size-large wp-image-9383\" src=\"http:\/\/rosenholm.se\/wp-content\/uploads\/2016\/03\/DSCN1819-700x467.jpg\" alt=\"Guldfunkia , Hosta \u2019Golden Tiara\u2019\" width=\"700\" height=\"467\" srcset=\"https:\/\/rosenholm.se\/wp-content\/uploads\/2016\/03\/DSCN1819-350x234@2x.jpg 700w, https:\/\/rosenholm.se\/wp-content\/uploads\/2016\/03\/DSCN1819-250x167.jpg 250w, https:\/\/rosenholm.se\/wp-content\/uploads\/2016\/03\/DSCN1819-350x234.jpg 350w, https:\/\/rosenholm.se\/wp-content\/uploads\/2016\/03\/DSCN1819-250x167@2x.jpg 500w\" sizes=\"auto, (max-width: 700px) 100vw, 700px\" \/><p id=\"caption-attachment-9383\" class=\"wp-caption-text\">Guldfunkia , Hosta \u2019Golden Tiara\u2019<\/p><\/div>\n<div id=\"attachment_9425\" style=\"width: 360px\" class=\"wp-caption alignright\"><img loading=\"lazy\" decoding=\"async\" aria-describedby=\"caption-attachment-9425\" class=\"size-medium wp-image-9425\" src=\"http:\/\/rosenholm.se\/wp-content\/uploads\/2016\/03\/DSCN4860-350x467.jpg\" alt=\"Praktbetonika, Stachys macrantha\" width=\"350\" height=\"467\" srcset=\"https:\/\/rosenholm.se\/wp-content\/uploads\/2016\/03\/DSCN4860-350x467.jpg 350w, https:\/\/rosenholm.se\/wp-content\/uploads\/2016\/03\/DSCN4860-188x250.jpg 188w, https:\/\/rosenholm.se\/wp-content\/uploads\/2016\/03\/DSCN4860.jpg 525w, https:\/\/rosenholm.se\/wp-content\/uploads\/2016\/03\/DSCN4860-188x250@2x.jpg 376w\" sizes=\"auto, (max-width: 350px) 100vw, 350px\" \/><p id=\"caption-attachment-9425\" class=\"wp-caption-text\">Praktbetonika, Stachys macrantha<\/p><\/div>\n<p><strong>Guldfunkia<\/strong><br \/>\n<em>Hosta<\/em> \u2019Golden Tiara\u2019<br \/>\nVacker bladv\u00e4xt som \u00e4ven har tilltalande blomning. V\u00e4xer i tuvor som med tiden blir ansenliga och d\u00f6ljer marken effektivt med sina\u00a0hj\u00e4rtformade blad. H\u00f6jd 40 cm. Funkior finns i olika\u00a0arter och sorter med en m\u00e4ngd former,\u00a0f\u00e4rger och texturer p\u00e5 bladen. Relativt\u00a0sen uppkomst p\u00e5 v\u00e5ren. H\u00e4rdig. Halvskugga\u2013skugga.<\/p>\n<p><strong>Praktbetonika<\/strong><br \/>\n<em>Stachys macrantha<\/em><br \/>\nDekorativa avl\u00e5nga, hj\u00e4rtlika blad med tydlig \u00e5dring. F\u00e5r rosalila blommor i uppr\u00e4tta fylliga\u00a0kolvar under juni\u2013juli. H\u00f6jd 40 cm. Mycket h\u00e4rdig.\u00a0T\u00e5lig och l\u00e4ttodlad v\u00e4xt som trivs i b\u00e5de sol och\u00a0skugga. I alltf\u00f6r skuggiga l\u00e4gen blir dock blomningen\u00a0sparsam.<\/p>\n<div id=\"attachment_9384\" style=\"width: 710px\" class=\"wp-caption alignnone\"><img loading=\"lazy\" decoding=\"async\" aria-describedby=\"caption-attachment-9384\" class=\"size-large wp-image-9384\" src=\"http:\/\/rosenholm.se\/wp-content\/uploads\/2016\/03\/DSCN2265-700x467.jpg\" alt=\"Praktgulplister, Lamium galeobdolon \u2019Hermans Pride\u2019\" width=\"700\" height=\"467\" srcset=\"https:\/\/rosenholm.se\/wp-content\/uploads\/2016\/03\/DSCN2265-350x234@2x.jpg 700w, https:\/\/rosenholm.se\/wp-content\/uploads\/2016\/03\/DSCN2265-250x167.jpg 250w, https:\/\/rosenholm.se\/wp-content\/uploads\/2016\/03\/DSCN2265-350x234.jpg 350w, https:\/\/rosenholm.se\/wp-content\/uploads\/2016\/03\/DSCN2265-250x167@2x.jpg 500w\" sizes=\"auto, (max-width: 700px) 100vw, 700px\" \/><p id=\"caption-attachment-9384\" class=\"wp-caption-text\">Praktgulplister, Lamium galeobdolon \u2019Hermans Pride\u2019<\/p><\/div>\n<div id=\"attachment_9385\" style=\"width: 360px\" class=\"wp-caption alignright\"><img loading=\"lazy\" decoding=\"async\" aria-describedby=\"caption-attachment-9385\" class=\"size-medium wp-image-9385\" src=\"http:\/\/rosenholm.se\/wp-content\/uploads\/2016\/03\/DSCN3961-350x467.jpg\" alt=\"Blodalunrot, Heuchera sanguinea \u2019Splendens\u2019\" width=\"350\" height=\"467\" srcset=\"https:\/\/rosenholm.se\/wp-content\/uploads\/2016\/03\/DSCN3961-350x467.jpg 350w, https:\/\/rosenholm.se\/wp-content\/uploads\/2016\/03\/DSCN3961-188x250.jpg 188w, https:\/\/rosenholm.se\/wp-content\/uploads\/2016\/03\/DSCN3961.jpg 525w, https:\/\/rosenholm.se\/wp-content\/uploads\/2016\/03\/DSCN3961-188x250@2x.jpg 376w\" sizes=\"auto, (max-width: 350px) 100vw, 350px\" \/><p id=\"caption-attachment-9385\" class=\"wp-caption-text\">Blodalunrot, Heuchera sanguinea \u2019Splendens\u2019<\/p><\/div>\n<p><strong>Praktgulplister<\/strong><br \/>\n<em>Lamium galeobdolon<\/em> \u2019Hermans Pride\u2019\u00a0Silverfl\u00e4ckiga smala tandade blad och gula blommor\u00a0i kransar p\u00e5 uppr\u00e4tta stj\u00e4lkar i juni. H\u00f6jd 30\u00a0cm. Mycket h\u00e4rdig. I\u00f6gonfallande bladv\u00e4xt som trivs\u00a0i halvskugga\u2013skugga.<\/p>\n<p><strong>Blodalunrot<\/strong><br \/>\n<em>Heuchera sanguinea<\/em> \u2019Splendens\u2019<br \/>\nS\u00f6t perenn som bildar\u00a0en t\u00e4t bladrosett intill marken. Bladen bildar en vacker, t\u00e4t matta ur vilken sirliga blomst\u00e4nglar, som blir ungef\u00e4r 40 centimeter, reser sig i juni\u2013september och ger fin genomsikt till bakomvarande v\u00e4xter. Finns i m\u00e5nga sorter med blommor i r\u00f6da, rosa och vita nyanser. Det finns ocks\u00e5 effektfullt r\u00f6dbladiga sorter och sorter med marmorerade blad. H\u00e4rdig. Sol\u2013halvskugga.<\/p>\n<div id=\"attachment_9381\" style=\"width: 710px\" class=\"wp-caption alignnone\"><img loading=\"lazy\" decoding=\"async\" aria-describedby=\"caption-attachment-9381\" class=\"size-large wp-image-9381\" src=\"http:\/\/rosenholm.se\/wp-content\/uploads\/2016\/03\/DSC_1388-700x428.jpg\" alt=\"Kaukasisk f\u00f6rg\u00e4tmigej, Brunnera macrophylla\" width=\"700\" height=\"428\" srcset=\"https:\/\/rosenholm.se\/wp-content\/uploads\/2016\/03\/DSC_1388-350x214@2x.jpg 700w, https:\/\/rosenholm.se\/wp-content\/uploads\/2016\/03\/DSC_1388-250x153.jpg 250w, https:\/\/rosenholm.se\/wp-content\/uploads\/2016\/03\/DSC_1388-350x214.jpg 350w, https:\/\/rosenholm.se\/wp-content\/uploads\/2016\/03\/DSC_1388-250x153@2x.jpg 500w\" sizes=\"auto, (max-width: 700px) 100vw, 700px\" \/><p id=\"caption-attachment-9381\" class=\"wp-caption-text\">Kaukasisk f\u00f6rg\u00e4tmigej, Brunnera macrophylla<\/p><\/div>\n<p><strong>Kaukasisk f\u00f6rg\u00e4tmigej<\/strong><br \/>\n<em>Brunnera macrophylla<\/em><br \/>\nTilltalande stora hj\u00e4rtformade blad.\u00a0Blommar med f\u00f6rg\u00e4tmigejlika bl\u00e5 blommor i\u00a0maj\u2013juni innan dess blad hunnit bli riktigt stora.\u00a0Breder snabbt ut sig. Slokar l\u00e4tt om jorden blir f\u00f6r\u00a0torr, men \u00e5terh\u00e4mtar sig fort vid vattning. Sorten\u00a0\u2019Jack Frost\u2019 har uppseendev\u00e4ckande silvriga blad\u00a0med gr\u00f6na teckningar. H\u00f6jd 30\u201350 cm. H\u00e4rdig. Trivs\u00a0b\u00e4st i halvskugga\u2013skugga.<\/p>\n<div id=\"attachment_9390\" style=\"width: 710px\" class=\"wp-caption alignnone\"><img loading=\"lazy\" decoding=\"async\" aria-describedby=\"caption-attachment-9390\" class=\"size-large wp-image-9390\" src=\"http:\/\/rosenholm.se\/wp-content\/uploads\/2016\/03\/Kinesisk-k\u00e4rleks\u00f6rt-700x428.jpg\" alt=\"Kinesisk k\u00e4rleks\u00f6rt, Hylotelephium spectabile\" width=\"700\" height=\"428\" srcset=\"https:\/\/rosenholm.se\/wp-content\/uploads\/2016\/03\/Kinesisk-k\u00e4rleks\u00f6rt-350x214@2x.jpg 700w, https:\/\/rosenholm.se\/wp-content\/uploads\/2016\/03\/Kinesisk-k\u00e4rleks\u00f6rt-250x153.jpg 250w, https:\/\/rosenholm.se\/wp-content\/uploads\/2016\/03\/Kinesisk-k\u00e4rleks\u00f6rt-350x214.jpg 350w, https:\/\/rosenholm.se\/wp-content\/uploads\/2016\/03\/Kinesisk-k\u00e4rleks\u00f6rt-250x153@2x.jpg 500w\" sizes=\"auto, (max-width: 700px) 100vw, 700px\" \/><p id=\"caption-attachment-9390\" class=\"wp-caption-text\">Kinesisk k\u00e4rleks\u00f6rt, Hylotelephium spectabile<\/p><\/div>\n<p><strong>Kinesisk k\u00e4rleks\u00f6rt<\/strong><br \/>\n<em>Hylotelephium spectabile<\/em><br \/>\nStora flata kvastar med sm\u00e5 blommor i rosa eller\u00a0r\u00f6da nyanser fr\u00e5n slutet av augusti fram tills frosten\u00a0blir f\u00f6r sv\u00e5r. V\u00e4xten \u00e4r robust med ljust\u00a0gr\u00e5gr\u00f6na, k\u00f6ttiga blad och har sk\u00f6nhetsv\u00e4rde \u00e4ven\u00a0n\u00e4r den inte blommar. Det finns \u00e4ven en m\u00f6rkbladig\u00a0sort, \u2019Matrona\u2019. H\u00f6jd 50 cm. Betraktas p\u00e5 grund av\u00a0den sena blomningen som halvh\u00e4rdig. F\u00f6redrar\u00a0soligt l\u00e4ge, men klarar halvskugga.<\/p>\n<h5><a title=\"Vertikala former\" href=\"http:\/\/rosenholm.se\/?page_id=9371\">Vertikala former<\/a><\/h5>\n","protected":false},"excerpt":{"rendered":"<p>J\u00e4ttedaggk\u00e5pa Alchemilla mollis Gr\u00f6ngula blommor i skyar under juni\u2013september. T\u00e5lig v\u00e4xt som g\u00e5r i b\u00e5de sol och skugga bara jorden inte \u00e4r alltf\u00f6r mager och torr. Sj\u00e4lvs\u00e5r sig l\u00e4tt, men&hellip; <\/p>\n","protected":false},"author":1,"featured_media":0,"parent":0,"menu_order":0,"comment_status":"closed","ping_status":"closed","template":"","meta":{"footnotes":""},"class_list":["post-9365","page","type-page","status-publish","hentry"],"_links":{"self":[{"href":"https:\/\/rosenholm.se\/index.php?rest_route=\/wp\/v2\/pages\/9365","targetHints":{"allow":["GET"]}}],"collection":[{"href":"https:\/\/rosenholm.se\/index.php?rest_route=\/wp\/v2\/pages"}],"about":[{"href":"https:\/\/rosenholm.se\/index.php?rest_route=\/wp\/v2\/types\/page"}],"author":[{"embeddable":true,"href":"https:\/\/rosenholm.se\/index.php?rest_route=\/wp\/v2\/users\/1"}],"replies":[{"embeddable":true,"href":"https:\/\/rosenholm.se\/index.php?rest_route=%2Fwp%2Fv2%2Fcomments&post=9365"}],"version-history":[{"count":17,"href":"https:\/\/rosenholm.se\/index.php?rest_route=\/wp\/v2\/pages\/9365\/revisions"}],"predecessor-version":[{"id":9488,"href":"https:\/\/rosenholm.se\/index.php?rest_route=\/wp\/v2\/pages\/9365\/revisions\/9488"}],"wp:attachment":[{"href":"https:\/\/rosenholm.se\/index.php?rest_route=%2Fwp%2Fv2%2Fmedia&parent=9365"}],"curies":[{"name":"wp","href":"https:\/\/api.w.org\/{rel}","templated":true}]}}