{"id":9053,"date":"2016-02-13T22:57:49","date_gmt":"2016-02-13T21:57:49","guid":{"rendered":"http:\/\/rosenholm.se\/?page_id=9053"},"modified":"2016-02-14T23:20:07","modified_gmt":"2016-02-14T22:20:07","slug":"hostfagnad","status":"publish","type":"page","link":"https:\/\/rosenholm.se\/?page_id=9053","title":{"rendered":"H\u00f6stf\u00e4gnad"},"content":{"rendered":"<div id=\"attachment_9062\" style=\"width: 360px\" class=\"wp-caption alignright\"><img loading=\"lazy\" decoding=\"async\" aria-describedby=\"caption-attachment-9062\" class=\"size-medium wp-image-9062\" src=\"http:\/\/rosenholm.se\/wp-content\/uploads\/2016\/02\/D2X_7603-350x467.jpg\" alt=\"Prakth\u00e4ggmispel, Amelanchier lamarckii\" width=\"350\" height=\"467\" srcset=\"https:\/\/rosenholm.se\/wp-content\/uploads\/2016\/02\/D2X_7603-350x467.jpg 350w, https:\/\/rosenholm.se\/wp-content\/uploads\/2016\/02\/D2X_7603-188x250.jpg 188w, https:\/\/rosenholm.se\/wp-content\/uploads\/2016\/02\/D2X_7603.jpg 525w, https:\/\/rosenholm.se\/wp-content\/uploads\/2016\/02\/D2X_7603-188x250@2x.jpg 376w\" sizes=\"auto, (max-width: 350px) 100vw, 350px\" \/><p id=\"caption-attachment-9062\" class=\"wp-caption-text\">Prakth\u00e4ggmispel, Amelanchier lamarckii<\/p><\/div>\n<p><strong>Prakth\u00e4ggmispel<\/strong><br \/>\n<em>Amelanchier lamarckii<\/em><br \/>\nUpp till 6 meter h\u00f6g, l\u00e4ttodlad buske, utm\u00e4rkt\u00a0f\u00f6r buskage och st\u00f6rre friv\u00e4xande h\u00e4ckar.\u00a0Kan med f\u00f6rdel stammas upp till mindre tr\u00e4d.\u00a0Fint r\u00f6daktigt bladutspring, skir vit tidig v\u00e5rblomning samt exceptionell r\u00f6dorange\u00a0bladf\u00e4rg p\u00e5 h\u00f6sten. Ger bl\u00e5svarta b\u00e4r som \u00e4r\u00a0omtyckta bland f\u00e5glar. Zon 5. Sol\u2013skugga.<\/p>\n<div id=\"attachment_9057\" style=\"width: 360px\" class=\"wp-caption alignright\"><img loading=\"lazy\" decoding=\"async\" aria-describedby=\"caption-attachment-9057\" class=\"size-medium wp-image-9057\" src=\"http:\/\/rosenholm.se\/wp-content\/uploads\/2016\/02\/Osakazuki-350x438.jpg\" alt=\"Japansk l\u00f6nn, Acer palmatum \u2019Osakazuki\u2019\" width=\"350\" height=\"438\" srcset=\"https:\/\/rosenholm.se\/wp-content\/uploads\/2016\/02\/Osakazuki-350x438.jpg 350w, https:\/\/rosenholm.se\/wp-content\/uploads\/2016\/02\/Osakazuki-200x250.jpg 200w, https:\/\/rosenholm.se\/wp-content\/uploads\/2016\/02\/Osakazuki.jpg 560w, https:\/\/rosenholm.se\/wp-content\/uploads\/2016\/02\/Osakazuki-200x250@2x.jpg 400w\" sizes=\"auto, (max-width: 350px) 100vw, 350px\" \/><p id=\"caption-attachment-9057\" class=\"wp-caption-text\">Japansk l\u00f6nn, Acer palmatum \u2019Osakazuki\u2019<\/p><\/div>\n<p><strong>Japansk l\u00f6nn<\/strong><br \/>\n<em>Acer palmatum<\/em> \u2019Osakazuki\u2019<br \/>\nLiten buske eller tr\u00e4d som blir ungef\u00e4r tre meter h\u00f6gt\u00a0med tiden. Den h\u00e4r sorten b\u00e4r dekorativa, gr\u00f6na l\u00f6nnblad som f\u00e5r en sprakande r\u00f6d h\u00f6stf\u00e4rg. Uts\u00f6kt i samplanteringar\u00a0med perenner, l\u00e4gre buskar och barrv\u00e4xter. Zon 3.\u00a0Trivs i skyddade varma l\u00e4gen med mullrik jord.<\/p>\n<p><strong>R\u00f6nnsumak<\/strong><br \/>\n<em>Rhus typhina<\/em><br \/>\nBuske som blir ungef\u00e4r 3\u20134 meter h\u00f6g. Liknar ett flerstammigt tr\u00e4d\u00a0eftersom bladverket sitter h\u00f6gt\u00a0och stammarna p\u00e5\u00a0fullvuxna exemplar blir kala nedtill. Elegant v\u00e4xts\u00e4tt, ger ett exotiskt intryck. Bladen ser ut som\u00a0r\u00f6nnblad, men st\u00f6rre. F\u00e5r r\u00f6dorange\u00a0h\u00f6stf\u00e4rg. Bildar purpurr\u00f6da st\u00e5ende\u00a0fruktkolvar med stort\u00a0prydnadsv\u00e4rde som sitter kvar \u00f6ver vintern . Skickar ut rotskott som beh\u00f6ver\u00a0ryckas bort. Zon 3. Anspr\u00e5ksl\u00f6s. Sol.<\/p>\n<div id=\"attachment_9055\" style=\"width: 710px\" class=\"wp-caption alignnone\"><img loading=\"lazy\" decoding=\"async\" aria-describedby=\"caption-attachment-9055\" class=\"size-large wp-image-9055\" src=\"http:\/\/rosenholm.se\/wp-content\/uploads\/2016\/02\/R\u00f6nnsumak-700x467.jpg\" alt=\"R\u00f6nnsumak, Rhus typhina\" width=\"700\" height=\"467\" srcset=\"https:\/\/rosenholm.se\/wp-content\/uploads\/2016\/02\/R\u00f6nnsumak-350x234@2x.jpg 700w, https:\/\/rosenholm.se\/wp-content\/uploads\/2016\/02\/R\u00f6nnsumak-250x167.jpg 250w, https:\/\/rosenholm.se\/wp-content\/uploads\/2016\/02\/R\u00f6nnsumak-350x234.jpg 350w, https:\/\/rosenholm.se\/wp-content\/uploads\/2016\/02\/R\u00f6nnsumak-250x167@2x.jpg 500w\" sizes=\"auto, (max-width: 700px) 100vw, 700px\" \/><p id=\"caption-attachment-9055\" class=\"wp-caption-text\">R\u00f6nnsumak, Rhus typhina<\/p><\/div>\n<div id=\"attachment_9058\" style=\"width: 360px\" class=\"wp-caption alignright\"><img loading=\"lazy\" decoding=\"async\" aria-describedby=\"caption-attachment-9058\" class=\"size-medium wp-image-9058\" src=\"http:\/\/rosenholm.se\/wp-content\/uploads\/2016\/02\/DSCN2574-350x438.jpg\" alt=\"Japansk skenkamelia, Stewartia pseudocamellia\" width=\"350\" height=\"438\" srcset=\"https:\/\/rosenholm.se\/wp-content\/uploads\/2016\/02\/DSCN2574-350x438.jpg 350w, https:\/\/rosenholm.se\/wp-content\/uploads\/2016\/02\/DSCN2574-200x250.jpg 200w, https:\/\/rosenholm.se\/wp-content\/uploads\/2016\/02\/DSCN2574.jpg 560w, https:\/\/rosenholm.se\/wp-content\/uploads\/2016\/02\/DSCN2574-200x250@2x.jpg 400w\" sizes=\"auto, (max-width: 350px) 100vw, 350px\" \/><p id=\"caption-attachment-9058\" class=\"wp-caption-text\">Japansk skenkamelia, Stewartia pseudocamellia<\/p><\/div>\n<p><strong>Japansk skenkamelia<\/strong><br \/>\n<em>Stewartia pseudocamellia<\/em><br \/>\nS\u00e4llsynt odlad i Sverige. Uts\u00f6kt,\u00a0l\u00e5ngsamv\u00e4xande tr\u00e4d, vackert v\u00e4xts\u00e4tt och\u00a0effekfullt fl\u00e4ckig bark p\u00e5 \u00e4ldre exemplar. Kan bli\u00a0drygt 20 meter i hemlandet, knappast \u00f6ver\u00a06 meter h\u00e4r.\u00a0Ger vita, kamelialiknande blommor under juli.\u00a0Bed\u00e5rande, rosar\u00f6d h\u00f6stf\u00e4rg. Trivs i halvskugga i fuktighetsh\u00e5llande jord, skydda\u00a0r\u00f6tterna f\u00f6r het sol. Zon 3.<\/p>\n<p><strong>K\u00f6rsb\u00e4rsbenved<\/strong><br \/>\n<em>Euonymus planipes<\/em><br \/>\nLitet tr\u00e4d eller buske som kan bli 2\u20133 meter h\u00f6g. Fin, r\u00f6d h\u00f6stf\u00e4rg, men de rosar\u00f6da, h\u00e4ngande, sm\u00e5 frukterna \u00e4r st\u00f6rsta h\u00f6stattraktionen. Zon 5.\u00a0Sol\u2013halvskugga.<\/p>\n<div id=\"attachment_9061\" style=\"width: 710px\" class=\"wp-caption alignnone\"><img loading=\"lazy\" decoding=\"async\" aria-describedby=\"caption-attachment-9061\" class=\"size-large wp-image-9061\" src=\"http:\/\/rosenholm.se\/wp-content\/uploads\/2016\/02\/DSC09256-700x394.jpg\" alt=\"K\u00f6rsb\u00e4rsbenved, Euonymus planipes\" width=\"700\" height=\"394\" srcset=\"https:\/\/rosenholm.se\/wp-content\/uploads\/2016\/02\/DSC09256-350x197@2x.jpg 700w, https:\/\/rosenholm.se\/wp-content\/uploads\/2016\/02\/DSC09256-250x141.jpg 250w, https:\/\/rosenholm.se\/wp-content\/uploads\/2016\/02\/DSC09256-350x197.jpg 350w, https:\/\/rosenholm.se\/wp-content\/uploads\/2016\/02\/DSC09256-250x141@2x.jpg 500w\" sizes=\"auto, (max-width: 700px) 100vw, 700px\" \/><p id=\"caption-attachment-9061\" class=\"wp-caption-text\">K\u00f6rsb\u00e4rsbenved, Euonymus planipes<\/p><\/div>\n<div id=\"attachment_9059\" style=\"width: 360px\" class=\"wp-caption alignright\"><img loading=\"lazy\" decoding=\"async\" aria-describedby=\"caption-attachment-9059\" class=\"size-medium wp-image-9059\" src=\"http:\/\/rosenholm.se\/wp-content\/uploads\/2016\/02\/DSCN2572-350x467.jpg\" alt=\"Bergk\u00f6rsb\u00e4r, Prunus sargentii\" width=\"350\" height=\"467\" srcset=\"https:\/\/rosenholm.se\/wp-content\/uploads\/2016\/02\/DSCN2572-350x467.jpg 350w, https:\/\/rosenholm.se\/wp-content\/uploads\/2016\/02\/DSCN2572-188x250.jpg 188w, https:\/\/rosenholm.se\/wp-content\/uploads\/2016\/02\/DSCN2572.jpg 525w, https:\/\/rosenholm.se\/wp-content\/uploads\/2016\/02\/DSCN2572-188x250@2x.jpg 376w\" sizes=\"auto, (max-width: 350px) 100vw, 350px\" \/><p id=\"caption-attachment-9059\" class=\"wp-caption-text\">Bergk\u00f6rsb\u00e4r, Prunus sargentii<\/p><\/div>\n<p><strong>Bergk\u00f6rsb\u00e4r<\/strong><br \/>\n<em>Prunus sargentii<\/em><br \/>\nSt\u00e5tligt\u00a0prydnadsk\u00f6rsb\u00e4r med behagfullt\u00a0orange- och rostflammig h\u00f6stf\u00e4rg. Har drssutom\u00a0ett delikat, r\u00f6tt bladutspring, b\u00e4r enkla, rosa blommor i maj och f\u00e5r i motsats\u00a0till m\u00e5nga andra prydnadsk\u00f6rsb\u00e4r sm\u00e5 m\u00f6rkr\u00f6da\u00a0frukter. V\u00e4xer vilt i bergen i Japan och kan d\u00e4r bli\u00a0uppemot 24 meter h\u00f6gt. Stanna dock under 10 meters h\u00f6jd. Zon 5.\u00a0Sol\u2013halvskugga.<\/p>\n<p><strong>Japanskt gaffelolvon<br \/>\n<\/strong><em>Viburnum furcatum<br \/>\n<\/em>S\u00e4llsynt odlad i Sverige. Uts\u00f6kt buske som\u00a0med tiden kan bli 2\u20133 meter h\u00f6g. Stora, r\u00e4fflade blad med s\u00e4regen r\u00f6dviolett h\u00f6stf\u00e4rg. Kemiskt sur jord. Zon 3. Sol\u2013halvskugga.<\/p>\n<div id=\"attachment_9060\" style=\"width: 710px\" class=\"wp-caption alignnone\"><img loading=\"lazy\" decoding=\"async\" aria-describedby=\"caption-attachment-9060\" class=\"size-full wp-image-9060\" src=\"http:\/\/rosenholm.se\/wp-content\/uploads\/2016\/02\/DSC09278.jpg\" alt=\"Japanskt gaffelolvon, Viburnum furcatum\" width=\"700\" height=\"428\" srcset=\"https:\/\/rosenholm.se\/wp-content\/uploads\/2016\/02\/DSC09278-350x214@2x.jpg 700w, https:\/\/rosenholm.se\/wp-content\/uploads\/2016\/02\/DSC09278-250x153.jpg 250w, https:\/\/rosenholm.se\/wp-content\/uploads\/2016\/02\/DSC09278-350x214.jpg 350w, https:\/\/rosenholm.se\/wp-content\/uploads\/2016\/02\/DSC09278-250x153@2x.jpg 500w\" sizes=\"auto, (max-width: 700px) 100vw, 700px\" \/><p id=\"caption-attachment-9060\" class=\"wp-caption-text\">Japanskt gaffelolvon, Viburnum furcatum<\/p><\/div>\n<div id=\"attachment_9056\" style=\"width: 360px\" class=\"wp-caption alignright\"><img loading=\"lazy\" decoding=\"async\" aria-describedby=\"caption-attachment-9056\" class=\"size-medium wp-image-9056\" src=\"http:\/\/rosenholm.se\/wp-content\/uploads\/2016\/02\/Vingbenved-350x438.jpg\" alt=\"Vingbenved, Euonymus alatus\" width=\"350\" height=\"438\" srcset=\"https:\/\/rosenholm.se\/wp-content\/uploads\/2016\/02\/Vingbenved-350x438.jpg 350w, https:\/\/rosenholm.se\/wp-content\/uploads\/2016\/02\/Vingbenved-200x250.jpg 200w, https:\/\/rosenholm.se\/wp-content\/uploads\/2016\/02\/Vingbenved.jpg 560w, https:\/\/rosenholm.se\/wp-content\/uploads\/2016\/02\/Vingbenved-200x250@2x.jpg 400w\" sizes=\"auto, (max-width: 350px) 100vw, 350px\" \/><p id=\"caption-attachment-9056\" class=\"wp-caption-text\">Vingbenved, Euonymus alatus<\/p><\/div>\n<p><strong>Vingbenved<\/strong><br \/>\n<em>Euonymus alatus<\/em><br \/>\nBuske som kan bli 1\u20132 meter h\u00f6g och lika bred. Har s\u00e4regna korkliknande lister, \u201dvingar\u201d,\u00a0l\u00e4ngs sina grenar. Vingarna har stort sk\u00f6nhetsv\u00e4rde\u00a0vintertid n\u00e4r busken \u00e4r avl\u00f6vad. P\u00e5 v\u00e5ren f\u00e5r busken\u00a0fr\u00e4scht ljusgr\u00f6na blad som \u00f6verg\u00e5r i en mellangr\u00f6n\u00a0nyans fram\u00e5t sommaren. Blomningen \u00e4r oansenlig\u00a0och man l\u00e4gger knappt m\u00e4rke till den. Fram p\u00e5\u00a0h\u00f6stkanten ger busken en str\u00e5lande uppvisning med\u00a0sin sprakande r\u00f6drosa h\u00f6stf\u00e4rg som sl\u00e5r det mesta.\u00a0Zon 5. Trivs i sol\u2013halvskugga i n\u00e4ringsrik jord.\u00a0H\u00f6stf\u00e4rgerna blir vackrare ju mer soligt den st\u00e5r.<\/p>\n<h5><a title=\"Vintervackra stammar\" href=\"http:\/\/rosenholm.se\/?page_id=9098\">Vintervackra stammar<\/a><\/h5>\n","protected":false},"excerpt":{"rendered":"<p>Prakth\u00e4ggmispel Amelanchier lamarckii Upp till 6 meter h\u00f6g, l\u00e4ttodlad buske, utm\u00e4rkt\u00a0f\u00f6r buskage och st\u00f6rre friv\u00e4xande h\u00e4ckar.\u00a0Kan med f\u00f6rdel stammas upp till mindre tr\u00e4d.\u00a0Fint r\u00f6daktigt bladutspring, skir vit tidig v\u00e5rblomning samt&hellip; <\/p>\n","protected":false},"author":1,"featured_media":0,"parent":0,"menu_order":0,"comment_status":"closed","ping_status":"closed","template":"","meta":{"footnotes":""},"class_list":["post-9053","page","type-page","status-publish","hentry"],"_links":{"self":[{"href":"https:\/\/rosenholm.se\/index.php?rest_route=\/wp\/v2\/pages\/9053","targetHints":{"allow":["GET"]}}],"collection":[{"href":"https:\/\/rosenholm.se\/index.php?rest_route=\/wp\/v2\/pages"}],"about":[{"href":"https:\/\/rosenholm.se\/index.php?rest_route=\/wp\/v2\/types\/page"}],"author":[{"embeddable":true,"href":"https:\/\/rosenholm.se\/index.php?rest_route=\/wp\/v2\/users\/1"}],"replies":[{"embeddable":true,"href":"https:\/\/rosenholm.se\/index.php?rest_route=%2Fwp%2Fv2%2Fcomments&post=9053"}],"version-history":[{"count":21,"href":"https:\/\/rosenholm.se\/index.php?rest_route=\/wp\/v2\/pages\/9053\/revisions"}],"predecessor-version":[{"id":9172,"href":"https:\/\/rosenholm.se\/index.php?rest_route=\/wp\/v2\/pages\/9053\/revisions\/9172"}],"wp:attachment":[{"href":"https:\/\/rosenholm.se\/index.php?rest_route=%2Fwp%2Fv2%2Fmedia&parent=9053"}],"curies":[{"name":"wp","href":"https:\/\/api.w.org\/{rel}","templated":true}]}}