{"id":8382,"date":"2016-01-10T20:07:03","date_gmt":"2016-01-10T19:07:03","guid":{"rendered":"http:\/\/rosenholm.se\/?page_id=8382"},"modified":"2016-04-22T20:15:03","modified_gmt":"2016-04-22T18:15:03","slug":"utforma-rabatterna","status":"publish","type":"page","link":"https:\/\/rosenholm.se\/?page_id=8382","title":{"rendered":"UTFORMA RABATTERNA"},"content":{"rendered":"<p>N\u00e4r de strukturskapande v\u00e4xterna v\u00e4l \u00e4r p\u00e5 plats kan\u00a0du planera \u00f6vriga planteringsytor. Ska du ha en japaninspirerad rabatt med fina\u00a0stenar, gr\u00e4s och l\u00f6nnar, en frodigt blommande perennrabatt\u00a0eller ett stenparti? Alternativen \u00e4r m\u00e5nga och det finns\u00a0alltid fler \u00e4n en l\u00f6sning bara du kommer ih\u00e5g att anpassa\u00a0v\u00e4xtvalet efter platsens\u00a0f\u00f6rh\u00e5llanden.<\/p>\n<div id=\"attachment_8431\" style=\"width: 710px\" class=\"wp-caption alignnone\"><img loading=\"lazy\" decoding=\"async\" aria-describedby=\"caption-attachment-8431\" class=\"size-full wp-image-8431\" src=\"http:\/\/rosenholm.se\/wp-content\/uploads\/2015\/09\/DSC_7388.jpg\" alt=\"Buxbomskantade rabatter ger ett stilrent och klassiskt intryck, f\u00f6rst\u00e4rkt av de knastrande grusg\u00e5ngarna i Paul J\u00f6nska g\u00e5rden i Viken, Sk\u00e5ne. I rabatten till h\u00f6ger v\u00e4xer tv\u00e5\u00e5rig starkrosa purpurkl\u00e4tt, Lychnis coronaria, med gr\u00e5silvrigt bladverk tillsammans med studentnejlika, Lychnis chalcedonica, tremastarblomma, Tradescantia Andersonianagruppen, och pr\u00e4stkrage, Leucanthemum vulgare.\" width=\"700\" height=\"394\" srcset=\"https:\/\/rosenholm.se\/wp-content\/uploads\/2015\/09\/DSC_7388-350x197@2x.jpg 700w, https:\/\/rosenholm.se\/wp-content\/uploads\/2015\/09\/DSC_7388-250x141.jpg 250w, https:\/\/rosenholm.se\/wp-content\/uploads\/2015\/09\/DSC_7388-350x197.jpg 350w, https:\/\/rosenholm.se\/wp-content\/uploads\/2015\/09\/DSC_7388-250x141@2x.jpg 500w\" sizes=\"auto, (max-width: 700px) 100vw, 700px\" \/><p id=\"caption-attachment-8431\" class=\"wp-caption-text\">Buxbomskantade rabatter ger ett stilrent och klassiskt intryck, f\u00f6rst\u00e4rkt av de knastrande grusg\u00e5ngarna i Paul J\u00f6nska g\u00e5rden i Viken, Sk\u00e5ne. I rabatten till h\u00f6ger v\u00e4xer tv\u00e5\u00e5rig starkrosa purpurkl\u00e4tt, Lychnis coronaria, med gr\u00e5silvrigt bladverk tillsammans med studentnejlika, Lychnis chalcedonica, tremastarblomma, Tradescantia Andersoniana-gruppen, och pr\u00e4stkrage, Leucanthemum vulgare.<\/p><\/div>\n<p>\u00d6nskar vi att tr\u00e4dg\u00e5rden ska\u00a0vara tilltalande s\u00e5\u00a0stor del av \u00e5ret som m\u00f6jligt \u00e4r kombinationer av perenner och vedartade v\u00e4xter i blandade rabatter det b\u00e4sta alternativet, inte minst f\u00f6r\u00a0dagens relativt sm\u00e5 tomter.\u00a0I en s\u00e5dan kan vi skapa s\u00e5v\u00e4l blommande f\u00e4gnad och intressanta\u00a0bladkombinationer f\u00f6r sommaren och strukturer som ger\u00a0intressanta blickf\u00e5ng vintertid.<\/p>\n<h5>Placering av rabatter<\/h5>\n<p>Anl\u00e4gg dina vackraste planteringar d\u00e4r\u00a0du verkligen har m\u00f6jlighet att\u00a0njuta av dem, invid sittplatsen,\u00a0l\u00e4ngs entr\u00e9g\u00e5ngen eller som utsikt fr\u00e5n k\u00f6ksf\u00f6nstret. Det\u00a0vanliga bruket att placera rabatter som smala remsor\u00a0alldeles intill huset har rej\u00e4la nackdelar. Dels \u00e4r det alldeles f\u00f6r\u00a0torrt och dels kan en smal rabatt aldrig ge samma\u00a0praktfullhet som bredare ytor. L\u00e4gg d\u00e4rf\u00f6r\u00a0kullerstenar, grus eller annat l\u00e4mpligt material l\u00e4ngst in mot\u00a0huset och l\u00e5t rabatten ta vid f\u00f6rst l\u00e4ngre ut, 30\u201350 cm brukar vara lagom. T\u00e4nk ocks\u00e5 p\u00e5 att inte g\u00f6ra den f\u00f6r\u00a0smal, ett mindre djup \u00e4n en meter \u00e4r s\u00e4llan lyckat. Om du\u00a0vill avnjuta blomsterf\u00e4gnad\u00a0inifr\u00e5n flytta ut planteringen\u00a0n\u00e5gra meter fr\u00e5n huset.<\/p>\n<div id=\"attachment_8430\" style=\"width: 710px\" class=\"wp-caption alignnone\"><img loading=\"lazy\" decoding=\"async\" aria-describedby=\"caption-attachment-8430\" class=\"size-full wp-image-8430\" src=\"http:\/\/rosenholm.se\/wp-content\/uploads\/2015\/09\/DSC_6082.jpg\" alt=\"En rabatt med tydlig stomme av formklippt buxbom, b\u00e5de som klot, rabattinramning och h\u00e4ck, \u00e4r tilltalande \u00e4ven sedan h\u00f6sten gjort sitt int\u00e5g och bladen fallit av. Under sommaren finns h\u00e4r ett \u00f6verd\u00e5d av blommande rosor och perenner som spelar mot det st\u00e4dsegr\u00f6na. Smala g\u00e5ngar av terrakottaf\u00e4rgat marktegel st\u00e5r vackert mot gr\u00f6nskan och g\u00f6r det enkelt att rensa. Per Fribergs tr\u00e4dg\u00e5rd.\" width=\"700\" height=\"394\" srcset=\"https:\/\/rosenholm.se\/wp-content\/uploads\/2015\/09\/DSC_6082-350x197@2x.jpg 700w, https:\/\/rosenholm.se\/wp-content\/uploads\/2015\/09\/DSC_6082-250x141.jpg 250w, https:\/\/rosenholm.se\/wp-content\/uploads\/2015\/09\/DSC_6082-350x197.jpg 350w, https:\/\/rosenholm.se\/wp-content\/uploads\/2015\/09\/DSC_6082-250x141@2x.jpg 500w\" sizes=\"auto, (max-width: 700px) 100vw, 700px\" \/><p id=\"caption-attachment-8430\" class=\"wp-caption-text\">En rabatt med tydlig stomme av formklippt buxbom, som klot, rabattinramning och h\u00e4ck, \u00e4r tilltalande \u00e4ven sedan h\u00f6sten gjort sitt int\u00e5g och bladen fallit. Under sommaren finns ett \u00f6verd\u00e5d av blommande rosor och perenner som spelar mot det st\u00e4dsegr\u00f6na. Smala g\u00e5ngar av terrakottaf\u00e4rgat marktegel st\u00e5r vackert mot gr\u00f6nskan och g\u00f6r det enkelt att rensa. Per Fribergs tr\u00e4dg\u00e5rd i Bj\u00e4rred.<\/p><\/div>\n<p>Placera v\u00e4xter och rabatter\u00a0s\u00e5 att de logiskt och\u00a0naturligt h\u00e4nger ihop med tr\u00e4dg\u00e5rdens rumsindelning. De\u00a0kan till exempel l\u00e4ggas i direkt anslutning till en\u00a0redan skapad inner- eller ytterv\u00e4gg eller p\u00e5 egen hand bilda\u00a0en rumsavdelning. Visst\u00a0kan man skapa en frist\u00e5ende rabatt omgiven av gr\u00e4s\u00a0men var d\u00e5\u00a0medveten\u00a0om att det kr\u00e4vs mer finess och eftertanke f\u00f6r att en\u00a0s\u00e5dan l\u00f6sning ska se riktigt bra ut. Planteringsytor m\u00e5ste ing\u00e5 i ett sammanhang och inte upplevas\u00a0som utsl\u00e4ngda h\u00e4r och d\u00e4r p\u00e5 m\u00e5f\u00e5.<\/p>\n<p>En rabatt \u00e4r vackrast \u00e5t det h\u00e5ll som\u00a0merparten av blommorna \u00e4r vridna. V\u00e4xter v\u00e4nder blommorna dit mest\u00a0ljus finns. Vanligtvis s\u00f6der, men finns tr\u00e4d eller annat som skuggar kan det bli\u00a0andra v\u00e4derstreck. Studera hur ljuset faller olika tider\u00a0p\u00e5 dagen och \u00e5t vilket h\u00e5ll v\u00e4xterna s\u00f6ker sig, d\u00e5 kan du f\u00f6ruts\u00e4ga i vilken riktning\u00a0blommorna kommer att vara v\u00e4nda. F\u00f6rs\u00f6k placera rabatterna s\u00e5 att de huvudsakligen betraktas fr\u00e5n det h\u00e5llet. Om det inte \u00e4r m\u00f6jligt kan\u00a0man plantera v\u00e4xter vars blommor inte har\u00a0n\u00e5gon fram och baksida och ser likadana ut fr\u00e5n alla h\u00e5ll, till exempel s\u00e5dana med spirform som riddarsporrar eller axlika blomsamlingar\u00a0som astilbe.<\/p>\n<div id=\"attachment_8436\" style=\"width: 710px\" class=\"wp-caption alignnone\"><img loading=\"lazy\" decoding=\"async\" aria-describedby=\"caption-attachment-8436\" class=\"size-full wp-image-8436\" src=\"http:\/\/rosenholm.se\/wp-content\/uploads\/2015\/09\/DSC_0221.jpg\" alt=\"Med rosor, schersminer, fler\u00e5riga kryddv\u00e4xter och rosengeranium och pelergoner i krukor skapas en ombonad k\u00e4nsla runt uteplatsen i Lilla Toscanas tr\u00e4dg\u00e5rd utanf\u00f6r Kalmar.\" width=\"700\" height=\"428\" srcset=\"https:\/\/rosenholm.se\/wp-content\/uploads\/2015\/09\/DSC_0221-350x214@2x.jpg 700w, https:\/\/rosenholm.se\/wp-content\/uploads\/2015\/09\/DSC_0221-250x153.jpg 250w, https:\/\/rosenholm.se\/wp-content\/uploads\/2015\/09\/DSC_0221-350x214.jpg 350w, https:\/\/rosenholm.se\/wp-content\/uploads\/2015\/09\/DSC_0221-250x153@2x.jpg 500w\" sizes=\"auto, (max-width: 700px) 100vw, 700px\" \/><p id=\"caption-attachment-8436\" class=\"wp-caption-text\">Med rosor, schersminer, fler\u00e5riga kryddv\u00e4xter och rosengeranium och pelargoner i krukor skapas en ombonad k\u00e4nsla runt uteplatsen i Lilla Toscanas tr\u00e4dg\u00e5rd utanf\u00f6r Kalmar.<\/p><\/div>\n<h5>Tillr\u00e4ckligt stora rabatter<\/h5>\n<p>G\u00f6r inte planteringsytorna f\u00f6r sm\u00e5 och smala. Med st\u00f6rre\u00a0sammanh\u00e4ngande ytor \u00e4r det l\u00e4ttare att skapa fina effekter\u00a0eftersom du f\u00e5r plats med antingen fler olika v\u00e4xter eller st\u00f6rre antal\u00a0av varje sort. Har du\u00a0plats b\u00f6r rabatten vara minst 1,5 meter djup och 3 meter l\u00e5ng. D\u00e5 f\u00e5r du rum med flera olika v\u00e4xter i djupled och kan ocks\u00e5 l\u00e5ta bakomliggande plantor\u00a0delvis skymmas av dem framf\u00f6r, ett knep som bidrar till ett visuellt st\u00f6rre djup.<\/p>\n<h5>Planteringsformer<\/h5>\n<h5><img loading=\"lazy\" decoding=\"async\" class=\"alignnone size-large wp-image-8432\" src=\"http:\/\/rosenholm.se\/wp-content\/uploads\/2015\/09\/Planteringsformer-639x700.jpg\" alt=\"Planteringsformer\" width=\"639\" height=\"700\" srcset=\"https:\/\/rosenholm.se\/wp-content\/uploads\/2015\/09\/Planteringsformer-639x700.jpg 639w, https:\/\/rosenholm.se\/wp-content\/uploads\/2015\/09\/Planteringsformer-228x250.jpg 228w, https:\/\/rosenholm.se\/wp-content\/uploads\/2015\/09\/Planteringsformer-350x383.jpg 350w, https:\/\/rosenholm.se\/wp-content\/uploads\/2015\/09\/Planteringsformer.jpg 857w, https:\/\/rosenholm.se\/wp-content\/uploads\/2015\/09\/Planteringsformer-228x250@2x.jpg 456w, https:\/\/rosenholm.se\/wp-content\/uploads\/2015\/09\/Planteringsformer-350x383@2x.jpg 700w\" sizes=\"auto, (max-width: 639px) 100vw, 639px\" \/><\/h5>\n<h5>Plantera i olika lager<\/h5>\n<p>Ur b\u00e5de sk\u00f6nhets- och sk\u00f6tselsynpunkt \u00e4r en sammanh\u00e4ngande plantering att f\u00f6redra framf\u00f6r att dutta\u00a0ut v\u00e4xter p\u00e5 olika st\u00e4llen i gr\u00e4smattan. D\u00e4r kan\u00a0du sedan blanda buskar och perenner av olika storlekar och\u00a0h\u00f6jder. Genom att plantera i olika h\u00f6jdlager kan du utnyttja\u00a0en och samma markyta f\u00f6r flera olika v\u00e4xter. Under ett\u00a0l\u00f6vtr\u00e4d, som inte har alltf\u00f6r kompakt krona eller aggressivt\u00a0rotsystem, kan du till exempel plantera skuggt\u00e5liga perenner\u00a0och bland perennerna kan tidiga v\u00e5rl\u00f6kar placeras. De\u00a0blommar innan tr\u00e4det l\u00f6vas och ger skugga, och n\u00e4r\u00a0l\u00f6kblomningen \u00e4r \u00f6ver b\u00f6rjar perennerna v\u00e4xa till sig och\u00a0t\u00e4cka \u00f6ver de utblommade l\u00f6karna.<\/p>\n<div id=\"attachment_8434\" style=\"width: 710px\" class=\"wp-caption alignnone\"><img loading=\"lazy\" decoding=\"async\" aria-describedby=\"caption-attachment-8434\" class=\"size-full wp-image-8434\" src=\"http:\/\/rosenholm.se\/wp-content\/uploads\/2015\/09\/DSC_9690.jpg\" alt=\"Planteringar med olika h\u00f6jdniv\u00e5er ger ett lummigt och trivsamt intryck. Att som p\u00e5 \u00c4nglandsg\u00e5rden l\u00e5ta en liten stig l\u00f6pa in mellan v\u00e4xterna g\u00f6r det l\u00e4tt att komma \u00e5t att rensa och sk\u00f6ta samtidigt som det ser inbjudande ut. N\u00e4r man skapar planteringar under tr\u00e4d m\u00e5ste man se till att jordniv\u00e5n n\u00e4rmast tr\u00e4dstammen inte h\u00f6js eftersom jord f\u00f6r h\u00f6gt upp p\u00e5 stammen kan allvarligt skada och till och med ta d\u00f6d p\u00e5 tr\u00e4d\" width=\"700\" height=\"465\" srcset=\"https:\/\/rosenholm.se\/wp-content\/uploads\/2015\/09\/DSC_9690-350x233@2x.jpg 700w, https:\/\/rosenholm.se\/wp-content\/uploads\/2015\/09\/DSC_9690-250x166.jpg 250w, https:\/\/rosenholm.se\/wp-content\/uploads\/2015\/09\/DSC_9690-350x233.jpg 350w, https:\/\/rosenholm.se\/wp-content\/uploads\/2015\/09\/DSC_9690-250x166@2x.jpg 500w\" sizes=\"auto, (max-width: 700px) 100vw, 700px\" \/><p id=\"caption-attachment-8434\" class=\"wp-caption-text\">Planteringar med olika h\u00f6jdniv\u00e5er ger ett lummigt och trivsamt intryck. Att som p\u00e5 \u00c4nglandsg\u00e5rden l\u00e5ta en smal\u00a0stig l\u00f6pa mellan v\u00e4xterna g\u00f6r det l\u00e4tt att att rensa och sk\u00f6ta samtidigt som det ser inbjudande ut. N\u00e4r man skapar planteringar under tr\u00e4d m\u00e5ste man se till att jordniv\u00e5n n\u00e4rmast tr\u00e4dstammen inte h\u00f6js eftersom jord f\u00f6r h\u00f6gt upp p\u00e5 stammen kan allvarligt skada och till och med ta d\u00f6d p\u00e5 tr\u00e4d<\/p><\/div>\n<h5>Begr\u00e4nsa antalet i\u00f6gonfallande v\u00e4xter<\/h5>\n<p>V\u00e4xtkomposition \u00e4r viktig vid uppbyggnaden av en\u00a0tr\u00e4dg\u00e5rd. Ensamma vackra plantor\u00a0skapar ingen lummig och\u00a0v\u00e4ldesignad tomt, utan det \u00e4r kombinationen av olika\u00a0v\u00e4xter som g\u00f6r det. En kombination av uppseendev\u00e4ckande\u00a0sk\u00f6nheter och frodiga, lugna v\u00e4xter i olika former bidrar\u00a0till en helhet som h\u00e4nger samman. Att enbart\u00a0samla i\u00f6gonfallande v\u00e4xter bredvid varandra ger inte harmoni. Blicken vet inte var den\u00a0stanna f\u00f6rst utan dras \u00e4n hit \u00e4n dit \u00f6ver planteringen som\u00a0ofr\u00e5nkomligen kommer att ge ett plottrigt intryck. Hur mycket\u00a0b\u00e4ttre blir det inte om man h\u00e5ller igen och placerar\u00a0ut uppseendev\u00e4ckande v\u00e4xter i lagom portioner och\u00a0fyller mellanrummen med lugna v\u00e4xter som inte \u00e4r\u00a0med och t\u00e4vlar om huvudrollen.\u00a0Den i\u00f6gonfallande v\u00e4xten agerar d\u00e5 som planteringens blickf\u00e5ng och\u00a0blickf\u00e5ng ska ju helst endast ses ett och ett f\u00f6r maximal effekt.<\/p>\n<h5>Minimera, gruppera och repetera<\/h5>\n<div id=\"attachment_8453\" style=\"width: 710px\" class=\"wp-caption alignnone\"><img loading=\"lazy\" decoding=\"async\" aria-describedby=\"caption-attachment-8453\" class=\"size-large wp-image-8453\" src=\"http:\/\/rosenholm.se\/wp-content\/uploads\/2015\/09\/DSC05446-700x467.jpg\" alt=\"Repetition av f\u00e4rger, former och v\u00e4xtsorter binder samman och skapar harmoni. I v\u00e5r id\u00e9tr\u00e4dg\u00e5rd \u201dUteplats f\u00f6r barn i perennhav\u201d p\u00e5 Ulriksdal Flower Show 2004 kommer de bl\u00e5, gr\u00e5, vita och limef\u00e4rgade nyanserna igen genom hela det lilla tr\u00e4dg\u00e5rdsrummet och bidrar till att skapa en lugn och behaglig helhet trots att man kan r\u00e4kna till fler \u00e4n tjugo ing\u00e5ende v\u00e4xtsorter i denna knappt femtio kvadratmeter stora tr\u00e4dg\u00e5rd. Det lilla limef\u00e4rgade tr\u00e4det som sticker upp ur perennmattan \u00e4r en japansk gyllenl\u00f6nn, Acer shirasawanum \u2019Aureum\u2019.\" width=\"700\" height=\"467\" srcset=\"https:\/\/rosenholm.se\/wp-content\/uploads\/2015\/09\/DSC05446-350x234@2x.jpg 700w, https:\/\/rosenholm.se\/wp-content\/uploads\/2015\/09\/DSC05446-250x167.jpg 250w, https:\/\/rosenholm.se\/wp-content\/uploads\/2015\/09\/DSC05446-350x234.jpg 350w, https:\/\/rosenholm.se\/wp-content\/uploads\/2015\/09\/DSC05446-250x167@2x.jpg 500w\" sizes=\"auto, (max-width: 700px) 100vw, 700px\" \/><p id=\"caption-attachment-8453\" class=\"wp-caption-text\">Repetition av f\u00e4rger, former och v\u00e4xtsorter binder samman och skapar harmoni. I v\u00e5r id\u00e9tr\u00e4dg\u00e5rd \u201dUteplats f\u00f6r barn i perennhav\u201d p\u00e5 Ulriksdal Flower Show 2004 kommer de bl\u00e5, gr\u00e5, vita och limef\u00e4rgade nyanserna igen genom hela det lilla tr\u00e4dg\u00e5rdsrummet och bidrar till att skapa en lugn och behaglig helhet trots att man kan r\u00e4kna till fler \u00e4n tjugo ing\u00e5ende v\u00e4xtsorter i denna knappt femtio kvadratmeter stora tr\u00e4dg\u00e5rd. Det lilla limef\u00e4rgade tr\u00e4det som sticker upp ur perennmattan \u00e4r en japansk gyllenl\u00f6nn, Acer shirasawanum \u2019Aureum\u2019.<\/p><\/div>\n<p>Begr\u00e4nsa antalet ing\u00e5ende v\u00e4xtsorter. Av perenner och sm\u00e5v\u00e4xta\u00a0buskar \u00e4r flera exemplar tillsammans en f\u00f6rdel. Samla v\u00e4xter av samma\u00a0sort i grupper med varierande storlek och form. Ha minst tre av samma, helst fler, i respektive\u00a0grupp. Sk\u00f6nhetsupplevelsen blir st\u00f6rre n\u00e4r m\u00e5nga upptr\u00e4der tillsammans och ger masseffekt. Kombinera sedan de olika\u00a0grupperna inom rabatten och du kan med f\u00f6rdel ocks\u00e5 l\u00e5ta\u00a0en och samma v\u00e4xt \u00e5terkomma i grupper p\u00e5 flera st\u00e4llen i\u00a0planteringsytan. Repetition av samma v\u00e4xtsorter ger rytm,\u00a0binder ihop och skapar samh\u00f6righet.<\/p>\n<div id=\"attachment_8454\" style=\"width: 710px\" class=\"wp-caption alignnone\"><img loading=\"lazy\" decoding=\"async\" aria-describedby=\"caption-attachment-8454\" class=\"size-large wp-image-8454\" src=\"http:\/\/rosenholm.se\/wp-content\/uploads\/2015\/09\/DSC06618-700x467.jpg\" alt=\"I den h\u00e4r rabatten, som landskapsarkitekten Ulf Nordfjell designat i Ingrid Bj\u00f6rkmans tr\u00e4dg\u00e5rd, repeteras de ing\u00e5ende v\u00e4xterna i grupper som om\u00e4rkligt flyter in i varandra. Den r\u00f6drosa stj\u00e4rnflockan kontrasterar effekfullt mot st\u00e4ppsalviornas eleganta spiror samtidigt som den tar upp f\u00e4rgen hos den rosa st\u00e4ppsalvian, Salvia nemorosa \u2019Amethyst\u2019, som syns en bit bak i rabatten. I f\u00f6rgrunden ses den m\u00f6rkt bl\u00e5lila st\u00e4ppsalvian, Salvia nemorosa \u2019Caradonna\u2019, som har i\u00f6gonfallande m\u00f6rka stj\u00e4lkar. Ett olydigt f\u00e4rgavbrott i form av en vit fingerborgsblomma ger extra dramatik \u00e5t kompositionen.\" width=\"700\" height=\"467\" srcset=\"https:\/\/rosenholm.se\/wp-content\/uploads\/2015\/09\/DSC06618-350x234@2x.jpg 700w, https:\/\/rosenholm.se\/wp-content\/uploads\/2015\/09\/DSC06618-250x167.jpg 250w, https:\/\/rosenholm.se\/wp-content\/uploads\/2015\/09\/DSC06618-350x234.jpg 350w, https:\/\/rosenholm.se\/wp-content\/uploads\/2015\/09\/DSC06618-250x167@2x.jpg 500w\" sizes=\"auto, (max-width: 700px) 100vw, 700px\" \/><p id=\"caption-attachment-8454\" class=\"wp-caption-text\">I den h\u00e4r rabatten, som landskapsarkitekten Ulf Nordfjell designat i Ingrid Bj\u00f6rkmans i B\u00e5stad, repeteras v\u00e4xterna i grupper som om\u00e4rkligt flyter in i varandra. R\u00f6drosa stj\u00e4rnflocka kontrasterar effektfullt mot st\u00e4ppsalviornas spiror och tar samtidigt upp f\u00e4rgen hos rosa st\u00e4ppsalvia, Salvia nemorosa \u2019Amethyst\u2019,\u00a0l\u00e4ngre\u00a0bak. I f\u00f6rgrunden den m\u00f6rkt bl\u00e5lila st\u00e4ppsalvian \u2019Caradonna\u2019 med m\u00f6rka i\u00f6gonfallande stj\u00e4lkar. Ett olydigt f\u00e4rgavbrott i form av en vit fingerborgsblomma ger extra dramatik.<\/p><\/div>\n<h5>Undvik bar jord<\/h5>\n<div id=\"attachment_8456\" style=\"width: 360px\" class=\"wp-caption alignright\"><img loading=\"lazy\" decoding=\"async\" aria-describedby=\"caption-attachment-8456\" class=\"size-medium wp-image-8456\" src=\"http:\/\/rosenholm.se\/wp-content\/uploads\/2015\/09\/Norrifr\u00e5n-350x467.jpg\" alt=\"Tagetes av tv\u00e5 olika sorter har planterats som utfyllnad i v\u00e4ntan p\u00e5 att lamm\u00f6ronen, Stachys byzantina \u2019Silver Carpet\u2019, s\u00e5 sm\u00e5ningom ska t\u00e4cka all \u00f6ppen jord under glansk\u00f6rsb\u00e4ret vid sidan om entr\u00e9g\u00e5ngen hemma i v\u00e5r egen tr\u00e4dg\u00e5rd. Under den explosivt h\u00f6str\u00f6da vingbenveden frodas europeisk hassel\u00f6rt.\" width=\"350\" height=\"467\" srcset=\"https:\/\/rosenholm.se\/wp-content\/uploads\/2015\/09\/Norrifr\u00e5n-350x467.jpg 350w, https:\/\/rosenholm.se\/wp-content\/uploads\/2015\/09\/Norrifr\u00e5n-188x250.jpg 188w, https:\/\/rosenholm.se\/wp-content\/uploads\/2015\/09\/Norrifr\u00e5n.jpg 525w, https:\/\/rosenholm.se\/wp-content\/uploads\/2015\/09\/Norrifr\u00e5n-188x250@2x.jpg 376w\" sizes=\"auto, (max-width: 350px) 100vw, 350px\" \/><p id=\"caption-attachment-8456\" class=\"wp-caption-text\">Tagetes av tv\u00e5 sorter har planterats som utfyllnad i v\u00e4ntan p\u00e5 att lamm\u00f6ron, Stachys byzantina \u2019Silver Carpet\u2019, ska t\u00e4cka jorden under glansk\u00f6rsb\u00e4ret vid entr\u00e9g\u00e5ngen i v\u00e5r egen tr\u00e4dg\u00e5rd.<\/p><\/div>\n<p>Str\u00e4va efter att undvika\u00a0\u00f6ppen jord. Att\u00a0l\u00e5ta v\u00e4xter bilda\u00a0en sammanh\u00e4ngande, b\u00f6ljande matta \u00e4r inte bara ett effektivt markutnyttjande, som\u00a0h\u00e5ller ogr\u00e4set borta, utan ocks\u00e5 oemotst\u00e5ndligt snyggt. Fukten\u00a0bevaras l\u00e4ngre och du beh\u00f6ver inte vattna\u00a0lika ofta.<\/p>\n<p>N\u00e4r rabatter \u00e4r nyanlagda och v\u00e4xterna \u00e4nnu inte tagit sitt utrymme kommer det att finnas\u00a0\u00f6ppen jord. Ungef\u00e4r tre \u00e5r efter anl\u00e4ggandet kommer ytan att bli helt\u00a0t\u00e4ckt om man planterar markt\u00e4ckare mellan perenner, buskar och tr\u00e4d.\u00a0Ett effektivt s\u00e4tt att undvika bar jord under mellantiden\u00a0\u00e4r att plantera igen tomrummen med ett\u00e5ringar, de ger\u00a0snabbt en uppvuxen och lummig\u00a0k\u00e4nsla. Se bara\u00a0till att inte anv\u00e4nda alltf\u00f6r kraftigv\u00e4xande ett\u00e5rsv\u00e4xter som kv\u00e4ver de nyplanterade fler\u00e5ringarna.<\/p>\n<div id=\"attachment_8455\" style=\"width: 710px\" class=\"wp-caption alignnone\"><img loading=\"lazy\" decoding=\"async\" aria-describedby=\"caption-attachment-8455\" class=\"size-large wp-image-8455\" src=\"http:\/\/rosenholm.se\/wp-content\/uploads\/2015\/09\/DSC08279-700x467.jpg\" alt=\"Ett\u00e5rsv\u00e4xter kan med f\u00f6rdel anv\u00e4ndas f\u00f6r att fylla ut tomrummen i perennrabatten. Sommarflox, Phlox drummondi, \u00e4r en tacksam utplanteringsv\u00e4xt som h\u00e4r syns breda ut sig i f\u00f6rgrunden av Gunborg Orrmalms f\u00e4rgstarka rabatt i odlingszon 8. Bakom v\u00e4xer fler\u00e5riga riddarsporrar, studentnejlikor och liljor.\" width=\"700\" height=\"467\" srcset=\"https:\/\/rosenholm.se\/wp-content\/uploads\/2015\/09\/DSC08279-350x234@2x.jpg 700w, https:\/\/rosenholm.se\/wp-content\/uploads\/2015\/09\/DSC08279-250x167.jpg 250w, https:\/\/rosenholm.se\/wp-content\/uploads\/2015\/09\/DSC08279-350x234.jpg 350w, https:\/\/rosenholm.se\/wp-content\/uploads\/2015\/09\/DSC08279-250x167@2x.jpg 500w\" sizes=\"auto, (max-width: 700px) 100vw, 700px\" \/><p id=\"caption-attachment-8455\" class=\"wp-caption-text\">Ett\u00e5rsv\u00e4xter kan med f\u00f6rdel anv\u00e4ndas f\u00f6r att fylla tomrummen i perennrabatten. Sommarflox, Phlox drummondi, \u00e4r en tacksam utplanteringsv\u00e4xt som h\u00e4r breder ut sig i f\u00f6rgrunden av Gunborg Orrmalms f\u00e4rgstarka rabatt i odlingszon 8. Bakom v\u00e4xer fler\u00e5riga riddarsporrar, studentnejlikor och liljor.<\/p><\/div>\n<h5><a title=\"Bra markt\u00e4ckare\" href=\"http:\/\/rosenholm.se\/?page_id=8461\">Bra markt\u00e4ckare<\/a><\/h5>\n","protected":false},"excerpt":{"rendered":"<p>N\u00e4r de strukturskapande v\u00e4xterna v\u00e4l \u00e4r p\u00e5 plats kan\u00a0du planera \u00f6vriga planteringsytor. Ska du ha en japaninspirerad rabatt med fina\u00a0stenar, gr\u00e4s och l\u00f6nnar, en frodigt blommande perennrabatt\u00a0eller ett stenparti? Alternativen&hellip; <\/p>\n","protected":false},"author":1,"featured_media":0,"parent":0,"menu_order":0,"comment_status":"closed","ping_status":"closed","template":"","meta":{"footnotes":""},"class_list":["post-8382","page","type-page","status-publish","hentry"],"_links":{"self":[{"href":"https:\/\/rosenholm.se\/index.php?rest_route=\/wp\/v2\/pages\/8382","targetHints":{"allow":["GET"]}}],"collection":[{"href":"https:\/\/rosenholm.se\/index.php?rest_route=\/wp\/v2\/pages"}],"about":[{"href":"https:\/\/rosenholm.se\/index.php?rest_route=\/wp\/v2\/types\/page"}],"author":[{"embeddable":true,"href":"https:\/\/rosenholm.se\/index.php?rest_route=\/wp\/v2\/users\/1"}],"replies":[{"embeddable":true,"href":"https:\/\/rosenholm.se\/index.php?rest_route=%2Fwp%2Fv2%2Fcomments&post=8382"}],"version-history":[{"count":44,"href":"https:\/\/rosenholm.se\/index.php?rest_route=\/wp\/v2\/pages\/8382\/revisions"}],"predecessor-version":[{"id":9691,"href":"https:\/\/rosenholm.se\/index.php?rest_route=\/wp\/v2\/pages\/8382\/revisions\/9691"}],"wp:attachment":[{"href":"https:\/\/rosenholm.se\/index.php?rest_route=%2Fwp%2Fv2%2Fmedia&parent=8382"}],"curies":[{"name":"wp","href":"https:\/\/api.w.org\/{rel}","templated":true}]}}