{"id":8064,"date":"2015-09-10T19:24:22","date_gmt":"2015-09-10T17:24:22","guid":{"rendered":"http:\/\/rosenholm.se\/?page_id=8064"},"modified":"2016-04-22T20:06:44","modified_gmt":"2016-04-22T18:06:44","slug":"designa-med-vaxter","status":"publish","type":"page","link":"https:\/\/rosenholm.se\/?page_id=8064","title":{"rendered":"DESIGNA MED V\u00c4XTER"},"content":{"rendered":"<p>Att v\u00e4lja och planera in v\u00e4xter \u00e4r oftast det man\u00a0som tr\u00e4dg\u00e5rdsentusiast ser mest fram emot. Att v\u00e4lja v\u00e4xter blir\u00a0dock aktuellt f\u00f6rst ganska l\u00e5ngt fram i designprocessen. F\u00f6rst beh\u00f6vs sj\u00e4lva\u00a0planl\u00f6sningen, det vill s\u00e4ga att best\u00e4mma\u00a0var de olika funktionerna ska vara n\u00e5gonstans.\u00a0Placeringen av g\u00e5ngar, uteplatser, sandl\u00e5da,\u00a0torkvinda, tr\u00e4dg\u00e5rdsland, planteringsytor och annat som\u00a0du \u00f6nskar planeras f\u00f6rst in. N\u00e4r du\u00a0vet var de\u00a0ska ligga\u00a0och vilken funktion de ska\u00a0fylla \u00e4r det dags att v\u00e4lja v\u00e4xter och skapa vackra\u00a0kompositioner.<\/p>\n<div id=\"attachment_8219\" style=\"width: 710px\" class=\"wp-caption alignnone\"><img loading=\"lazy\" decoding=\"async\" aria-describedby=\"caption-attachment-8219\" class=\"size-large wp-image-8219\" src=\"http:\/\/rosenholm.se\/wp-content\/uploads\/2015\/09\/DSC_8241-700x428.jpg\" alt=\"St\u00e5tliga j\u00e4ttekungsljus, Verbascum olympicum, trivs i det soliga och magra l\u00e4get p\u00e5 Maryhills kullerstensg\u00e5rd i Lund. H\u00e4r frodas ocks\u00e5 m\u00e4ngder av andra \u00f6rter som villigt fr\u00f6s\u00e5r sig fr\u00e5n \u00e5r till \u00e5r. Bl\u00e5klint, gulm\u00e5ra, cikoria, bl\u00e5klockor, pr\u00e4stkragar och vallmo kan man till exempel ocks\u00e5 hitta i denna ljuvligt vackra blomstermatta som dock kr\u00e4ver mycket rensningsarbete f\u00f6r att h\u00e5llas i detta utomordentliga skick. Till h\u00f6ger i bilden syns vita och rosa stockrosor som v\u00e4xer upp l\u00e4ngs sidobyggnadens v\u00e4gg.\" width=\"700\" height=\"428\" srcset=\"https:\/\/rosenholm.se\/wp-content\/uploads\/2015\/09\/DSC_8241-350x214@2x.jpg 700w, https:\/\/rosenholm.se\/wp-content\/uploads\/2015\/09\/DSC_8241-250x153.jpg 250w, https:\/\/rosenholm.se\/wp-content\/uploads\/2015\/09\/DSC_8241-350x214.jpg 350w, https:\/\/rosenholm.se\/wp-content\/uploads\/2015\/09\/DSC_8241.jpg 728w, https:\/\/rosenholm.se\/wp-content\/uploads\/2015\/09\/DSC_8241-250x153@2x.jpg 500w\" sizes=\"auto, (max-width: 700px) 100vw, 700px\" \/><p id=\"caption-attachment-8219\" class=\"wp-caption-text\">St\u00e5tliga j\u00e4ttekungsljus, Verbascum olympicum, trivs i det soliga och magra l\u00e4get p\u00e5 Maryhills kullerstensg\u00e5rd i Lund. H\u00e4r frodas m\u00e4ngder av \u00f6rter som fr\u00f6s\u00e5r sig fr\u00e5n \u00e5r till \u00e5r. Bl\u00e5klint, gulm\u00e5ra, cikoria, bl\u00e5klockor, pr\u00e4stkragar och vallmo finns i denna ljuvliga blomstermatta som dock kr\u00e4ver mycket rensningsarbete. L\u00e4ngs v\u00e4ggen v\u00e4xer vita och rosa stockrosor.<\/p><\/div>\n<div id=\"attachment_8218\" style=\"width: 360px\" class=\"wp-caption alignright\"><img loading=\"lazy\" decoding=\"async\" aria-describedby=\"caption-attachment-8218\" class=\"size-medium wp-image-8218\" src=\"http:\/\/rosenholm.se\/wp-content\/uploads\/2015\/09\/DSC_0735-350x467.jpg\" alt=\"Bl\u00e5 bolltistel, Echinops bannaticus, och tr\u00e4dg\u00e5rdsgullris, Solidago Canadensis-gruppen, skapar en kontrastfull kombination vad g\u00e4ller b\u00e5de f\u00e4rg och form. Gullrisets t\u00e4ta blomst\u00e4llningar ger ocks\u00e5 en enhetlig och effektfull bakgrund till bolltistelns uppseendev\u00e4ckande taggiga sk\u00f6nhet som kommer b\u00e4st till sin r\u00e4tt n\u00e4r den kombineras med v\u00e4xter som inte \u00e4r lika i\u00f6gonfallande som den sj\u00e4lv \u00e4r.\" width=\"350\" height=\"467\" srcset=\"https:\/\/rosenholm.se\/wp-content\/uploads\/2015\/09\/DSC_0735-350x467.jpg 350w, https:\/\/rosenholm.se\/wp-content\/uploads\/2015\/09\/DSC_0735-188x250.jpg 188w, https:\/\/rosenholm.se\/wp-content\/uploads\/2015\/09\/DSC_0735-525x700.jpg 525w, https:\/\/rosenholm.se\/wp-content\/uploads\/2015\/09\/DSC_0735.jpg 546w, https:\/\/rosenholm.se\/wp-content\/uploads\/2015\/09\/DSC_0735-188x250@2x.jpg 376w\" sizes=\"auto, (max-width: 350px) 100vw, 350px\" \/><p id=\"caption-attachment-8218\" class=\"wp-caption-text\">Bl\u00e5 bolltistel, Echinops bannaticus, och tr\u00e4dg\u00e5rdsgullris, Solidago Canadensis-gruppen, kontrasterar effektfullt i form och\u00a0f\u00e4rg. Gullrisets t\u00e4ta blomst\u00e4llningar ger en enhetlig bakgrund till bolltistelns uppseendev\u00e4ckande taggiga sk\u00f6nhet.<\/p><\/div>\n<p>I det h\u00e4r kapitlet\u00a0f\u00e5r du tips om vad du b\u00f6r t\u00e4nka p\u00e5\u00a0n\u00e4r du v\u00e4ljer och kombinerar v\u00e4xter. Du f\u00e5r ocks\u00e5 f\u00f6rslag p\u00e5\u00a0designm\u00e4ssigt intressanta fler\u00e5riga v\u00e4xter f\u00f6r olika \u00e4ndam\u00e5l.\u00a0Det finns givetvis \u00e4ven m\u00e5nga ett\u00e5ringar som kan\u00a0f\u00f6rh\u00f6ja designen. De kan erbjuda extra\u00a0f\u00e4rgklickar och uppseendev\u00e4ckande former som ytterligare\u00a0framh\u00e4ver den mer permanenta l\u00f6sningen med perenner, buskar och tr\u00e4d. Ett\u00e5riga v\u00e4xter \u00e4r ocks\u00e5 utm\u00e4rkta att experimentera med\u00a0innan man har best\u00e4mt sig f\u00f6r stil, h\u00f6jd och f\u00e4rg f\u00f6r en\u00a0nyanlagd rabatt. Olika l\u00f6kv\u00e4xter, som antingen kommer igen\u00a0\u00e5r fr\u00e5n \u00e5r eller \u00e4r ett\u00e5riga, kan planteras mellan perenna\u00a0v\u00e4xter f\u00f6r att skapa fina effekter under en del av \u00e5ret.<\/p>\n<h5><a title=\"V\u00e4xternas behov\" href=\"http:\/\/rosenholm.se\/?page_id=8223\">V\u00c4XTERNAS BEHOV<\/a><\/h5>\n","protected":false},"excerpt":{"rendered":"<p>Att v\u00e4lja och planera in v\u00e4xter \u00e4r oftast det man\u00a0som tr\u00e4dg\u00e5rdsentusiast ser mest fram emot. Att v\u00e4lja v\u00e4xter blir\u00a0dock aktuellt f\u00f6rst ganska l\u00e5ngt fram i designprocessen. F\u00f6rst beh\u00f6vs sj\u00e4lva\u00a0planl\u00f6sningen, det&hellip; <\/p>\n","protected":false},"author":1,"featured_media":0,"parent":0,"menu_order":0,"comment_status":"closed","ping_status":"closed","template":"","meta":{"footnotes":""},"class_list":["post-8064","page","type-page","status-publish","hentry"],"_links":{"self":[{"href":"https:\/\/rosenholm.se\/index.php?rest_route=\/wp\/v2\/pages\/8064","targetHints":{"allow":["GET"]}}],"collection":[{"href":"https:\/\/rosenholm.se\/index.php?rest_route=\/wp\/v2\/pages"}],"about":[{"href":"https:\/\/rosenholm.se\/index.php?rest_route=\/wp\/v2\/types\/page"}],"author":[{"embeddable":true,"href":"https:\/\/rosenholm.se\/index.php?rest_route=\/wp\/v2\/users\/1"}],"replies":[{"embeddable":true,"href":"https:\/\/rosenholm.se\/index.php?rest_route=%2Fwp%2Fv2%2Fcomments&post=8064"}],"version-history":[{"count":14,"href":"https:\/\/rosenholm.se\/index.php?rest_route=\/wp\/v2\/pages\/8064\/revisions"}],"predecessor-version":[{"id":9687,"href":"https:\/\/rosenholm.se\/index.php?rest_route=\/wp\/v2\/pages\/8064\/revisions\/9687"}],"wp:attachment":[{"href":"https:\/\/rosenholm.se\/index.php?rest_route=%2Fwp%2Fv2%2Fmedia&parent=8064"}],"curies":[{"name":"wp","href":"https:\/\/api.w.org\/{rel}","templated":true}]}}