{"id":6802,"date":"2015-03-01T11:04:14","date_gmt":"2015-03-01T10:04:14","guid":{"rendered":"http:\/\/rosenholm.se\/?page_id=6802"},"modified":"2015-03-01T11:06:50","modified_gmt":"2015-03-01T10:06:50","slug":"gor-det-latt-i-sommartradgarden-elva-knep","status":"publish","type":"page","link":"https:\/\/rosenholm.se\/?page_id=6802","title":{"rendered":"G\u00f6r det l\u00e4tt i sommartr\u00e4dg\u00e5rden \u2013 elva knep"},"content":{"rendered":"<ul>\n<li>Anv\u00e4nd t\u00e5liga perenner, tr\u00e4d och buskar som klarar sig utan st\u00e4ndig tillsyn.<\/li>\n<li>Plantera m\u00e5nga perenner av varje sort tillsammans s\u00e5 att de t\u00e4cker marken och inte konkurrerar med varandra.<\/li>\n<li>V\u00e4lj v\u00e4xter som \u00e4r vackrast och blommar n\u00e4r du \u00e4r d\u00e4r och kan njuta av dem.<\/li>\n<li>G\u00f6dsla inte gr\u00e4smattan. Minska ist\u00e4llet g\u00e4rna n\u00e4ringsinneh\u00e5llet genom att ta bort gr\u00e4sklipp.<\/li>\n<li>Ett\u00e5ringar passar b\u00e4st i kruka. De \u00e4r bra komplement men kan aldrig ers\u00e4tta en trevlig tr\u00e4dg\u00e5rdsmilj\u00f6.<\/li>\n<li>Den b\u00e4sta uteplatsen \u00e4r en enkel utem\u00f6bel i gr\u00e4set under ett tr\u00e4d.<\/li>\n<li>Tr\u00e4d\u00e4ck \u00e4r l\u00e4ttare att underh\u00e5lla \u00e4n marksten, men b\u00f6r vara m\u00e5ttligt upph\u00f6jda ovan mark.<\/li>\n<li>Anlagda g\u00e5ngar och trappor \u00e4r sv\u00e5rsk\u00f6tta. Oftast g\u00e5r det lika bra med upptrampade stigar.<\/li>\n<li>Besk\u00e4r p\u00e5 sensommaren, men inte f\u00f6r h\u00e5rt. Se det som ett n\u00f6je.<\/li>\n<li>Kratta minimalt, det mesta har f\u00f6rsvunnit innan sommaren ens b\u00f6rjat. Om du absolut m\u00e5ste, f\u00f6s in l\u00f6ven under tr\u00e4d och buskar d\u00e4r de blir till naturlig g\u00f6dsel.<\/li>\n<li>K\u00e4mpa inte mot naturen. Framf\u00f6rallt, kom ih\u00e5g att det inte beh\u00f6ver vara perfekt f\u00f6r att man ska trivas.<\/li>\n<\/ul>\n<p><strong><a title=\"Sommarparadiset som sk\u00f6ter sig sj\u00e4lvt \u2013 n\u00e4stan\" href=\"http:\/\/rosenholm.se\/?page_id=6768\">Tillbaka<\/a><\/strong><\/p>\n","protected":false},"excerpt":{"rendered":"<p>Anv\u00e4nd t\u00e5liga perenner, tr\u00e4d och buskar som klarar sig utan st\u00e4ndig tillsyn. Plantera m\u00e5nga perenner av varje sort tillsammans s\u00e5 att de t\u00e4cker marken och inte konkurrerar med varandra. V\u00e4lj&hellip; <\/p>\n","protected":false},"author":1,"featured_media":0,"parent":0,"menu_order":0,"comment_status":"closed","ping_status":"closed","template":"","meta":{"footnotes":""},"class_list":["post-6802","page","type-page","status-publish","hentry"],"_links":{"self":[{"href":"https:\/\/rosenholm.se\/index.php?rest_route=\/wp\/v2\/pages\/6802","targetHints":{"allow":["GET"]}}],"collection":[{"href":"https:\/\/rosenholm.se\/index.php?rest_route=\/wp\/v2\/pages"}],"about":[{"href":"https:\/\/rosenholm.se\/index.php?rest_route=\/wp\/v2\/types\/page"}],"author":[{"embeddable":true,"href":"https:\/\/rosenholm.se\/index.php?rest_route=\/wp\/v2\/users\/1"}],"replies":[{"embeddable":true,"href":"https:\/\/rosenholm.se\/index.php?rest_route=%2Fwp%2Fv2%2Fcomments&post=6802"}],"version-history":[{"count":3,"href":"https:\/\/rosenholm.se\/index.php?rest_route=\/wp\/v2\/pages\/6802\/revisions"}],"predecessor-version":[{"id":6877,"href":"https:\/\/rosenholm.se\/index.php?rest_route=\/wp\/v2\/pages\/6802\/revisions\/6877"}],"wp:attachment":[{"href":"https:\/\/rosenholm.se\/index.php?rest_route=%2Fwp%2Fv2%2Fmedia&parent=6802"}],"curies":[{"name":"wp","href":"https:\/\/api.w.org\/{rel}","templated":true}]}}