{"id":580,"date":"2014-01-24T15:09:00","date_gmt":"2014-01-24T14:09:00","guid":{"rendered":"http:\/\/rosenholm.se\/?page_id=580"},"modified":"2020-05-18T22:42:04","modified_gmt":"2020-05-18T20:42:04","slug":"perenner-for-soliga-och-torra-lagen","status":"publish","type":"page","link":"https:\/\/rosenholm.se\/?page_id=580","title":{"rendered":"Perenner f\u00f6r soliga och torra l\u00e4gen"},"content":{"rendered":"<p lang=\"sv-SE\"><strong>Vad g\u00f6r man om man har en torr och solig s\u00f6dersida d\u00e4r inga v\u00e4xter verkar trivas? Gr\u00e4set blir brunt. Rosor, pioner och andra n\u00e4rings- och fukt\u00e4lskande v\u00e4xter slokar efter bara ett par dagar om man gl\u00f6mmer att passa dem med vatten.<\/strong><\/p>\n<p lang=\"sv-SE\"><em>Text: Ann-Christin Rosenholm<\/em><br \/>\n<em>Bild: Dan Rosenholm<\/em><\/p>\n<h5 lang=\"sv-SE\">L\u00e4tta att sk\u00f6ta<\/h5>\n<p lang=\"sv-SE\">S\u00e5 var det p\u00e5 v\u00e5r egen s\u00f6dersida innan vi efter n\u00e5gra \u00e5rs funderande som nyblivna tr\u00e4dg\u00e5rds\u00e4gare kom p\u00e5 l\u00f6sningen: Vi skulle s\u00e5 klart plantera v\u00e4xter som naturligt trivdes med f\u00f6rh\u00e5llandena. Och det var n\u00e4r vi gjorde det som sk\u00f6tseln av den h\u00e4r f\u00f6rut s\u00e5 kr\u00e4vande delen av tomten helt pl\u00f6tsligt blev enkel och l\u00e4tt.<\/p>\n<p lang=\"sv-SE\">De torkt\u00e5liga sol\u00e4lskande perennerna \u00e4r p\u00e5 m\u00e5nga s\u00e4tt l\u00e4ttare \u00e4n andra att sk\u00f6ta. Man kan \u00e5ka ifr\u00e5n dem p\u00e5 semester utan att beh\u00f6va oroa sig f\u00f6r att de torkar bort i f\u00f6rsta taget. Ofta \u00e4r de heller inte s\u00e4rskilt angel\u00e4gna om n\u00e4ring, m\u00e5nga m\u00e5r faktiskt b\u00e4ttre om jorden \u00e4r mager och inte alltf\u00f6r n\u00e4ringsrik. De \u00e4r med andra ord utm\u00e4rkta v\u00e4xter om man har ont om tid och vill kunna slarva med sk\u00f6tseln.<\/p>\n<h5 lang=\"sv-SE\">Sydeuropeiskt utseende<\/h5>\n<p lang=\"sv-SE\">M\u00e5nga v\u00e4xter som \u00e4r anpassade f\u00f6r att v\u00e4xa i soliga och torra milj\u00f6er har karakt\u00e4rer som g\u00f6r dem utm\u00e4rkta f\u00f6r planteringar med sydeuropeisk st\u00e4mning. Det finns till exempel m\u00e5nga perenner med blommor i bl\u00e5a nyanser som p\u00e5minner om Sydfrankrikes lavendelf\u00e4lt. En av dem \u00e4r, s\u00e5 klart, just lavendel som finns i m\u00e5nga sorter med lite olika f\u00e4rgnyanser p\u00e5 blommorna, men det finns dessutom flera andra som ger liknande associationer. Med kantnepeta, st\u00e4ppsalvia eller perovskia kan man ocks\u00e5 skapa sig sina egna lavendelbl\u00e5 f\u00e4lt hemma i tr\u00e4dg\u00e5rdens torra solstekta delar om man vill.<\/p>\n<p lang=\"sv-SE\">Blad som \u00e4r gr\u00e5a, silvriga, l\u00e4derartade, k\u00f6ttiga eller h\u00e5riga \u00e4r vanliga bland torkt\u00e5liga perenner. Ett s\u00e5nt utseende minskar avdunstningen och g\u00f6r allts\u00e5 att v\u00e4xten kan hush\u00e5lla med vatten p\u00e5 ett b\u00e4ttre s\u00e4tt. Just de silvriga och gr\u00e5 bladen g\u00f6r sig bra tillsammans med bl\u00e5, vita och blekgula blommor. Med silvrig mal\u00f6rt, lamm\u00f6ron eller ulleternell kan man skapa skimrande kompositioner tillsammans med st\u00e5lbl\u00e5 bolltistel, bl\u00e5lila anisisop, blekgula silverkungsljus och gulbladig oregano med bleklila blommor. Eller s\u00e5 kombinerar man silvret med m\u00f6rkbladig r\u00f6d k\u00e4rleks\u00f6rt \u2019Matrona\u2019 och f\u00e5r en helt annan karakt\u00e4r p\u00e5 planteringen. Kombinationsm\u00f6jligheterna \u00e4r stora och det finns m\u00e4ngder med perenner som trivs bra i de h\u00e4r f\u00f6rh\u00e5llandena. H\u00e4r presenterar vi n\u00e5gra av de vackraste och mest tacksamma att odla.<\/p>\n<div id=\"attachment_581\" style=\"width: 1010px\" class=\"wp-caption alignnone\"><a href=\"http:\/\/rosenholm.se\/wp-content\/uploads\/2014\/01\/DSC_5986.jpg\"><img loading=\"lazy\" decoding=\"async\" aria-describedby=\"caption-attachment-581\" class=\"size-full wp-image-581\" src=\"http:\/\/rosenholm.se\/wp-content\/uploads\/2014\/01\/DSC_5986.jpg\" alt=\"Lavendel, Lavandula angustifolia\" width=\"1000\" height=\"667\" srcset=\"https:\/\/rosenholm.se\/wp-content\/uploads\/2014\/01\/DSC_5986.jpg 1000w, https:\/\/rosenholm.se\/wp-content\/uploads\/2014\/01\/DSC_5986-256x170.jpg 256w, https:\/\/rosenholm.se\/wp-content\/uploads\/2014\/01\/DSC_5986-350x233.jpg 350w, https:\/\/rosenholm.se\/wp-content\/uploads\/2014\/01\/DSC_5986-512x341.jpg 512w\" sizes=\"auto, (max-width: 1000px) 100vw, 1000px\" \/><\/a><p id=\"caption-attachment-581\" class=\"wp-caption-text\">Lavendel, <em>Lavandula angustifolia<\/em><\/p><\/div>\n<p lang=\"sv-SE\">\u00a0Lavendel,\u00a0<i>Lavandula<\/i> <em>angustifolia<\/em>,<i> <\/i>\u00e4r en aromatisk halvbuske som kan anv\u00e4ndas b\u00e5de i rabatten och f\u00f6r infattningsh\u00e4ckar. F\u00f6r att inte bli gles ska den sk\u00e4ras ner ganska h\u00e5rt p\u00e5 v\u00e5ren just innan den b\u00f6rjar v\u00e4xa. Sorten \u2019Dwarf Blue\u2019 har violettbl\u00e5 blommor och betraktas som den h\u00e4rdigaste, men \u2019Munstead\u2019, som har liknande blomf\u00e4rg, \u00e4r ocks\u00e5 robust och g\u00e5r bra att odla \u00e5tminstone upp till Stockholmstrakten n\u00e4r v\u00e4xtplatsen \u00e4r v\u00e4ldr\u00e4nerad. Det finns \u00e4ven sorter med vita och svagt rosa blommor. Blommar i juli\u2013augusti och blir omkring 40 cm h\u00f6g.<\/p>\n<p lang=\"sv-SE\"><strong>L\u00e4s g\u00e4rna ocks\u00e5<\/strong><\/p>\n<h6 lang=\"sv-SE\"><a title=\"L\u00e5t ren\u00e4ssans och barock s\u00e4tta tonen\" href=\"https:\/\/rosenholm.se\/?page_id=5101\">L\u00e5t ren\u00e4ssans och barock s\u00e4tta tonen<\/a><\/h6>\n<div id=\"attachment_584\" style=\"width: 1010px\" class=\"wp-caption alignnone\"><a href=\"http:\/\/rosenholm.se\/wp-content\/uploads\/2014\/01\/D2X_0449.jpg\"><img loading=\"lazy\" decoding=\"async\" aria-describedby=\"caption-attachment-584\" class=\"size-full wp-image-584\" src=\"http:\/\/rosenholm.se\/wp-content\/uploads\/2014\/01\/D2X_0449.jpg\" alt=\"Kantnepeta Nepeta x faassenii \u2019Blue Wonder\u2019\" width=\"1000\" height=\"664\" srcset=\"https:\/\/rosenholm.se\/wp-content\/uploads\/2014\/01\/D2X_0449.jpg 1000w, https:\/\/rosenholm.se\/wp-content\/uploads\/2014\/01\/D2X_0449-256x169.jpg 256w, https:\/\/rosenholm.se\/wp-content\/uploads\/2014\/01\/D2X_0449-350x232.jpg 350w, https:\/\/rosenholm.se\/wp-content\/uploads\/2014\/01\/D2X_0449-512x339.jpg 512w\" sizes=\"auto, (max-width: 1000px) 100vw, 1000px\" \/><\/a><p id=\"caption-attachment-584\" class=\"wp-caption-text\">Kantnepeta <em>Nepeta<\/em> x <em>faassenii<\/em> \u2019Blue Wonder\u2019<\/p><\/div>\n<p>Kantnepeta,\u00a0<i>Nepeta <\/i>x <i>faassenii <\/i>\u2019Blue Wonder\u2019, har m\u00f6rkt bl\u00e5lila blommor. Sorterna \u2019Walker\u2019s Low\u2019 och \u2019Six Hills Giant\u2019 \u00e4r n\u00e5got ljusare i f\u00e4rgen. De har alla gr\u00e5gr\u00f6nt aromatiskt bladverk och \u00e4r omtyckta av bin, fj\u00e4rilar och katter. P\u00e5 h\u00e5ll \u00e4r v\u00e4xten p\u00e5fallande lik lavendel och \u00e4r ett bra alternativ f\u00f6r de nordligare delarna av landet. Blommar i juni\u2013juli och kan om plantan sk\u00e4rs in efter blomningen komma med ett andra mindre flor fram\u00e5t h\u00f6stkanten. H\u00f6jd 30\u201360 cm beroende p\u00e5 sort.<\/p>\n<div id=\"attachment_586\" style=\"width: 1010px\" class=\"wp-caption alignnone\"><a href=\"http:\/\/rosenholm.se\/wp-content\/uploads\/2014\/01\/D2X_7405.jpg\"><img loading=\"lazy\" decoding=\"async\" aria-describedby=\"caption-attachment-586\" class=\"size-full wp-image-586\" src=\"http:\/\/rosenholm.se\/wp-content\/uploads\/2014\/01\/D2X_7405.jpg\" alt=\"J\u00e4ttekungsljus, Verbascum olympicum\" width=\"1000\" height=\"667\" srcset=\"https:\/\/rosenholm.se\/wp-content\/uploads\/2014\/01\/D2X_7405.jpg 1000w, https:\/\/rosenholm.se\/wp-content\/uploads\/2014\/01\/D2X_7405-256x170.jpg 256w, https:\/\/rosenholm.se\/wp-content\/uploads\/2014\/01\/D2X_7405-350x233.jpg 350w, https:\/\/rosenholm.se\/wp-content\/uploads\/2014\/01\/D2X_7405-512x341.jpg 512w\" sizes=\"auto, (max-width: 1000px) 100vw, 1000px\" \/><\/a><p id=\"caption-attachment-586\" class=\"wp-caption-text\">J\u00e4ttekungsljus, <em>Verbascum olympicum<\/em><\/p><\/div>\n<p>J\u00e4ttekungsljus,\u00a0<i>Verbascum<\/i> <em>olympicum<\/em>,<i> <\/i>ger med sina m\u00e5nga sm\u00e5 gula blommor samlade i l\u00e5nga ax p\u00e5 den flergrenade stj\u00e4lken intryck av en stor ljuskandelaber, d\u00e4rav namnet. J\u00e4ttekungsljuset \u00e4r tv\u00e5\u00e5rigt men fr\u00f6s\u00e5r sig ivrigt s\u00e5 att man hela tiden f\u00e5r nya plantor. Den kan odlas i st\u00f6rre delen av landet bara v\u00e4xtplatsen \u00e4r v\u00e4ldr\u00e4nerad. Blommar i juli\u2013augusti. Under goda f\u00f6rh\u00e5llanden kan den bli mer \u00e4n 2 m h\u00f6g. Silverkungsljus,\u00a0<i>V. Bombyciferum<\/i>, \u00e4r en annan art som f\u00e5r blekgula blommor och har silverludet bladverk.<\/p>\n<div id=\"attachment_589\" style=\"width: 1010px\" class=\"wp-caption alignnone\"><a href=\"http:\/\/rosenholm.se\/wp-content\/uploads\/2014\/01\/DSC_0728.jpg\"><img loading=\"lazy\" decoding=\"async\" aria-describedby=\"caption-attachment-589\" class=\"size-full wp-image-589\" src=\"http:\/\/rosenholm.se\/wp-content\/uploads\/2014\/01\/DSC_0728.jpg\" alt=\"Bl\u00e5 bolltistel, Echinops bannaticus\" width=\"1000\" height=\"652\" srcset=\"https:\/\/rosenholm.se\/wp-content\/uploads\/2014\/01\/DSC_0728.jpg 1000w, https:\/\/rosenholm.se\/wp-content\/uploads\/2014\/01\/DSC_0728-256x166.jpg 256w, https:\/\/rosenholm.se\/wp-content\/uploads\/2014\/01\/DSC_0728-350x228.jpg 350w, https:\/\/rosenholm.se\/wp-content\/uploads\/2014\/01\/DSC_0728-512x333.jpg 512w\" sizes=\"auto, (max-width: 1000px) 100vw, 1000px\" \/><\/a><p id=\"caption-attachment-589\" class=\"wp-caption-text\">Bl\u00e5 bolltistel, Echinops bannaticus<\/p><\/div>\n<p>Bl\u00e5 bolltistel,\u00a0<i>Echinops bannaticus,\u00a0<\/i>\u00e4r l\u00e4ttodlad och kan v\u00e4xa i n\u00e4stan vilken jord som helst, men utvecklas allra b\u00e4st i v\u00e4ldr\u00e4nerad jord och full sol. Den f\u00e5r taggiga blad och p\u00e5minner om en tistel i v\u00e4xts\u00e4ttet. Kan \u00f6vervintra \u00e4nda upp i zon 8 om v\u00e4xtplatsen \u00e4r v\u00e4ldr\u00e4nerad. Det \u00e4r en l\u00e5nglivad perenn som har odlats i Sverige \u00e4nda sedan 1600-talet och det \u00e4r inte ovanligt att man hittar den vid gamla \u00f6vergivna torp. De uppseendev\u00e4ckande taggiga blomkorgarna pryder sin plats i rabatten l\u00e5ngt innan de bl\u00e5 blommorna sl\u00e5r ut i augusti. Den blir omkring 1 m h\u00f6g.<\/p>\n<div id=\"attachment_597\" style=\"width: 310px\" class=\"wp-caption alignright\"><a href=\"http:\/\/rosenholm.se\/wp-content\/uploads\/2014\/01\/DSCN0887.jpg\"><img loading=\"lazy\" decoding=\"async\" aria-describedby=\"caption-attachment-597\" class=\"size-large wp-image-597\" src=\"http:\/\/rosenholm.se\/wp-content\/uploads\/2014\/01\/DSCN0887-300x400.jpg\" alt=\"R\u00f6llika, Achillea \u2019Moonshine\u2019, Perovskia \u2019Blue Spire\u2019 och Kungsmynta. Origanum vulgare \u2019Tumble\u00b4s Variety\u2019\" width=\"300\" height=\"400\" srcset=\"https:\/\/rosenholm.se\/wp-content\/uploads\/2014\/01\/DSCN0887-300x400.jpg 300w, https:\/\/rosenholm.se\/wp-content\/uploads\/2014\/01\/DSCN0887-192x256.jpg 192w, https:\/\/rosenholm.se\/wp-content\/uploads\/2014\/01\/DSCN0887-262x350.jpg 262w, https:\/\/rosenholm.se\/wp-content\/uploads\/2014\/01\/DSCN0887.jpg 750w\" sizes=\"auto, (max-width: 300px) 100vw, 300px\" \/><\/a><p id=\"caption-attachment-597\" class=\"wp-caption-text\">R\u00f6llika, Achillea \u2019Moonshine\u2019, Perovskia \u2019Blue Spire\u2019 och Kungsmynta. Origanum vulgare \u2019Tumble\u00b4s Variety\u2019<\/p><\/div>\n<p>Perovskia,\u00a0<i>Perovskia <\/i>\u2019Blue Spire\u2019, \u00e4r en uppr\u00e4ttv\u00e4xande luden halvbuske med aromatiska gr\u00e5gr\u00f6na blad. Den r\u00e4knas som halvh\u00e4rdig och t\u00e5l inte vinterfukt. Hos oss i zon 3 fryser den ner n\u00e4stan helt p\u00e5 vintern, men kommer troget med nya skott varje v\u00e5r. N\u00e4r de bl\u00e5lila blomspirorna sl\u00e5r ut i augusti\u2013september \u00e4r den som tjusigast. Sedan har de silvergr\u00e5 vissnade stj\u00e4lkarna sk\u00f6nhetsv\u00e4rde in p\u00e5 vintern. Den blir ungef\u00e4r 80 cm h\u00f6g.<\/p>\n<p>R\u00f6llika,\u00a0<i>Achillea\u00a0<\/i>\u2019Moonshine\u2019 doftar kryddigt och har finflikiga, gr\u00e5gr\u00f6na blad. Den h\u00e4r sorten f\u00e5r m\u00e5nskensgula h\u00e5llbara blommor i juli\u2013augusti. Det finns m\u00e5nga andra fina r\u00f6llikasorter med blommor i olika gula, r\u00f6da och terrakottaf\u00e4rgade nyanser. G\u00e5r att odla l\u00e5ngt upp i norr om v\u00e4xtplatsen \u00e4r v\u00e4ldr\u00e4nerad. Sorten p\u00e5 bilden blir ca 50 cm h\u00f6g.<\/p>\n<p>Kungsmynta.\u00a0<i>Origanum vulgare\u00a0<\/i>\u2019Tumble\u00b4s Variety\u2019. har limegula blad och \u00e4r liksom vanliga kungsmyntor starkt aromatisk. Den \u00e4r l\u00e4ttodlad och tacksam och kan odlas i hela landet. Blommorna \u00e4r bleklila och kommer i juli \u2013 augusti. Just den h\u00e4r sorten blir bara ca 20 cm h\u00f6g medan arten blir 50\u201370 cm.<\/p>\n<div id=\"attachment_599\" style=\"width: 1010px\" class=\"wp-caption alignnone\"><a href=\"http:\/\/rosenholm.se\/wp-content\/uploads\/2014\/01\/DSCN7357.jpg\"><img loading=\"lazy\" decoding=\"async\" aria-describedby=\"caption-attachment-599\" class=\"size-full wp-image-599\" src=\"http:\/\/rosenholm.se\/wp-content\/uploads\/2014\/01\/DSCN7357.jpg\" alt=\"Vitmal\u00f6rt, Artemisia ludoviciana \u2019Silver Queen\u2019 och St\u00e4ppsalvia\" width=\"1000\" height=\"580\" srcset=\"https:\/\/rosenholm.se\/wp-content\/uploads\/2014\/01\/DSCN7357.jpg 1000w, https:\/\/rosenholm.se\/wp-content\/uploads\/2014\/01\/DSCN7357-256x148.jpg 256w, https:\/\/rosenholm.se\/wp-content\/uploads\/2014\/01\/DSCN7357-350x203.jpg 350w, https:\/\/rosenholm.se\/wp-content\/uploads\/2014\/01\/DSCN7357-512x296.jpg 512w\" sizes=\"auto, (max-width: 1000px) 100vw, 1000px\" \/><\/a><p id=\"caption-attachment-599\" class=\"wp-caption-text\">Vitmal\u00f6rt, Artemisia ludoviciana \u2019Silver Queen\u2019 och St\u00e4ppsalvia<\/p><\/div>\n<p>V<span style=\"line-height: 1.5em;\">itmal\u00f6rt,\u00a0<\/span><i style=\"line-height: 1.5em;\">Artemisia ludoviciana <\/i><span style=\"line-height: 1.5em;\">\u2019Silver Queen\u2019, har gr\u00e5ludna, aromatiska blad som kontrasterar vackert mot blommor i de flesta f\u00e4rger. P\u00e5 bilden syns den tillsammans med bl\u00e5lila st\u00e4ppsalvia. Den sj\u00e4lvs\u00e5r sig ivrigt s\u00e5 man brukar f\u00e5 rensa bort lite av den emellan\u00e5t. R\u00e4knas som halvh\u00e4rdig och blir 50\u201375 cm h\u00f6g.<\/span><\/p>\n<div id=\"attachment_619\" style=\"width: 330px\" class=\"wp-caption alignright\"><a href=\"http:\/\/rosenholm.se\/wp-content\/uploads\/2014\/01\/D2X_5620.jpg\"><img loading=\"lazy\" decoding=\"async\" aria-describedby=\"caption-attachment-619\" class=\"size-large wp-image-619\" src=\"http:\/\/rosenholm.se\/wp-content\/uploads\/2014\/01\/D2X_5620-320x400.jpg\" alt=\"St\u00e4ppsalvia, Salvia nemorosa \u2019Amethyst\u2019, Grekv\u00e4dd, Knautia macedonica\" width=\"320\" height=\"400\" srcset=\"https:\/\/rosenholm.se\/wp-content\/uploads\/2014\/01\/D2X_5620-320x400.jpg 320w, https:\/\/rosenholm.se\/wp-content\/uploads\/2014\/01\/D2X_5620-204x256.jpg 204w, https:\/\/rosenholm.se\/wp-content\/uploads\/2014\/01\/D2X_5620-280x350.jpg 280w, https:\/\/rosenholm.se\/wp-content\/uploads\/2014\/01\/D2X_5620.jpg 800w\" sizes=\"auto, (max-width: 320px) 100vw, 320px\" \/><\/a><p id=\"caption-attachment-619\" class=\"wp-caption-text\">St\u00e4ppsalvia, Salvia nemorosa \u2019Amethyst\u2019, Grekv\u00e4dd, Knautia macedonica<\/p><\/div>\n<p>St\u00e4ppsalvia,\u00a0<i>Salvia nemorosa <\/i>\u2019Amethyst\u2019, har en tjusig violettrosa f\u00e4rg som skiljer sig fr\u00e5n st\u00e4ppsalvians vanliga bl\u00e5lila f\u00e4rger. \u2019Ostfriesland\u2019 och \u2019Mainacht\u2019 \u00e4r gamla sorter som har m\u00f6rkt bl\u00e5violetta respektive djupbl\u00e5 blommor. Den nyare sorten \u2019Caradonna\u2019 har riktigt m\u00f6rkvioletta blommor och i\u00f6gonfallande m\u00f6rka stj\u00e4lkar. \u2019Porzellan\u2019 \u00e4r en sort med vita blommor. St\u00e4ppsalvior r\u00e4knas som halvh\u00e4rdiga och fryser l\u00e4tt bort om jorden \u00e4r f\u00f6r fuktig. De \u00e4r aromatiska och blommar i juli. Om de sk\u00e4rs tillbaka just innan de blommat \u00f6ver, kan man f\u00e5 en andra blomningsperiod i september. H\u00f6jden ligger runt 40 cm f\u00f6r de flesta sorterna. \u2019Amethyst\u2019 och \u2019Caradonna\u2019 blir n\u00e5got h\u00f6gre, ca 60 cm.<\/p>\n<p>Grekv\u00e4dd,\u00a0<i>Knautia macedonica,\u00a0<\/i>har ett glest och skirt v\u00e4xts\u00e4tt. Den g\u00f6r sig b\u00e4st inne bland andra v\u00e4xter, som h\u00e4r i havet av st\u00e4ppsalvia. G\u00e5r bra i de flesta jordar, men f\u00f6redrar s\u00e5dana som \u00e4r \u00e5t det torra h\u00e5llet. R\u00e4knas som halvh\u00e4rdig. De m\u00f6rkr\u00f6da blomknapparna tycks n\u00e4stan sv\u00e4va fritt d\u00e4r de vajar p\u00e5 n\u00e5got veka stj\u00e4lkar. Har l\u00e5ng och rik blomning som infaller under juli\u2013september. H\u00f6jd 50\u201370 cm.<\/p>\n<div id=\"attachment_609\" style=\"width: 330px\" class=\"wp-caption alignright\"><a href=\"http:\/\/rosenholm.se\/wp-content\/uploads\/2014\/01\/D2X_3571.jpg\"><img loading=\"lazy\" decoding=\"async\" aria-describedby=\"caption-attachment-609\" class=\"size-large wp-image-609\" src=\"http:\/\/rosenholm.se\/wp-content\/uploads\/2014\/01\/D2X_3571-320x400.jpg\" alt=\"Alpmartorn, Eryngium alpinum\" width=\"320\" height=\"400\" srcset=\"https:\/\/rosenholm.se\/wp-content\/uploads\/2014\/01\/D2X_3571-320x400.jpg 320w, https:\/\/rosenholm.se\/wp-content\/uploads\/2014\/01\/D2X_3571-204x256.jpg 204w, https:\/\/rosenholm.se\/wp-content\/uploads\/2014\/01\/D2X_3571-280x350.jpg 280w, https:\/\/rosenholm.se\/wp-content\/uploads\/2014\/01\/D2X_3571.jpg 800w\" sizes=\"auto, (max-width: 320px) 100vw, 320px\" \/><\/a><p id=\"caption-attachment-609\" class=\"wp-caption-text\">Alpmartorn, Eryngium alpinum<\/p><\/div>\n<p style=\"text-align: left;\" align=\"JUSTIFY\">Alpmartorn,\u00a0<i>Eryngium alpinum,<\/i> \u00e4r bed\u00e5rande i sin st\u00e5lbl\u00e5 taggighet. Blommornas f\u00e4rg blir som snyggast n\u00e4r jorden \u00e4r b\u00e5de mager och torr. \u00c4r tistellik i v\u00e4xts\u00e4ttet trots att det inte \u00e4r n\u00e5gon tistel. Det finns n\u00e5gra olika sorter med lite varierande f\u00e4rgnyans och utseende. Den \u00e4r l\u00e4ttodlad och mycket h\u00e4rdig. Blommar i juli \u2013 augusti och blir omkring 70 cm h\u00f6g.<\/p>\n<p><span style=\"line-height: 1.5em;\">\u00a0<strong>L\u00e4s g\u00e4rna ocks\u00e5<\/strong><\/span><\/p>\n<h6><a title=\"Silver och vitt\" href=\"http:\/\/rosenholm.se\/?page_id=2150\">Silver och vitt<\/a><\/h6>\n","protected":false},"excerpt":{"rendered":"<p>Vad g\u00f6r man om man har en torr och solig s\u00f6dersida d\u00e4r inga v\u00e4xter verkar trivas? Gr\u00e4set blir brunt. Rosor, pioner och andra n\u00e4rings- och fukt\u00e4lskande v\u00e4xter slokar efter bara&hellip; <\/p>\n","protected":false},"author":1,"featured_media":0,"parent":362,"menu_order":0,"comment_status":"closed","ping_status":"closed","template":"","meta":{"footnotes":""},"class_list":["post-580","page","type-page","status-publish","hentry"],"_links":{"self":[{"href":"https:\/\/rosenholm.se\/index.php?rest_route=\/wp\/v2\/pages\/580","targetHints":{"allow":["GET"]}}],"collection":[{"href":"https:\/\/rosenholm.se\/index.php?rest_route=\/wp\/v2\/pages"}],"about":[{"href":"https:\/\/rosenholm.se\/index.php?rest_route=\/wp\/v2\/types\/page"}],"author":[{"embeddable":true,"href":"https:\/\/rosenholm.se\/index.php?rest_route=\/wp\/v2\/users\/1"}],"replies":[{"embeddable":true,"href":"https:\/\/rosenholm.se\/index.php?rest_route=%2Fwp%2Fv2%2Fcomments&post=580"}],"version-history":[{"count":47,"href":"https:\/\/rosenholm.se\/index.php?rest_route=\/wp\/v2\/pages\/580\/revisions"}],"predecessor-version":[{"id":12134,"href":"https:\/\/rosenholm.se\/index.php?rest_route=\/wp\/v2\/pages\/580\/revisions\/12134"}],"up":[{"embeddable":true,"href":"https:\/\/rosenholm.se\/index.php?rest_route=\/wp\/v2\/pages\/362"}],"wp:attachment":[{"href":"https:\/\/rosenholm.se\/index.php?rest_route=%2Fwp%2Fv2%2Fmedia&parent=580"}],"curies":[{"name":"wp","href":"https:\/\/api.w.org\/{rel}","templated":true}]}}