{"id":4363,"date":"2014-05-18T22:28:24","date_gmt":"2014-05-18T20:28:24","guid":{"rendered":"http:\/\/rosenholm.se\/?page_id=4363"},"modified":"2020-05-06T18:33:28","modified_gmt":"2020-05-06T16:33:28","slug":"tio-taliga-rosor","status":"publish","type":"page","link":"https:\/\/rosenholm.se\/?page_id=4363","title":{"rendered":"Tio t\u00e5liga rosor"},"content":{"rendered":"<p><em>Text och bild: Dan Rosenholm<\/em><\/p>\n<p>Rosor \u00e4r vackra men besv\u00e4rliga att odla, s\u00e5 tycker nog de flesta som har pr\u00f6vat. N\u00e4r det g\u00e4ller typiska, moderna rosor som man k\u00f6per i handeln idag s\u00e5 \u00e4r det i allm\u00e4nhet sant. De \u00e4r oftast f\u00f6r\u00e4dlade f\u00f6r att passa typiskt tyskt eller engelskt klimat. I Sverige trivs de b\u00e4st p\u00e5 god mark i de sydligaste delarna, men \u00e4ven d\u00e4r m\u00e5ste man ofta anstr\u00e4nga sig lite extra f\u00f6r att h\u00e5lla dem vackra.<\/p>\n<p>Som tur \u00e4r finns det ett ganska stort antal sk\u00f6na rosor som inte alls \u00e4r knepiga att ha att g\u00f6ra med. M\u00e5nga av de l\u00e4ttsammaste \u00e4r samtidigt v\u00e4ldigt h\u00e4rdiga, en hel del t\u00e5l att st\u00e5 ganska skuggigt och i m\u00e5ttligt god jord. Generellt sett \u00e4r gammaldags rosor, det vill s\u00e4ga de som har sitt ursprung fr\u00e5n f\u00f6re 1867 d\u00e5 tehybriden \u2019La France\u2019 introducerades, de som \u00e4r t\u00e5ligast. Men det finns \u00e4ven en del moderna rosor som inte ger allt f\u00f6r mycket besv\u00e4r.<\/p>\n<p>En sak \u00e4r dock gemensamt f\u00f6r alla garanterat l\u00e4ttodlade rosor, de har varit i odling l\u00e4nge. Anledningen \u00e4r enkel, det \u00e4r f\u00f6rst n\u00e4r det g\u00e5tt femtio \u00e5r eller s\u00e5 som man kan vara helt s\u00e4ker p\u00e5 att rosor fungerar riktigt bra i v\u00e5rt klimat. Det \u00e4r de robusta rosorna som \u00f6verlevt tidens tand, de andra har g\u00e5tt under. S\u00e5, f\u00f6r dig som gillar rosor men inte gillar problem, vars\u00e5god h\u00e4r kommer tio f\u00f6rslag.<\/p>\n<div id=\"attachment_4366\" style=\"width: 360px\" class=\"wp-caption alignright\"><img loading=\"lazy\" decoding=\"async\" aria-describedby=\"caption-attachment-4366\" class=\"size-large wp-image-4366\" src=\"http:\/\/rosenholm.se\/wp-content\/uploads\/2014\/05\/D2X_1340-350x525.jpg\" alt=\"Albaros, Rosa \u2019Mme Plantier\u2019 \" width=\"350\" height=\"525\" srcset=\"https:\/\/rosenholm.se\/wp-content\/uploads\/2014\/05\/D2X_1340-350x525.jpg 350w, https:\/\/rosenholm.se\/wp-content\/uploads\/2014\/05\/D2X_1340-166x250.jpg 166w, https:\/\/rosenholm.se\/wp-content\/uploads\/2014\/05\/D2X_1340-320x480.jpg 320w, https:\/\/rosenholm.se\/wp-content\/uploads\/2014\/05\/D2X_1340.jpg 485w, https:\/\/rosenholm.se\/wp-content\/uploads\/2014\/05\/D2X_1340-166x250@2x.jpg 332w\" sizes=\"auto, (max-width: 350px) 100vw, 350px\" \/><p id=\"caption-attachment-4366\" class=\"wp-caption-text\">Albaros, Rosa \u2019Mme Plantier\u2019<\/p><\/div>\n<p>Jungfrurosor \u00e4r ofta l\u00e4ttodlade och t\u00e5liga, och \u2019Mme Plantier\u2019 \u00e4r ett av de allra b\u00e4sta exemplen. Att den samtidigt kan vara s\u00e5 vacker och blomma s\u00e5 ymnigt verkar n\u00e4stan ofattbart. Den k\u00e4nde tr\u00e4dg\u00e5rdsm\u00e4staren Plantier p\u00e5 slottet Malmaison i Frankrike var ocks\u00e5 rosf\u00f6r\u00e4dlare. Sin allra finaste ros fr\u00e5n 1835 d\u00f6pte han efter sin fru \u2019Mme Plantier\u2019. Den kan v\u00e4xa upp till ett par meters h\u00f6jd och tack vare att den har l\u00e5nga veka grenar f\u00e5r den ett vackert \u00f6verh\u00e4ng n\u00e4r den v\u00e4xer fritt. Har endast mycket f\u00e5 taggar och kan ocks\u00e5 anv\u00e4ndas som kl\u00e4tterros. Den blommar rikligt fr\u00e5n slutet av juni och en m\u00e5nad fram\u00e5t. Doftar starkt och gott. Den \u00e4r anspr\u00e5ksl\u00f6s, skuggt\u00e5lig och kan till och med odlas mot norrv\u00e4ggar. H\u00e4rdig upp till zon 5.<\/p>\n<div id=\"attachment_4368\" style=\"width: 738px\" class=\"wp-caption alignnone\"><img loading=\"lazy\" decoding=\"async\" aria-describedby=\"caption-attachment-4368\" class=\"size-full wp-image-4368\" src=\"http:\/\/rosenholm.se\/wp-content\/uploads\/2014\/05\/D2X_0246.jpg\" alt=\"Soulieanaros, Rosa soulieana,  'Chevy Chase'\" width=\"728\" height=\"410\" srcset=\"https:\/\/rosenholm.se\/wp-content\/uploads\/2014\/05\/D2X_0246.jpg 728w, https:\/\/rosenholm.se\/wp-content\/uploads\/2014\/05\/D2X_0246-250x140.jpg 250w, https:\/\/rosenholm.se\/wp-content\/uploads\/2014\/05\/D2X_0246-320x180.jpg 320w, https:\/\/rosenholm.se\/wp-content\/uploads\/2014\/05\/D2X_0246-350x197.jpg 350w, https:\/\/rosenholm.se\/wp-content\/uploads\/2014\/05\/D2X_0246-250x140@2x.jpg 500w, https:\/\/rosenholm.se\/wp-content\/uploads\/2014\/05\/D2X_0246-320x180@2x.jpg 640w, https:\/\/rosenholm.se\/wp-content\/uploads\/2014\/05\/D2X_0246-350x197@2x.jpg 700w\" sizes=\"auto, (max-width: 728px) 100vw, 728px\" \/><p id=\"caption-attachment-4368\" class=\"wp-caption-text\">Soulieanaros, Rosa soulieana &#8217;Chevy Chase&#8217;<\/p><\/div>\n<p>Alldeles i slutet av 1800-talet hittade den franske uppt\u00e4cktsresande abboten Jean Andr\u00e9 Souli\u00e9 en ny rosart i det kinesiska distriktet Sichuan. Den kom att d\u00f6pas efter honom till Rosa soulieana, vilket blivit soulieanaros p\u00e5 svenska. S\u00e4rskilt h\u00e4rdiga kan man inte p\u00e5st\u00e5 att de \u00e4r, som art betraktad. Men det har fallit sig s\u00e5 att en mycket vacker hybrid, som dessutom \u00e4r l\u00e4tt att sk\u00f6ta i de sydliga delarna av Sverige, har funnit v\u00e4garna hit. Namnet \u00e4r &#8217;Chevy Chase&#8217;. Den \u00e4r frisk, skuggt\u00e5lig och passar bra efter v\u00e4ggar eller i pergolor och rosenb\u00e5gar. Blommar under minst en m\u00e5nad i juli\u2013augusti, blir ungef\u00e4r 3 meter h\u00f6g och klarar zon 3.<\/p>\n<div id=\"attachment_4381\" style=\"width: 360px\" class=\"wp-caption alignright\"><img loading=\"lazy\" decoding=\"async\" aria-describedby=\"caption-attachment-4381\" class=\"size-large wp-image-4381\" src=\"http:\/\/rosenholm.se\/wp-content\/uploads\/2014\/05\/D2X_3263-350x437.jpg\" alt=\"Floribundaros, Rosa \u2018Jan Spek\u2019\" width=\"350\" height=\"437\" srcset=\"https:\/\/rosenholm.se\/wp-content\/uploads\/2014\/05\/D2X_3263-350x437.jpg 350w, https:\/\/rosenholm.se\/wp-content\/uploads\/2014\/05\/D2X_3263-320x400.jpg 320w, https:\/\/rosenholm.se\/wp-content\/uploads\/2014\/05\/D2X_3263.jpg 582w\" sizes=\"auto, (max-width: 350px) 100vw, 350px\" \/><p id=\"caption-attachment-4381\" class=\"wp-caption-text\">Floribundaros, Rosa \u2018Jan Spek\u2019<\/p><\/div>\n<p>Floribundarosen \u2018Jan Spek\u2019 \u00e4r n\u00e5got s\u00e5 ovanligt som en ros framtagen p\u00e5 Nya Zeeland. Varken gula rosor eller st\u00e4ndigblommande floribundor har gjort sig k\u00e4nda f\u00f6r att vara speciellt l\u00e4ttsk\u00f6tta men det mesta tyder p\u00e5 att \u2019Jan Spek\u2019 \u00e4r en ovanligt tuff typ. Verkar bli lite st\u00f6rre \u00e4n de flesta andra rosor i samma grupp, upp\u00e5t en meter. L\u00e4ttodlade rosor v\u00e4xer ofta lite kraftigare \u00e4n andra. Blommar fr\u00e5n slutet av juni till l\u00e5ngt fram p\u00e5 h\u00f6sten och klarar zon 5.<\/p>\n<div id=\"attachment_4370\" style=\"width: 360px\" class=\"wp-caption alignright\"><img loading=\"lazy\" decoding=\"async\" aria-describedby=\"caption-attachment-4370\" class=\"size-large wp-image-4370\" src=\"http:\/\/rosenholm.se\/wp-content\/uploads\/2014\/05\/D2X_2233-1--350x466.jpg\" alt=\"Rugosaros, Rosa 'Hansa'\" width=\"350\" height=\"466\" srcset=\"https:\/\/rosenholm.se\/wp-content\/uploads\/2014\/05\/D2X_2233-1--350x466.jpg 350w, https:\/\/rosenholm.se\/wp-content\/uploads\/2014\/05\/D2X_2233-1--187x250.jpg 187w, https:\/\/rosenholm.se\/wp-content\/uploads\/2014\/05\/D2X_2233-1--320x426.jpg 320w, https:\/\/rosenholm.se\/wp-content\/uploads\/2014\/05\/D2X_2233-1-.jpg 546w, https:\/\/rosenholm.se\/wp-content\/uploads\/2014\/05\/D2X_2233-1--187x250@2x.jpg 374w\" sizes=\"auto, (max-width: 350px) 100vw, 350px\" \/><p id=\"caption-attachment-4370\" class=\"wp-caption-text\">Rugosaros, Rosa &#8217;Hansa&#8217;<\/p><\/div>\n<p>Beh\u00f6ver man en ros som doftar gott, v\u00e4xer vackert, blommar n\u00e4stan oavbrutet fr\u00e5n juni till sent p\u00e5 h\u00f6sten och klarar sig till zon 8, d\u00e5 \u00e4r det rugosarosen &#8217;Hansa&#8217; som g\u00e4ller. Det var alldeles i b\u00f6rjan av 1900-talet som tv\u00e5 holl\u00e4ndare vid namn Schaum och van Tol tog fram \u2019Hansa\u2019. Trots att f\u00f6r\u00e4ldrarna \u00e4r ok\u00e4nda beh\u00f6ver man inte tvivla p\u00e5 att det \u00e4r en rugosa-ros, den \u00e4r p\u00e5 alla s\u00e4tt typisk f\u00f6r gruppen. Kan bli upp till tv\u00e5 meter h\u00f6g och omf\u00e5ngsrik \u00e4ven l\u00e5ngt norrut i landet. F\u00f6rutom enast\u00e5ende h\u00e4rdighet s\u00e5 \u00e4r den allm\u00e4nt l\u00e4ttodlad, frisk och trivs p\u00e5 magra, torra jordar. I b\u00f6cker st\u00e5r det att den kan besk\u00e4ras med sl\u00e5ttermaskin. Oj oj, t\u00e4nk att det finns s\u00e5dana rosor.<\/p>\n<div id=\"attachment_4371\" style=\"width: 738px\" class=\"wp-caption alignnone\"><img loading=\"lazy\" decoding=\"async\" aria-describedby=\"caption-attachment-4371\" class=\"size-full wp-image-4371\" src=\"http:\/\/rosenholm.se\/wp-content\/uploads\/2014\/05\/D2X_0086.jpg\" alt=\"Polkagrisros, Rosa 'Rosa Mundi'\" width=\"728\" height=\"485\" srcset=\"https:\/\/rosenholm.se\/wp-content\/uploads\/2014\/05\/D2X_0086.jpg 728w, https:\/\/rosenholm.se\/wp-content\/uploads\/2014\/05\/D2X_0086-250x166.jpg 250w, https:\/\/rosenholm.se\/wp-content\/uploads\/2014\/05\/D2X_0086-320x213.jpg 320w, https:\/\/rosenholm.se\/wp-content\/uploads\/2014\/05\/D2X_0086-350x233.jpg 350w, https:\/\/rosenholm.se\/wp-content\/uploads\/2014\/05\/D2X_0086-250x166@2x.jpg 500w, https:\/\/rosenholm.se\/wp-content\/uploads\/2014\/05\/D2X_0086-320x213@2x.jpg 640w, https:\/\/rosenholm.se\/wp-content\/uploads\/2014\/05\/D2X_0086-350x233@2x.jpg 700w\" sizes=\"auto, (max-width: 728px) 100vw, 728px\" \/><p id=\"caption-attachment-4371\" class=\"wp-caption-text\">Polkagrisros, Rosa &#8217;Rosa Mundi&#8217;<\/p><\/div>\n<p>Numera finns det m\u00e5nga olika rosa-vit strimmiga rosor, men klassikern inom omr\u00e5det \u00e4r polkagrisrosen &#8217;Rosa Mundi&#8217;. Den doftar gott och mycket, vilket inte \u00e4r s\u00e5 konstigt eftersom den \u00e4r i princip identisk med apotekarrosen &#8217;Officinalis&#8217; som ursprungligen anv\u00e4ndes i Frankrike f\u00f6r parfym, salvor, marmelad och annat som har med doft att g\u00f6ra. Polkagrisrosen blir lite \u00f6ver en meter h\u00f6g. F\u00f6rutom att vara snygg och v\u00e4ldoftande s\u00e5 \u00e4r den skuggt\u00e5lig, l\u00e4ttodlad, v\u00e4xer bra p\u00e5 magra jordar, kan klippas med h\u00e4cksax och \u00e4r h\u00e4rdig till zon 5 eller 6.<\/p>\n<div id=\"attachment_4373\" style=\"width: 360px\" class=\"wp-caption alignright\"><img loading=\"lazy\" decoding=\"async\" aria-describedby=\"caption-attachment-4373\" class=\"size-large wp-image-4373\" src=\"http:\/\/rosenholm.se\/wp-content\/uploads\/2014\/05\/D2X_1753-350x466.jpg\" alt=\"Storblommig kl\u00e4tterros \u2019Flammentanz\u2019\" width=\"350\" height=\"466\" srcset=\"https:\/\/rosenholm.se\/wp-content\/uploads\/2014\/05\/D2X_1753-350x466.jpg 350w, https:\/\/rosenholm.se\/wp-content\/uploads\/2014\/05\/D2X_1753-187x250.jpg 187w, https:\/\/rosenholm.se\/wp-content\/uploads\/2014\/05\/D2X_1753-320x426.jpg 320w, https:\/\/rosenholm.se\/wp-content\/uploads\/2014\/05\/D2X_1753.jpg 546w, https:\/\/rosenholm.se\/wp-content\/uploads\/2014\/05\/D2X_1753-187x250@2x.jpg 374w\" sizes=\"auto, (max-width: 350px) 100vw, 350px\" \/><p id=\"caption-attachment-4373\" class=\"wp-caption-text\">Koordesiiros \u2019Flammentanz\u2019<\/p><\/div>\n<p>Vill man ha en yppig, r\u00f6d ros som kl\u00e4ttrar uppf\u00f6r v\u00e4ggen, n\u00e4stan var man \u00e4n bor i Sverige, s\u00e5 \u00e4r det nog den storblommiga kl\u00e4tterrosen \u2019Flammentanz\u2019 man s\u00f6ker efter. Den registrerades \u00e5r 1955 av det anrika rosariet Kordes i norra Tyskland och har n\u00e5tt stor popularitet i Sverige de senaste \u00e5rtiondena. Den blommar bara en g\u00e5ng, men oftast alldeles enast\u00e5ende rikligt, och blomningen verkar aldrig riktigt ta slut. Blommorna h\u00e5ller sig till p\u00e5 k\u00f6pet vackra under n\u00e4stan hela blomtiden. \u00c4r l\u00e4ttodlad, angrips s\u00e4llan av svampsjukdomar, skuggt\u00e5lig och klarar sig till zon 5 eller 6.<\/p>\n<div id=\"attachment_4377\" style=\"width: 738px\" class=\"wp-caption alignnone\"><img loading=\"lazy\" decoding=\"async\" aria-describedby=\"caption-attachment-4377\" class=\"size-full wp-image-4377\" src=\"http:\/\/rosenholm.se\/wp-content\/uploads\/2014\/05\/DSC_3875.jpg\" alt=\"Portlandros, Rosa 'Mme Boll'\" width=\"728\" height=\"485\" srcset=\"https:\/\/rosenholm.se\/wp-content\/uploads\/2014\/05\/DSC_3875.jpg 728w, https:\/\/rosenholm.se\/wp-content\/uploads\/2014\/05\/DSC_3875-250x166.jpg 250w, https:\/\/rosenholm.se\/wp-content\/uploads\/2014\/05\/DSC_3875-320x213.jpg 320w, https:\/\/rosenholm.se\/wp-content\/uploads\/2014\/05\/DSC_3875-350x233.jpg 350w, https:\/\/rosenholm.se\/wp-content\/uploads\/2014\/05\/DSC_3875-250x166@2x.jpg 500w, https:\/\/rosenholm.se\/wp-content\/uploads\/2014\/05\/DSC_3875-320x213@2x.jpg 640w, https:\/\/rosenholm.se\/wp-content\/uploads\/2014\/05\/DSC_3875-350x233@2x.jpg 700w\" sizes=\"auto, (max-width: 728px) 100vw, 728px\" \/><p id=\"caption-attachment-4377\" class=\"wp-caption-text\">Portlandros, Rosa &#8217;Mme Boll&#8217;<\/p><\/div>\n<p>Portlandrosor tillh\u00f6r generellt inte de allra mest h\u00e4rdiga och l\u00e4ttodlade rosorna, men vill man ha en \u00e5terblommande, v\u00e4ldoftande, rosa ros s\u00e5 \u00e4r det sv\u00e5rt att f\u00f6rbig\u00e5 &#8217;Mme Boll&#8217;. Kring den har det r\u00e5tt namnf\u00f6rbistring och tidigare har den s\u00e5lts under namnet &#8217;Comte de Chambord&#8217;. Ursprunget till portlandrosorna som grupp \u00e4r man inte alldeles s\u00e4ker p\u00e5, men man vet i alla fall att det huvudsakliga f\u00f6r\u00e4dlingsarbetet skedde i Frankrike under mitten av 1800-talet. &#8217;Mme Boll&#8217; kan bli runt en meter h\u00f6g, den doftar starkt och blommar rikligt under juli, vilar lite och blommar sedan \u00e5ter fram tills det blir f\u00f6r kallt p\u00e5 h\u00f6sten. Rimligt l\u00e4ttsk\u00f6tt och h\u00e4rdig till zon 5.<\/p>\n<div id=\"attachment_4379\" style=\"width: 360px\" class=\"wp-caption alignright\"><img loading=\"lazy\" decoding=\"async\" aria-describedby=\"caption-attachment-4379\" class=\"size-large wp-image-4379\" src=\"http:\/\/rosenholm.se\/wp-content\/uploads\/2014\/05\/D2X_0447-350x463.jpg\" alt=\"Helenaeros, Rosa 'Lykkefund'\" width=\"350\" height=\"463\" srcset=\"https:\/\/rosenholm.se\/wp-content\/uploads\/2014\/05\/D2X_0447-350x463.jpg 350w, https:\/\/rosenholm.se\/wp-content\/uploads\/2014\/05\/D2X_0447-188x250.jpg 188w, https:\/\/rosenholm.se\/wp-content\/uploads\/2014\/05\/D2X_0447-320x423.jpg 320w, https:\/\/rosenholm.se\/wp-content\/uploads\/2014\/05\/D2X_0447.jpg 550w, https:\/\/rosenholm.se\/wp-content\/uploads\/2014\/05\/D2X_0447-188x250@2x.jpg 376w\" sizes=\"auto, (max-width: 350px) 100vw, 350px\" \/><p id=\"caption-attachment-4379\" class=\"wp-caption-text\">Helenaeros, Rosa &#8217;Lykkefund&#8217;<\/p><\/div>\n<p>T\u00e5lig, doftande, starkv\u00e4xande och s\u00e5 gott som taggfri, det \u00e4r den kl\u00e4ttrande helenae-rosen &#8217;Lykkefund&#8217;. Ursprunget \u00e4r danskt, Aksel Olsen tog fram den 1930. Den v\u00e4xer s\u00e5 det knakar, \u00e5rskotten kan bli flera meter l\u00e5nga och det finns exemplar som kl\u00e4ttrat n\u00e4rmare tio meter. Planterar man den vid ett tr\u00e4d har den kraften att svinga sig h\u00f6gt upp och bilda en krona utanp\u00e5 kronan. Frisk, skuggt\u00e5lig och h\u00e4rdig till i alla fall zon 4.<\/p>\n<div id=\"attachment_4390\" style=\"width: 360px\" class=\"wp-caption alignright\"><img loading=\"lazy\" decoding=\"async\" aria-describedby=\"caption-attachment-4390\" class=\"size-large wp-image-4390\" src=\"http:\/\/rosenholm.se\/wp-content\/uploads\/2014\/05\/D2X_8800-350x437.jpg\" alt=\"Pimpinellros, Rosa 'Stanwell Perpetual'\" width=\"350\" height=\"437\" srcset=\"https:\/\/rosenholm.se\/wp-content\/uploads\/2014\/05\/D2X_8800-350x437.jpg 350w, https:\/\/rosenholm.se\/wp-content\/uploads\/2014\/05\/D2X_8800-320x400.jpg 320w, https:\/\/rosenholm.se\/wp-content\/uploads\/2014\/05\/D2X_8800.jpg 582w\" sizes=\"auto, (max-width: 350px) 100vw, 350px\" \/><p id=\"caption-attachment-4390\" class=\"wp-caption-text\">Pimpinellros, Rosa &#8217;Stanwell Perpetual&#8217;<\/p><\/div>\n<p>Mellan vitt och ljust rosa varierar f\u00e4rgerna hos pimpinellrosen &#8217;Stanwell Perpetual&#8217;. \u00c5r 1838 hittades den i den engelska orten Stanwell. Den andra delen av namnet \u201dPerpetual\u201d betyder att rosen blommar st\u00e4ndigt och det \u00e4r ingen \u00f6verdrift. I juni ger den en f\u00f6rsta, m\u00e4ktig blomning och senare p\u00e5 eftersommaren en till n\u00e5got mindre kraftig. Men den upph\u00f6r aldrig helt med sin blomning, under s\u00e4songen ger den hela tiden str\u00f6blommor. V\u00e4xer bra p\u00e5 magra jordar och \u00e4r skuggt\u00e5lig, klarar sig till och med i nordl\u00e4gen. Blir n\u00e4stan tv\u00e5 meter h\u00f6g och g\u00e5r \u00e4nda upp till zon 6. Inte en d\u00e5lig ros det inte.<\/p>\n<div id=\"attachment_4387\" style=\"width: 738px\" class=\"wp-caption alignnone\"><img loading=\"lazy\" decoding=\"async\" aria-describedby=\"caption-attachment-4387\" class=\"size-full wp-image-4387\" src=\"http:\/\/rosenholm.se\/wp-content\/uploads\/2014\/05\/DSC_3819.jpg\" alt=\"Daggros, Rosa glauca\" width=\"728\" height=\"445\" srcset=\"https:\/\/rosenholm.se\/wp-content\/uploads\/2014\/05\/DSC_3819.jpg 728w, https:\/\/rosenholm.se\/wp-content\/uploads\/2014\/05\/DSC_3819-250x152.jpg 250w, https:\/\/rosenholm.se\/wp-content\/uploads\/2014\/05\/DSC_3819-320x195.jpg 320w, https:\/\/rosenholm.se\/wp-content\/uploads\/2014\/05\/DSC_3819-350x213.jpg 350w, https:\/\/rosenholm.se\/wp-content\/uploads\/2014\/05\/DSC_3819-250x152@2x.jpg 500w, https:\/\/rosenholm.se\/wp-content\/uploads\/2014\/05\/DSC_3819-320x195@2x.jpg 640w, https:\/\/rosenholm.se\/wp-content\/uploads\/2014\/05\/DSC_3819-350x213@2x.jpg 700w\" sizes=\"auto, (max-width: 728px) 100vw, 728px\" \/><p id=\"caption-attachment-4387\" class=\"wp-caption-text\">Daggros, Rosa glauca<\/p><\/div>\n<p>Daggros, <em>Rosa glauca<\/em>, har sitt ursprung i Centraleuropa men har sedan slutet av 1800-talet funnits vild i Sverige och med tiden spridit sig \u00f6ver landet. Det s\u00e4ger det mesta om dess t\u00e5lighet. Odlar den g\u00f6r man fr\u00e4mst p\u00e5 grund av den l\u00e4ckra bladf\u00e4rgen och kontrasterna mot gr\u00f6nskan runtomkring, men \u00e4ven blommorna \u00e4r s\u00f6ta. Den blir 2\u20133 meter h\u00f6g, t\u00e5l skugga och \u00e4r h\u00e4rdig upp till zon 6.<\/p>\n<p><strong>L\u00e4s g\u00e4rna ocks\u00e5<\/strong><\/p>\n<h6><a title=\"Austinrosor \u2013 nytt p\u00e5 gammaldags vis\" href=\"http:\/\/rosenholm.se\/?page_id=11892\">Austinrosor \u2013 nytt p\u00e5 gammaldags vis<\/a><\/h6>\n","protected":false},"excerpt":{"rendered":"<p>Text och bild: Dan Rosenholm Rosor \u00e4r vackra men besv\u00e4rliga att odla, s\u00e5 tycker nog de flesta som har pr\u00f6vat. N\u00e4r det g\u00e4ller typiska, moderna rosor som man k\u00f6per i&hellip; <\/p>\n","protected":false},"author":1,"featured_media":0,"parent":0,"menu_order":0,"comment_status":"closed","ping_status":"closed","template":"","meta":{"footnotes":""},"class_list":["post-4363","page","type-page","status-publish","hentry"],"_links":{"self":[{"href":"https:\/\/rosenholm.se\/index.php?rest_route=\/wp\/v2\/pages\/4363","targetHints":{"allow":["GET"]}}],"collection":[{"href":"https:\/\/rosenholm.se\/index.php?rest_route=\/wp\/v2\/pages"}],"about":[{"href":"https:\/\/rosenholm.se\/index.php?rest_route=\/wp\/v2\/types\/page"}],"author":[{"embeddable":true,"href":"https:\/\/rosenholm.se\/index.php?rest_route=\/wp\/v2\/users\/1"}],"replies":[{"embeddable":true,"href":"https:\/\/rosenholm.se\/index.php?rest_route=%2Fwp%2Fv2%2Fcomments&post=4363"}],"version-history":[{"count":20,"href":"https:\/\/rosenholm.se\/index.php?rest_route=\/wp\/v2\/pages\/4363\/revisions"}],"predecessor-version":[{"id":12075,"href":"https:\/\/rosenholm.se\/index.php?rest_route=\/wp\/v2\/pages\/4363\/revisions\/12075"}],"wp:attachment":[{"href":"https:\/\/rosenholm.se\/index.php?rest_route=%2Fwp%2Fv2%2Fmedia&parent=4363"}],"curies":[{"name":"wp","href":"https:\/\/api.w.org\/{rel}","templated":true}]}}