{"id":413,"date":"2014-01-23T16:15:21","date_gmt":"2014-01-23T15:15:21","guid":{"rendered":"http:\/\/rosenholm.se\/?page_id=413"},"modified":"2015-01-07T19:32:10","modified_gmt":"2015-01-07T18:32:10","slug":"norrvikens-tradgardar","status":"publish","type":"page","link":"https:\/\/rosenholm.se\/?page_id=413","title":{"rendered":"Norrvikens tr\u00e4dg\u00e5rdar"},"content":{"rendered":"<p>F\u00f6r hundra \u00e5r sedan b\u00f6rjade Rudolf Abelin att skapa det fantastiska Norrvikens tr\u00e4dg\u00e5rdar utanf\u00f6r B\u00e5stad. Tr\u00e4dg\u00e5rden byggdes p\u00e5 en vindskyddad norrsluttning med sikt ut mot Laholmsbukten. Successivt byggdes ett antal tr\u00e4dg\u00e5rdar upp med olika stilar inne i tr\u00e4dg\u00e5rden. Som en en hyllning till Norrvikens tr\u00e4dg\u00e5rdar gavs i mars 2006 boken Norrvikens sj\u00e4l ut, som vi, Dan och Ann-Christin Rosenholm, medverkar i. Ta chansen att beundra n\u00e5gra vyer fr\u00e5n Norrviken, nedan. Eller kanske \u00e4nnu hellre bes\u00f6k sj\u00e4lva <a href=\"http:\/\/www.norrvikenstradgardar.se\/\">Norrvikens tr\u00e4dg\u00e5rdar<\/a>.<\/p>\n<p><em>Text:\u00a0 Dan och Ann-Christin Rosenholm<\/em><br \/>\n<em>Bild:\u00a0 Dan Rosenholm<\/em><\/p>\n<h5>Barocktr\u00e4dg\u00e5rden<\/h5>\n<div id=\"attachment_4101\" style=\"width: 738px\" class=\"wp-caption alignnone\"><img loading=\"lazy\" decoding=\"async\" aria-describedby=\"caption-attachment-4101\" class=\"size-full wp-image-4101\" src=\"http:\/\/rosenholm.se\/wp-content\/uploads\/2014\/01\/DSC_7124.jpg\" alt=\"Barocktr\u00e4dg\u00e5rden\" width=\"728\" height=\"364\" srcset=\"https:\/\/rosenholm.se\/wp-content\/uploads\/2014\/01\/DSC_7124.jpg 728w, https:\/\/rosenholm.se\/wp-content\/uploads\/2014\/01\/DSC_7124-250x125.jpg 250w, https:\/\/rosenholm.se\/wp-content\/uploads\/2014\/01\/DSC_7124-320x160.jpg 320w, https:\/\/rosenholm.se\/wp-content\/uploads\/2014\/01\/DSC_7124-350x175.jpg 350w, https:\/\/rosenholm.se\/wp-content\/uploads\/2014\/01\/DSC_7124-250x125@2x.jpg 500w, https:\/\/rosenholm.se\/wp-content\/uploads\/2014\/01\/DSC_7124-320x160@2x.jpg 640w, https:\/\/rosenholm.se\/wp-content\/uploads\/2014\/01\/DSC_7124-350x175@2x.jpg 700w\" sizes=\"auto, (max-width: 728px) 100vw, 728px\" \/><p id=\"caption-attachment-4101\" class=\"wp-caption-text\">Barocktr\u00e4dg\u00e5rden<\/p><\/div>\n<p>V\u00e4lkommen till Norrvikens Tr\u00e4dg\u00e5rdar, s\u00e4ger barocktr\u00e4dg\u00e5rden till bes\u00f6karen som kommer in fr\u00e5n \u00f6ster. Intresset \u00e4r v\u00e4ckt fr\u00e5n f\u00f6rsta stund. I huvudaxelns f\u00f6rl\u00e4ngning rakt fram v\u00e4ntar ren\u00e4ssanstr\u00e4dg\u00e5rden, den tyska planteringen och spegeldammen. Till v\u00e4nster uppf\u00f6r branten, ligger vattentr\u00e4dg\u00e5rden. Nere i ravinen, till h\u00f6ger ligger den japanska tr\u00e4dg\u00e5rden i sin v\u00e4ltuktade vildhet.<\/p>\n<h5>Broderiparterren<\/h5>\n<div id=\"attachment_4104\" style=\"width: 738px\" class=\"wp-caption alignnone\"><img loading=\"lazy\" decoding=\"async\" aria-describedby=\"caption-attachment-4104\" class=\"size-full wp-image-4104\" src=\"http:\/\/rosenholm.se\/wp-content\/uploads\/2014\/01\/D2X_8357.jpg\" alt=\"Broderiparterren\" width=\"728\" height=\"485\" srcset=\"https:\/\/rosenholm.se\/wp-content\/uploads\/2014\/01\/D2X_8357.jpg 728w, https:\/\/rosenholm.se\/wp-content\/uploads\/2014\/01\/D2X_8357-250x166.jpg 250w, https:\/\/rosenholm.se\/wp-content\/uploads\/2014\/01\/D2X_8357-320x213.jpg 320w, https:\/\/rosenholm.se\/wp-content\/uploads\/2014\/01\/D2X_8357-350x233.jpg 350w, https:\/\/rosenholm.se\/wp-content\/uploads\/2014\/01\/D2X_8357-250x166@2x.jpg 500w, https:\/\/rosenholm.se\/wp-content\/uploads\/2014\/01\/D2X_8357-320x213@2x.jpg 640w, https:\/\/rosenholm.se\/wp-content\/uploads\/2014\/01\/D2X_8357-350x233@2x.jpg 700w\" sizes=\"auto, (max-width: 728px) 100vw, 728px\" \/><p id=\"caption-attachment-4104\" class=\"wp-caption-text\">Broderiparterren<\/p><\/div>\n<p>I Norrviken valdes parterren som form av rent praktiska sk\u00e4l, det beh\u00f6vdes en tr\u00e4dg\u00e5rd n\u00e4ra huset som inte f\u00f6rtog utsikten mot V\u00e4sterhavet men \u00e4nd\u00e5 ramade in den. Broderiparterrer, en sirlig form av l\u00e5ga h\u00e4ckar inspirerad av textilm\u00f6nster, uppkom under den senare delen av ren\u00e4ssansen, och anv\u00e4ndes flitigt under den tidsepok som vi nu kallar barocken. Fortfarande efter snart hundra \u00e5r \u00e4r broderiparterren i Norrviken lika vacker, \u00e4ven p\u00e5 h\u00f6sten, ocks\u00e5 mycket tack vare prydnadsk\u00e5lens lysande f\u00e4rger.<\/p>\n<h5>Vyn mot v\u00e4ster<\/h5>\n<div id=\"attachment_4105\" style=\"width: 738px\" class=\"wp-caption alignnone\"><img loading=\"lazy\" decoding=\"async\" aria-describedby=\"caption-attachment-4105\" class=\"size-full wp-image-4105\" src=\"http:\/\/rosenholm.se\/wp-content\/uploads\/2014\/01\/Norrviken-utsikt.jpg\" alt=\"Vyn mot v\u00e4ster\" width=\"728\" height=\"409\" srcset=\"https:\/\/rosenholm.se\/wp-content\/uploads\/2014\/01\/Norrviken-utsikt.jpg 728w, https:\/\/rosenholm.se\/wp-content\/uploads\/2014\/01\/Norrviken-utsikt-250x140.jpg 250w, https:\/\/rosenholm.se\/wp-content\/uploads\/2014\/01\/Norrviken-utsikt-320x179.jpg 320w, https:\/\/rosenholm.se\/wp-content\/uploads\/2014\/01\/Norrviken-utsikt-350x196.jpg 350w, https:\/\/rosenholm.se\/wp-content\/uploads\/2014\/01\/Norrviken-utsikt-250x140@2x.jpg 500w, https:\/\/rosenholm.se\/wp-content\/uploads\/2014\/01\/Norrviken-utsikt-320x179@2x.jpg 640w, https:\/\/rosenholm.se\/wp-content\/uploads\/2014\/01\/Norrviken-utsikt-350x196@2x.jpg 700w\" sizes=\"auto, (max-width: 728px) 100vw, 728px\" \/><p id=\"caption-attachment-4105\" class=\"wp-caption-text\">Vyn mot v\u00e4ster<\/p><\/div>\n<p>N\u00e4r Norrvikens Tr\u00e4dg\u00e5rdar anlades kunde man mot v\u00e4ster se \u00e4nda ut till Hovs hallar. I f\u00f6rl\u00e4ngningen fr\u00e5n Villa Abelin, genom ren\u00e4ssanstr\u00e4dg\u00e5rden och rakt ut mot v\u00e4ster, lade Rudolf Abelin den nordtyska planteringen och spegeldammen, som kanske \u00e4r den mest v\u00e4lk\u00e4nda delen av tr\u00e4dg\u00e5rden i all sin enkelhet. I spegeldammen avspeglar sig himmelen och fr\u00e5n vissa vinklar m\u00f6ter den n\u00e4stan V\u00e4sterhavet. Idag ser man den genom en upphuggen gata i bokskogen.<\/p>\n<h5>Vattentr\u00e4dg\u00e5rden<\/h5>\n<div id=\"attachment_4109\" style=\"width: 738px\" class=\"wp-caption alignnone\"><img loading=\"lazy\" decoding=\"async\" aria-describedby=\"caption-attachment-4109\" class=\"size-full wp-image-4109\" src=\"http:\/\/rosenholm.se\/wp-content\/uploads\/2014\/01\/DSC_7362.jpg\" alt=\"Vattentr\u00e4dg\u00e5rden\" width=\"728\" height=\"485\" srcset=\"https:\/\/rosenholm.se\/wp-content\/uploads\/2014\/01\/DSC_7362.jpg 728w, https:\/\/rosenholm.se\/wp-content\/uploads\/2014\/01\/DSC_7362-250x166.jpg 250w, https:\/\/rosenholm.se\/wp-content\/uploads\/2014\/01\/DSC_7362-320x213.jpg 320w, https:\/\/rosenholm.se\/wp-content\/uploads\/2014\/01\/DSC_7362-350x233.jpg 350w, https:\/\/rosenholm.se\/wp-content\/uploads\/2014\/01\/DSC_7362-250x166@2x.jpg 500w, https:\/\/rosenholm.se\/wp-content\/uploads\/2014\/01\/DSC_7362-320x213@2x.jpg 640w, https:\/\/rosenholm.se\/wp-content\/uploads\/2014\/01\/DSC_7362-350x233@2x.jpg 700w\" sizes=\"auto, (max-width: 728px) 100vw, 728px\" \/><p id=\"caption-attachment-4109\" class=\"wp-caption-text\">Vattentr\u00e4dg\u00e5rden<\/p><\/div>\n<p>Fr\u00e5n \u00e5sen i s\u00f6der kommer den b\u00e4ck som anv\u00e4nds som huvudnummer i vattentr\u00e4dg\u00e5rden. Vyn fr\u00e5n den nedersta dammen upp till vattenhuset \u00e4r n\u00e4stan oslagbar med sitt form- och f\u00e4rgspel. Vid dammen v\u00e4xer dagliljor och l\u00e4ngre upp starr tillsammans med en japansk l\u00f6nn. L\u00e4ngs gr\u00e4smattan v\u00e4xer hortensior, som inte bara blommar vackert utan har ett attraktivt bladverk hela s\u00e4songen och f\u00f6rtjusande fr\u00f6st\u00e4llningar som kan finnas kvar hela vintern. Mot kanterna v\u00e4xer rododendron och formstarka enar. Ett tr\u00e4dg\u00e5rdens konstverk.<\/p>\n<h5>Rododendrongrottan<\/h5>\n<div id=\"attachment_4111\" style=\"width: 738px\" class=\"wp-caption alignnone\"><img loading=\"lazy\" decoding=\"async\" aria-describedby=\"caption-attachment-4111\" class=\"size-full wp-image-4111\" src=\"http:\/\/rosenholm.se\/wp-content\/uploads\/2014\/01\/DSC_7354.jpg\" alt=\"Rododendrongrottan\" width=\"728\" height=\"484\" srcset=\"https:\/\/rosenholm.se\/wp-content\/uploads\/2014\/01\/DSC_7354.jpg 728w, https:\/\/rosenholm.se\/wp-content\/uploads\/2014\/01\/DSC_7354-250x166.jpg 250w, https:\/\/rosenholm.se\/wp-content\/uploads\/2014\/01\/DSC_7354-320x212.jpg 320w, https:\/\/rosenholm.se\/wp-content\/uploads\/2014\/01\/DSC_7354-350x232.jpg 350w, https:\/\/rosenholm.se\/wp-content\/uploads\/2014\/01\/DSC_7354-250x166@2x.jpg 500w, https:\/\/rosenholm.se\/wp-content\/uploads\/2014\/01\/DSC_7354-320x212@2x.jpg 640w, https:\/\/rosenholm.se\/wp-content\/uploads\/2014\/01\/DSC_7354-350x232@2x.jpg 700w\" sizes=\"auto, (max-width: 728px) 100vw, 728px\" \/><p id=\"caption-attachment-4111\" class=\"wp-caption-text\">Rododendrongrottan<\/p><\/div>\n<p>L\u00e4ngre upp i dalen bildar rododendronen en grotta runt den helt formellt uppbyggda serien av tv\u00e5 smala kanaler med sitt inlopp via ett litet vattenfall. Det falska perspektivet, som g\u00f6r att rododendrongrottan ser s\u00e5 djup ut, skapas av att kanalerna \u00e4r flerdubbelt breda i sina nedre utlopp j\u00e4mf\u00f6rt med sina \u00f6vre inlopp. Ett knep lika anv\u00e4ndbart i en liten hemtr\u00e4dg\u00e5rd som i den stora ren\u00e4ssansinspirerade vattentr\u00e4dg\u00e5rden.<\/p>\n<h5>Den japanska tr\u00e4dg\u00e5rden<\/h5>\n<div id=\"attachment_4113\" style=\"width: 738px\" class=\"wp-caption alignnone\"><img loading=\"lazy\" decoding=\"async\" aria-describedby=\"caption-attachment-4113\" class=\"size-full wp-image-4113\" src=\"http:\/\/rosenholm.se\/wp-content\/uploads\/2014\/01\/D2X_8202.jpg\" alt=\"Den Japanska tr\u00e4dg\u00e5rden\" width=\"728\" height=\"485\" srcset=\"https:\/\/rosenholm.se\/wp-content\/uploads\/2014\/01\/D2X_8202.jpg 728w, https:\/\/rosenholm.se\/wp-content\/uploads\/2014\/01\/D2X_8202-250x166.jpg 250w, https:\/\/rosenholm.se\/wp-content\/uploads\/2014\/01\/D2X_8202-320x213.jpg 320w, https:\/\/rosenholm.se\/wp-content\/uploads\/2014\/01\/D2X_8202-350x233.jpg 350w, https:\/\/rosenholm.se\/wp-content\/uploads\/2014\/01\/D2X_8202-250x166@2x.jpg 500w, https:\/\/rosenholm.se\/wp-content\/uploads\/2014\/01\/D2X_8202-320x213@2x.jpg 640w, https:\/\/rosenholm.se\/wp-content\/uploads\/2014\/01\/D2X_8202-350x233@2x.jpg 700w\" sizes=\"auto, (max-width: 728px) 100vw, 728px\" \/><p id=\"caption-attachment-4113\" class=\"wp-caption-text\">Den japanska tr\u00e4dg\u00e5rden<\/p><\/div>\n<p>En japansk tr\u00e4dg\u00e5rd f\u00f6ruts\u00e4tter man skall vara vacker p\u00e5 h\u00f6sten, och mycket h\u00f6stvackrare \u00e4n den p\u00e5 Norrvikens Tr\u00e4dg\u00e5rdar kan det knappast bli. Efter att ha g\u00e5tt trapporna ner fr\u00e5n barocktr\u00e4dg\u00e5rden kommer man fram till stigen som g\u00e5r under den japanska l\u00f6nnen,\u00a0<em>Acer palmatum<\/em>. Japanska l\u00f6nnar \u00e4r normalt sm\u00e5, l\u00e5ngsamv\u00e4xande tr\u00e4d. Genom \u00e5ren har det h\u00e4r tr\u00e4det antagit f\u00f6r arten n\u00e4rmast gigantiska proportioner, utan att f\u00f6rlora sin s\u00e4rpr\u00e4gel. L\u00f6vens starka r\u00f6da h\u00f6stf\u00e4rg \u00e4r lika vacker p\u00e5 tr\u00e4det som p\u00e5 marken efter att de fallit av. Stigen leder rakt ner till hj\u00e4rtat av den japanska tr\u00e4dg\u00e5rden.<\/p>\n<h5>B\u00e4cken<\/h5>\n<div id=\"attachment_4114\" style=\"width: 738px\" class=\"wp-caption alignnone\"><img loading=\"lazy\" decoding=\"async\" aria-describedby=\"caption-attachment-4114\" class=\"size-full wp-image-4114\" src=\"http:\/\/rosenholm.se\/wp-content\/uploads\/2014\/01\/D2X_7977.jpg\" alt=\"Den Japanska tr\u00e4dg\u00e5rden\" width=\"728\" height=\"484\" srcset=\"https:\/\/rosenholm.se\/wp-content\/uploads\/2014\/01\/D2X_7977.jpg 728w, https:\/\/rosenholm.se\/wp-content\/uploads\/2014\/01\/D2X_7977-250x166.jpg 250w, https:\/\/rosenholm.se\/wp-content\/uploads\/2014\/01\/D2X_7977-320x212.jpg 320w, https:\/\/rosenholm.se\/wp-content\/uploads\/2014\/01\/D2X_7977-350x232.jpg 350w, https:\/\/rosenholm.se\/wp-content\/uploads\/2014\/01\/D2X_7977-250x166@2x.jpg 500w, https:\/\/rosenholm.se\/wp-content\/uploads\/2014\/01\/D2X_7977-320x212@2x.jpg 640w, https:\/\/rosenholm.se\/wp-content\/uploads\/2014\/01\/D2X_7977-350x232@2x.jpg 700w\" sizes=\"auto, (max-width: 728px) 100vw, 728px\" \/><p id=\"caption-attachment-4114\" class=\"wp-caption-text\">Den Japanska tr\u00e4dg\u00e5rden<\/p><\/div>\n<p>B\u00e4cken rinner genom den ravin som bildar den japanska tr\u00e4dg\u00e5rden. Fr\u00e5n b\u00f6rjan var det ett grustag. F\u00f6r att f\u00e5 form p\u00e5 den forslades tusen lass med stenar bort och dumpades nere i Laholmsbukten. \u00c4nnu st\u00f6rre m\u00e4ngder av sten f\u00f6rflyttades inom omr\u00e5det f\u00f6r att skapa den r\u00e4tta ravinformen. Det var en p\u00e5 den tiden oerh\u00f6rd arbetsinsats, det fanns inga lastbilar och traktorer i b\u00f6rjan p\u00e5 f\u00f6rra seklet. Hela ravinen t\u00e4cktes sedan med ett lager matjord som till delar m\u00e5ste b\u00e4ras fram. Stenformationerna vid b\u00e4cken \u00e4r inte bildade av inlandsisens vatten, utan placerade av m\u00e4nniskohand f\u00f6r att se s\u00e5 naturliga ut som m\u00f6jligt.<\/p>\n<h5>Nedre Japan<\/h5>\n<div id=\"attachment_4115\" style=\"width: 738px\" class=\"wp-caption alignnone\"><img loading=\"lazy\" decoding=\"async\" aria-describedby=\"caption-attachment-4115\" class=\"size-full wp-image-4115\" src=\"http:\/\/rosenholm.se\/wp-content\/uploads\/2014\/01\/DSC_7220.jpg\" alt=\"Nedre Japan\" width=\"728\" height=\"445\" srcset=\"https:\/\/rosenholm.se\/wp-content\/uploads\/2014\/01\/DSC_7220.jpg 728w, https:\/\/rosenholm.se\/wp-content\/uploads\/2014\/01\/DSC_7220-250x152.jpg 250w, https:\/\/rosenholm.se\/wp-content\/uploads\/2014\/01\/DSC_7220-320x195.jpg 320w, https:\/\/rosenholm.se\/wp-content\/uploads\/2014\/01\/DSC_7220-350x213.jpg 350w, https:\/\/rosenholm.se\/wp-content\/uploads\/2014\/01\/DSC_7220-250x152@2x.jpg 500w, https:\/\/rosenholm.se\/wp-content\/uploads\/2014\/01\/DSC_7220-320x195@2x.jpg 640w, https:\/\/rosenholm.se\/wp-content\/uploads\/2014\/01\/DSC_7220-350x213@2x.jpg 700w\" sizes=\"auto, (max-width: 728px) 100vw, 728px\" \/><p id=\"caption-attachment-4115\" class=\"wp-caption-text\">Nedre Japan<\/p><\/div>\n<p>Den nedre delen av den japanska tr\u00e4dg\u00e5rden, \u201dNedre Japan\u201d som den kallades, f\u00e4rdigst\u00e4lldes flera \u00e5r efter den \u00f6vre delen. Under mellantiden var tr\u00e4den och de \u00f6vriga v\u00e4xterna placerade p\u00e5 tillv\u00e4xt i den \u00f6vre tr\u00e4dg\u00e5rden. De v\u00e4xte sig st\u00f6rre \u00e4n avsett. F\u00f6rflyttningen blev inte l\u00e4ttare av att jordklumparna knappast fryser alls i den h\u00e4r delen av Sverige. Allt lyckades och tr\u00e4dg\u00e5rden s\u00e5g redan fr\u00e5n b\u00f6rjan ut som den funnits d\u00e4r sedan l\u00e4nge. Nu efter snart hundra \u00e5r \u00e4r tr\u00e4dg\u00e5rden v\u00e4l uppv\u00e4xt, men inte igenv\u00e4xt. Kompletteringar sker fortfarande. N\u00e4rmast i bilden en liten planta av den vackra br\u00f6dgranen,\u00a0<em>Araucaria araucana.<\/em><\/p>\n<h5>En sittplats under bambu<\/h5>\n<div id=\"attachment_4116\" style=\"width: 738px\" class=\"wp-caption alignnone\"><img loading=\"lazy\" decoding=\"async\" aria-describedby=\"caption-attachment-4116\" class=\"size-full wp-image-4116\" src=\"http:\/\/rosenholm.se\/wp-content\/uploads\/2014\/01\/DSC_7272.jpg\" alt=\"En sittplats under bambu\" width=\"728\" height=\"484\" srcset=\"https:\/\/rosenholm.se\/wp-content\/uploads\/2014\/01\/DSC_7272.jpg 728w, https:\/\/rosenholm.se\/wp-content\/uploads\/2014\/01\/DSC_7272-250x166.jpg 250w, https:\/\/rosenholm.se\/wp-content\/uploads\/2014\/01\/DSC_7272-320x212.jpg 320w, https:\/\/rosenholm.se\/wp-content\/uploads\/2014\/01\/DSC_7272-350x232.jpg 350w, https:\/\/rosenholm.se\/wp-content\/uploads\/2014\/01\/DSC_7272-250x166@2x.jpg 500w, https:\/\/rosenholm.se\/wp-content\/uploads\/2014\/01\/DSC_7272-320x212@2x.jpg 640w, https:\/\/rosenholm.se\/wp-content\/uploads\/2014\/01\/DSC_7272-350x232@2x.jpg 700w\" sizes=\"auto, (max-width: 728px) 100vw, 728px\" \/><p id=\"caption-attachment-4116\" class=\"wp-caption-text\">En sittplats under bambu<\/p><\/div>\n<p>Under h\u00f6ga best\u00e5nd av bergbambu,\u00a0<em>Fargesia murieliae<\/em>, ligger den kanske allra mest exotiska sittplatsen p\u00e5 Norrvikens Tr\u00e4dg\u00e5rdar, eller f\u00f6r den delen i hela Sverige. Det k\u00e4nns som om vi befinner oss p\u00e5 en sydjapansk \u00f6 eller vid stranden av sydkinesiska sj\u00f6n.<\/p>\n","protected":false},"excerpt":{"rendered":"<p>F\u00f6r hundra \u00e5r sedan b\u00f6rjade Rudolf Abelin att skapa det fantastiska Norrvikens tr\u00e4dg\u00e5rdar utanf\u00f6r B\u00e5stad. Tr\u00e4dg\u00e5rden byggdes p\u00e5 en vindskyddad norrsluttning med sikt ut mot Laholmsbukten. Successivt byggdes ett antal&hellip; <\/p>\n","protected":false},"author":1,"featured_media":0,"parent":240,"menu_order":0,"comment_status":"closed","ping_status":"closed","template":"","meta":{"footnotes":""},"class_list":["post-413","page","type-page","status-publish","hentry"],"_links":{"self":[{"href":"https:\/\/rosenholm.se\/index.php?rest_route=\/wp\/v2\/pages\/413","targetHints":{"allow":["GET"]}}],"collection":[{"href":"https:\/\/rosenholm.se\/index.php?rest_route=\/wp\/v2\/pages"}],"about":[{"href":"https:\/\/rosenholm.se\/index.php?rest_route=\/wp\/v2\/types\/page"}],"author":[{"embeddable":true,"href":"https:\/\/rosenholm.se\/index.php?rest_route=\/wp\/v2\/users\/1"}],"replies":[{"embeddable":true,"href":"https:\/\/rosenholm.se\/index.php?rest_route=%2Fwp%2Fv2%2Fcomments&post=413"}],"version-history":[{"count":14,"href":"https:\/\/rosenholm.se\/index.php?rest_route=\/wp\/v2\/pages\/413\/revisions"}],"predecessor-version":[{"id":5561,"href":"https:\/\/rosenholm.se\/index.php?rest_route=\/wp\/v2\/pages\/413\/revisions\/5561"}],"up":[{"embeddable":true,"href":"https:\/\/rosenholm.se\/index.php?rest_route=\/wp\/v2\/pages\/240"}],"wp:attachment":[{"href":"https:\/\/rosenholm.se\/index.php?rest_route=%2Fwp%2Fv2%2Fmedia&parent=413"}],"curies":[{"name":"wp","href":"https:\/\/api.w.org\/{rel}","templated":true}]}}