{"id":3709,"date":"2014-04-07T20:14:57","date_gmt":"2014-04-07T18:14:57","guid":{"rendered":"http:\/\/rosenholm.se\/?page_id=3709"},"modified":"2014-04-09T22:09:56","modified_gmt":"2014-04-09T20:09:56","slug":"dromparken","status":"publish","type":"page","link":"https:\/\/rosenholm.se\/?page_id=3709","title":{"rendered":"Dr\u00f6mparken"},"content":{"rendered":"<h5>Parkfakta<\/h5>\n<p>Design: Piet Oudolf<br \/>\nBygg\u00e5r: 1996, ut\u00f6kning 2002<br \/>\nYta: Ca 4 800 kvadratmeter<\/p>\n<div id=\"attachment_3723\" style=\"width: 738px\" class=\"wp-caption alignnone\"><img loading=\"lazy\" decoding=\"async\" aria-describedby=\"caption-attachment-3723\" class=\"size-full wp-image-3723\" alt=\"I b\u00f6rjan av juni blommar purpurl\u00f6k i stora f\u00e4lt, boll efter boll s\u00e5 l\u00e5ngt \u00f6gat n\u00e5r, i bakgrunden en av de formstarka bokcylindrarna. Om ett par m\u00e5nader har m\u00e5nga perenner vuxit sig s\u00e5 h\u00f6ga att bokcylindern knappt skymtas fr\u00e5n den h\u00e4r platsen.\" src=\"http:\/\/rosenholm.se\/wp-content\/uploads\/2014\/04\/D2X_5243.jpg\" width=\"728\" height=\"445\" srcset=\"https:\/\/rosenholm.se\/wp-content\/uploads\/2014\/04\/D2X_5243.jpg 728w, https:\/\/rosenholm.se\/wp-content\/uploads\/2014\/04\/D2X_5243-250x152.jpg 250w, https:\/\/rosenholm.se\/wp-content\/uploads\/2014\/04\/D2X_5243-320x195.jpg 320w, https:\/\/rosenholm.se\/wp-content\/uploads\/2014\/04\/D2X_5243-350x213.jpg 350w, https:\/\/rosenholm.se\/wp-content\/uploads\/2014\/04\/D2X_5243-250x152@2x.jpg 500w, https:\/\/rosenholm.se\/wp-content\/uploads\/2014\/04\/D2X_5243-320x195@2x.jpg 640w, https:\/\/rosenholm.se\/wp-content\/uploads\/2014\/04\/D2X_5243-350x213@2x.jpg 700w\" sizes=\"auto, (max-width: 728px) 100vw, 728px\" \/><p id=\"caption-attachment-3723\" class=\"wp-caption-text\">I b\u00f6rjan av juni blommar purpurl\u00f6k i stora f\u00e4lt, boll efter boll s\u00e5 l\u00e5ngt \u00f6gat n\u00e5r, i bakgrunden en av de formstarka bokcylindrarna. Om ett par m\u00e5nader har m\u00e5nga perenner vuxit sig s\u00e5 h\u00f6ga att bokcylindern knappt skymtas fr\u00e5n den h\u00e4r platsen.<\/p><\/div>\n<p>Dr\u00f6mparken: parkernas park, en park f\u00f6r dr\u00f6mmarna, perennpark eller landm\u00e4rke nummer ett f\u00f6r Enk\u00f6ping. Vad man \u00e4n v\u00e4ljer att kalla den f\u00f6r s\u00e5 \u00e4r Dr\u00f6mparken helt enast\u00e5ende och ganska ensam i sitt slag i s\u00e5 v\u00e4l Sverige som i v\u00e4rlden. Den ritades av den numera internationellt mycket v\u00e4lk\u00e4nda tr\u00e4dg\u00e5rdsdesignern Piet Oudolf 1995.<\/p>\n<p>Det kom sig av att stadstr\u00e4dg\u00e5rdsm\u00e4stare Stefan Mattson var p\u00e5 studieresa i Holland med den informella grupp av europeiska v\u00e4xtkollegor som kallade sig f\u00f6r Perennial Perspective. P\u00e5 bussresorna mellan studieobjekten satt han bredvid Piet som vi det h\u00e4r laget huvudsakligen ritade privata tr\u00e4dg\u00e5rdar. Han drev ocks\u00e5 en liten plantskola tillsammans med sin fru Anja. Den hade de startat fr\u00e4mst f\u00f6r att Piet inte lyckades hitta v\u00e4xter till de designf\u00f6rslag som han tog fram. Med en egen plantskola kunde de sj\u00e4lva resa till andra l\u00e4nder och uppt\u00e4cka intressanta v\u00e4xter som de sedan tog med hem, f\u00f6r\u00f6kade och drev upp i sin lilla plantskola de Koesterd utanf\u00f6r Hummelo mitt p\u00e5 den holl\u00e4ndska landsbygden bland kohagar och vidstr\u00e4ckta s\u00e4desf\u00e4lt.<\/p>\n<p>\u201dVilka v\u00e4xter i din plantskola passar bra f\u00f6r offentliga planteringar\u201d, fr\u00e5gade Stefan d\u00e4r de satt p\u00e5 bussen p\u00e5 v\u00e4g till en plantskola.<\/p>\n<p>\u201dAlla\u201d, svarade Piet best\u00e4mt. Stefan tittade p\u00e5 den storv\u00e4xta mannen i rutig skjorta f\u00f6r att se om han skojade. Men nej, det var allvar.<\/p>\n<p>\u201dJahadu\u2026\u201dsa Stefan lite dr\u00f6jande. \u201dD\u00e5 kanske du skulle kunna komma och planera en park \u00e5t oss i Enk\u00f6ping?\u201d<\/p>\n<p>\u201dJavisst\u201d, svarade Piet och p\u00e5 den v\u00e4gen kom Dr\u00f6mparken till. Och med den lades ocks\u00e5 grunden till den stora ber\u00f6mmelse som Piet Oudolf numera har som designer av stora park- och tr\u00e4dg\u00e5rdsanl\u00e4ggningar.<\/p>\n<p>Det var till Dr\u00f6mparken som best\u00e4llarna f\u00f6r Battery Park i New York reste f\u00f6r att se hur en anl\u00e4ggning ritad av Piet Oudolf skulle kunna t\u00e4nkas ta sig ut. Eftersom de blev n\u00f6jda med vad de s\u00e5g blev det Piet Oudolf som fick axla uppdraget att gestalta den stora parkanl\u00e4ggningen p\u00e5 s\u00f6dra Manhattan d\u00e4r de f\u00f6rsta holl\u00e4ndska nybyggarna under tidigt 1600-tal etablerade New Amsterdam.<\/p>\n<div id=\"attachment_3719\" style=\"width: 738px\" class=\"wp-caption alignnone\"><img loading=\"lazy\" decoding=\"async\" aria-describedby=\"caption-attachment-3719\" class=\"size-full wp-image-3719\" alt=\"J\u00e4ttest\u00e4ppliljan h\u00f6jer sin st\u00e5tliga blomspira i kanten av f\u00e4ltet med st\u00e4pp- och skogssalvior i olika bl\u00e5lila nyanser. Salviafloden kallas den h\u00e4r planteringen som med sina b\u00f6ljande f\u00e4rgf\u00e4lt tycks rinna ner i Enk\u00f6pings\u00e5n l\u00e4ngst bort i bilden. Bild fr\u00e5n b\u00f6rjan av juli.\" src=\"http:\/\/rosenholm.se\/wp-content\/uploads\/2014\/04\/DSC_1965.jpg\" width=\"728\" height=\"445\" srcset=\"https:\/\/rosenholm.se\/wp-content\/uploads\/2014\/04\/DSC_1965.jpg 728w, https:\/\/rosenholm.se\/wp-content\/uploads\/2014\/04\/DSC_1965-250x152.jpg 250w, https:\/\/rosenholm.se\/wp-content\/uploads\/2014\/04\/DSC_1965-320x195.jpg 320w, https:\/\/rosenholm.se\/wp-content\/uploads\/2014\/04\/DSC_1965-350x213.jpg 350w, https:\/\/rosenholm.se\/wp-content\/uploads\/2014\/04\/DSC_1965-250x152@2x.jpg 500w, https:\/\/rosenholm.se\/wp-content\/uploads\/2014\/04\/DSC_1965-320x195@2x.jpg 640w, https:\/\/rosenholm.se\/wp-content\/uploads\/2014\/04\/DSC_1965-350x213@2x.jpg 700w\" sizes=\"auto, (max-width: 728px) 100vw, 728px\" \/><p id=\"caption-attachment-3719\" class=\"wp-caption-text\">J\u00e4ttest\u00e4ppliljan h\u00f6jer sin st\u00e5tliga blomspira i kanten av f\u00e4ltet med st\u00e4pp- och skogssalvior i olika bl\u00e5lila nyanser. Salviafloden kallas den h\u00e4r planteringen som med sina b\u00f6ljande f\u00e4rgf\u00e4lt tycks rinna ner i Enk\u00f6pings\u00e5n l\u00e4ngst bort i bilden. Bild fr\u00e5n b\u00f6rjan av juli.<\/p><\/div>\n<h5>En storartad m\u00e5ngfald<\/h5>\n<p>I Dr\u00f6mparken \u00e4r det perennerna som spelar huvudrollen. Ungef\u00e4r 250 olika sorter finns h\u00e4r och de g\u00f6r parken till en upplevelse att bes\u00f6ka \u00e5ret runt. Fr\u00e5n tidig v\u00e5r d\u00e5 sm\u00e5 sp\u00e4da skott och tidiga l\u00f6kv\u00e4xter sticker upp bland riset som just klippts ner och l\u00e4mnats kvar ovanp\u00e5 jorden, \u00f6ver ett sommarhalv\u00e5r och en h\u00f6st med storartade uppvisningar i form och f\u00e4rg, fram till den stilla vintern d\u00e5 vackert vissnade blad och stj\u00e4lkar pryder omr\u00e5det tillsammans med torra fr\u00f6- och fruktst\u00e4llningar: vinterns primadonnor som blir \u00e4n vackrare n\u00e4r de kl\u00e4tts in i ett lager av krispig is eller sn\u00f6.<\/p>\n<p>Parken \u00e4r uppf\u00f6rd p\u00e5 ett lite oregelbundet format omr\u00e5de som ligger mellan \u00c5gatan och Enk\u00f6pings\u00e5n. H\u00e4r var det park ocks\u00e5 tidigare, men den bestod d\u00e5 av \u00f6ppna gr\u00e4sytor, n\u00e5gra stora tr\u00e4d samt g\u00e5ng- och cykelstr\u00e5k som genomkorsade omr\u00e5det. S\u00e5 s\u00e5g det ut n\u00e4r Piet Oudolf kopplades in 1995, men redan ett \u00e5r senare var scenen kraftigt f\u00f6r\u00e4ndrad sedan man v\u00e5ren 1996 planterade 12 000 perennplantor som kom i lastbilar fr\u00e5n Piet Oudolfs plantskola i Holland eftersom den h\u00e4r typen av perenner inte gick att f\u00e5 tag p\u00e5 i Sverige.<\/p>\n<p>De befintliga tr\u00e4den bidrar till att skapa omr\u00e5den med skiftande grad av skugga och sol, vilket ger varierade milj\u00f6er f\u00f6r v\u00e4xter med olika ljuskrav. P\u00e5 de stora \u00f6ppna omr\u00e5dena fl\u00f6dar solen fr\u00e5n morgon till kv\u00e4ll medan det \u00e4r skuggigt under tr\u00e4dens v\u00e4ldiga kronor.<\/p>\n<div id=\"attachment_3733\" style=\"width: 360px\" class=\"wp-caption alignright\"><img loading=\"lazy\" decoding=\"async\" aria-describedby=\"caption-attachment-3733\" class=\"size-large wp-image-3733\" alt=\"Fortfarande i oktober st\u00e5r flera av perennerna i blom. H\u00e4r r\u00f6d solhatt vid foten av st\u00e5tliga glansmiskantus 'Enk\u00f6ping' med plymer i silverrosa, en extra uppr\u00e4ttv\u00e4xande sort hittad i parken.\" src=\"http:\/\/rosenholm.se\/wp-content\/uploads\/2014\/04\/D2X_2350-350x466.jpg\" width=\"350\" height=\"466\" srcset=\"https:\/\/rosenholm.se\/wp-content\/uploads\/2014\/04\/D2X_2350-350x466.jpg 350w, https:\/\/rosenholm.se\/wp-content\/uploads\/2014\/04\/D2X_2350-187x250.jpg 187w, https:\/\/rosenholm.se\/wp-content\/uploads\/2014\/04\/D2X_2350-320x426.jpg 320w, https:\/\/rosenholm.se\/wp-content\/uploads\/2014\/04\/D2X_2350.jpg 546w, https:\/\/rosenholm.se\/wp-content\/uploads\/2014\/04\/D2X_2350-187x250@2x.jpg 374w\" sizes=\"auto, (max-width: 350px) 100vw, 350px\" \/><p id=\"caption-attachment-3733\" class=\"wp-caption-text\">Fortfarande i oktober st\u00e5r perenner i blom. H\u00e4r r\u00f6d solhatt vid foten av st\u00e5tlig glansmiskantus &#8217;Enk\u00f6ping&#8217; med plymer i silverrosa, en extra uppr\u00e4ttv\u00e4xande sort hittad i parken.<\/p><\/div>\n<p>Perennerna \u00e4r planterade i stora sjok som kommer igen p\u00e5 flera st\u00e4llen. De f\u00f6ljer en planteringstil som brukar ben\u00e4mnas \u201dNew Wave Planting\u201d eller nya perennv\u00e5gen p\u00e5 svenska. Det \u00e4r en stil som utvecklats av bland andra Piet Oudolf och har naturen som f\u00f6rebild i m\u00e5ngt och mycket. All mark \u00e4r t\u00e4ckt med robusta v\u00e4xter med sk\u00f6nhetsv\u00e4rde \u00e4ven n\u00e4r de inte blommar. H\u00e4r finns m\u00e5nga prydnadsgr\u00e4s med eleganta l\u00e5ngsmala blad som r\u00f6r sig f\u00f6r minsta vindpust och f\u00f6rgyller parken med fantastiska blomvippor om sensommar och h\u00f6st. De flesta \u00e4r h\u00f6ga, platskr\u00e4vande och mycket imponerande.<\/p>\n<p>Flera av de andra perennerna \u00e4r ocks\u00e5 storvuxna j\u00e4ttar som t ex fl\u00e4ckflockel, finnslide och j\u00e4ttekrissla. Emellan dem fylls marken ut av en behaglig blandning av l\u00e4gre perenner som n\u00e4vor, stenkyndel och salvia samt av de som \u00e4r vanligt h\u00f6ga, vilket inneb\u00e4r ungef\u00e4r 80\u2013150 cm j\u00e4mf\u00f6rt med j\u00e4ttarnas h\u00f6jd som kan vara upp emot ett par meter och ibland h\u00f6gre.<\/p>\n<h5>G\u00e5ngar och b\u00e4nkar<\/h5>\n<p>Dr\u00f6mparken \u00e4r en park d\u00e4r m\u00e5nga m\u00e4nniskor r\u00f6r sig varje dag. Den \u00e4r en naturlig del i ett g\u00e5ng- och cykelstr\u00e5k som g\u00e5r mellan Enk\u00f6pings olika delar. P\u00e5 s\u00e5 s\u00e4tt \u00e4r det m\u00e5nga m\u00e4nniskor som f\u00e5r m\u00f6jlighet att njuta av parkens fantastiska scenarier som \u00e4ndrar sig rej\u00e4lt mellan olika tider p\u00e5 \u00e5ret. P\u00e5 v\u00e5ren och f\u00f6rsommaren \u00e4r omr\u00e5det platt och \u00f6ppet och man kan enkelt \u00f6verblicka st\u00f6rre delen av det medan det p\u00e5 h\u00f6sten blir mer inneslutet av storvuxna perenner som d\u00f6ljer sikten.<\/p>\n<p>Man kan g\u00e5 p\u00e5 g\u00e5ngv\u00e4gar in och emellan de olika perennf\u00e4lten och det \u00e4r ocks\u00e5 t\u00e4tt mellan de l\u00e4ckert designade v\u00e5gformade b\u00e4nkarna d\u00e4r man kan sl\u00e5 sig ner och njuta av v\u00e4xterna p\u00e5 n\u00e4ra h\u00e5ll. D\u00e5 ska man uppt\u00e4cka att det finns mycket att beundra hos perenner som man inte ser i f\u00f6rstone n\u00e4r man hastar f\u00f6rbi. Prova sj\u00e4lv att sl\u00e5 dig ner p\u00e5 olika platser i Dr\u00f6mparken och du ska uppt\u00e4cka att det finns outsinliga k\u00e4llor av sk\u00f6nhet att h\u00e4mta hos s\u00e5v\u00e4l blommor, blad, v\u00e4xts\u00e4tt och torra fr\u00f6st\u00e4llningar hos perenner.<\/p>\n<div id=\"attachment_3726\" style=\"width: 738px\" class=\"wp-caption alignnone\"><img loading=\"lazy\" decoding=\"async\" aria-describedby=\"caption-attachment-3726\" class=\"size-full wp-image-3726\" alt=\"Det \u00e4r sk\u00f6nt att sl\u00e5 sig ner f\u00f6r att avnjuta blomprakten p\u00e5 n\u00e4ra h\u00e5ll. Och vad kan vara mer inbjudande \u00e4n en av v\u00e4xtlighet inramad och l\u00e4ckert designad b\u00e4nk som dessutom \u00e4r bekv\u00e4m. Gr\u00e4set som v\u00e4ller fram med sirliga blomplymer heter silvergr\u00e4s, Achnatherum calamagrostis \u2019Lemperz\u2019, och blommar redan i mitten av juni. De isbl\u00e5 blommorna \u00e4r s\u00e5 ovanliga att de \u00e4nnu inte f\u00e5tt n\u00e5got svenskt namn. Rhazya orientalis heter de p\u00e5 latin.\" src=\"http:\/\/rosenholm.se\/wp-content\/uploads\/2014\/04\/D2X_7066.jpg\" width=\"728\" height=\"445\" srcset=\"https:\/\/rosenholm.se\/wp-content\/uploads\/2014\/04\/D2X_7066.jpg 728w, https:\/\/rosenholm.se\/wp-content\/uploads\/2014\/04\/D2X_7066-250x152.jpg 250w, https:\/\/rosenholm.se\/wp-content\/uploads\/2014\/04\/D2X_7066-320x195.jpg 320w, https:\/\/rosenholm.se\/wp-content\/uploads\/2014\/04\/D2X_7066-350x213.jpg 350w, https:\/\/rosenholm.se\/wp-content\/uploads\/2014\/04\/D2X_7066-250x152@2x.jpg 500w, https:\/\/rosenholm.se\/wp-content\/uploads\/2014\/04\/D2X_7066-320x195@2x.jpg 640w, https:\/\/rosenholm.se\/wp-content\/uploads\/2014\/04\/D2X_7066-350x213@2x.jpg 700w\" sizes=\"auto, (max-width: 728px) 100vw, 728px\" \/><p id=\"caption-attachment-3726\" class=\"wp-caption-text\">Det \u00e4r sk\u00f6nt att sl\u00e5 sig ner f\u00f6r att avnjuta blomprakten p\u00e5 n\u00e4ra h\u00e5ll. Och vad kan vara mer inbjudande \u00e4n en av v\u00e4xtlighet inramad och l\u00e4ckert designad b\u00e4nk som dessutom \u00e4r bekv\u00e4m. Gr\u00e4set som v\u00e4ller fram med sirliga blomplymer heter silvergr\u00e4s, Achnatherum calamagrostis \u2019Lemperg\u2019, och blommar redan i mitten av juni. De isbl\u00e5 blommorna \u00e4r s\u00e5 ovanliga att de \u00e4nnu inte f\u00e5tt n\u00e5got svenskt namn. Rhazya orientalis heter de p\u00e5 latin.<\/p><\/div>\n<p>Dr\u00f6mparken har fem olika b\u00e5gformade formationer med bokh\u00e4ckar som skapar en stabil struktur mellan de dynamiska, och med \u00e5rstiderna f\u00f6r\u00e4nderliga perennf\u00e4lten. M\u00e5nga av sittb\u00e4nkarna \u00e4r placerade just i anslutning till de h\u00e4r h\u00e4ckarna eftersom vi m\u00e4nniskor tycker att det k\u00e4nns allra b\u00e4st att sl\u00e5 oss ner n\u00e4r vi har n\u00e5got skyddande i ryggen. Och vad kan d\u00e5 vara b\u00e4ttre \u00e4n flera meter h\u00f6ga h\u00e4ckar av bok som \u00e4r skirt ljusgr\u00f6na p\u00e5 v\u00e5ren, massivt ogenomtr\u00e4ngligt dovgr\u00f6na p\u00e5 sommaren och som beh\u00e5ller sina vissna skrynklade blad likt bronsf\u00e4rgade skulpturer p\u00e5 grenarna l\u00e5ngt fram p\u00e5 v\u00e5rvintern.<\/p>\n<h5>Nya perenner<\/h5>\n<p>De flesta av perennerna som planterats i Dr\u00f6mparken trivs alldeles utm\u00e4rkt och har utvecklats \u00f6ver f\u00f6rv\u00e4ntan. Men en park, och f\u00f6r den delen \u00e4ven en vanlig villatr\u00e4dg\u00e5rd, \u00e4r inget man anl\u00e4gger och sedan struntar i. Det finns alltid n\u00e5gra v\u00e4xter som visar sig inte trivas eller passa in och d\u00e5 f\u00e5r man ers\u00e4tta dem med nya. N\u00e5got man har f\u00e5tt g\u00f6ra ocks\u00e5 h\u00e4r i Dr\u00f6mparken. M\u00e5nga av perennerna var nya f\u00f6r svenska f\u00f6rh\u00e5llanden och f\u00f6r en del var man os\u00e4ker p\u00e5 om h\u00e4rdigheten skulle r\u00e4cka. Det gjorde den f\u00f6r de flesta och en del, som t ex tv\u00e5\u00e5ringen r\u00f6dkvanne, visade sig bli \u00e4nnu vackrare i det nordiska klimatet \u00e4n i det betydligt mildare holl\u00e4ndska. H\u00e4r i Dr\u00f6mparken v\u00e5gade man verkligen testa m\u00e5nga v\u00e4xter som var opr\u00f6vade kort i Sverige. Vilket \u00e4r tur f\u00f6r i och med det har urvalet av odlingsv\u00e4rda perenner i v\u00e5rt klimat \u00f6kat rej\u00e4lt. S\u00e5 kommer ocks\u00e5 horder av tr\u00e4dg\u00e5rds\u00e4gare fr\u00e5n n\u00e4r och fj\u00e4rran f\u00f6r att inspireras och l\u00e4ra av rabatterna i Dr\u00f6mparken. Med v\u00e4xtkartorna, som finns att h\u00e4mta i utsatta l\u00e5dor, i handen ses de vandra runt och notera vad de vill odla hemma i den egna t\u00e4ppan.<\/p>\n<div id=\"attachment_3728\" style=\"width: 738px\" class=\"wp-caption alignnone\"><img loading=\"lazy\" decoding=\"async\" aria-describedby=\"caption-attachment-3728\" class=\"size-full wp-image-3728\" alt=\"Dr\u00f6mparken, nya delen.\" src=\"http:\/\/rosenholm.se\/wp-content\/uploads\/2014\/04\/D2X_6604.jpg\" width=\"728\" height=\"483\" srcset=\"https:\/\/rosenholm.se\/wp-content\/uploads\/2014\/04\/D2X_6604.jpg 728w, https:\/\/rosenholm.se\/wp-content\/uploads\/2014\/04\/D2X_6604-250x165.jpg 250w, https:\/\/rosenholm.se\/wp-content\/uploads\/2014\/04\/D2X_6604-320x212.jpg 320w, https:\/\/rosenholm.se\/wp-content\/uploads\/2014\/04\/D2X_6604-350x232.jpg 350w, https:\/\/rosenholm.se\/wp-content\/uploads\/2014\/04\/D2X_6604-250x165@2x.jpg 500w, https:\/\/rosenholm.se\/wp-content\/uploads\/2014\/04\/D2X_6604-320x212@2x.jpg 640w, https:\/\/rosenholm.se\/wp-content\/uploads\/2014\/04\/D2X_6604-350x232@2x.jpg 700w\" sizes=\"auto, (max-width: 728px) 100vw, 728px\" \/><p id=\"caption-attachment-3728\" class=\"wp-caption-text\">Dr\u00f6mparken, nya delen.<\/p><\/div>\n<p>Dr\u00f6mparken blev s\u00e5 lyckad s\u00e5 att man helt enkelt l\u00e4t den v\u00e4xa sig \u00e4nnu st\u00f6rre n\u00e4r man fick tillg\u00e5ng till mer mark 2002. I den nya delen finns ett st\u00f6rre inslag av vedartade v\u00e4xter och perennerna \u00e4r heller inte fullt lika h\u00f6ga.\u00a0\u00a0En klar tillg\u00e5ng eftersom de \u00e4ldre rabatterna, med perenner i stora sjok, p\u00e5 m\u00e5nga s\u00e4tt g\u00f6r sig allra b\u00e4st betraktade p\u00e5 h\u00e5ll. Precis som en tavla med stora penseldrag blir allra mest effektfull n\u00e4r den ses p\u00e5 avst\u00e5nd.\u00a0Under n\u00e5gra \u00e5r bedrev Enk\u00f6pings kommun i samarbete med l\u00f6kf\u00f6retag ett projekt i den nya delen f\u00f6r att utv\u00e4rdera m\u00e5nga olika l\u00f6kv\u00e4xters klimatt\u00e5lighet och f\u00f6rm\u00e5ga att komma igen \u00e5r fr\u00e5n \u00e5r. N\u00e4r v\u00e5rl\u00f6karna blommat ut framp\u00e5 f\u00f6rsommaren fylls omr\u00e5det snabbt av andra v\u00e4xters gr\u00f6nska och snart kan man inte se ett sp\u00e5r av att h\u00e4r odlas m\u00e4ngder av v\u00e5rblommande l\u00f6kv\u00e4xter.<\/p>\n<div id=\"attachment_3731\" style=\"width: 360px\" class=\"wp-caption alignright\"><img loading=\"lazy\" decoding=\"async\" aria-describedby=\"caption-attachment-3731\" class=\"size-large wp-image-3731\" alt=\"R\u00f6d rudbeckia \u2019Magnus\u2019 i slutet av augusti.\" src=\"http:\/\/rosenholm.se\/wp-content\/uploads\/2014\/04\/D2X_8112-350x466.jpg\" width=\"350\" height=\"466\" srcset=\"https:\/\/rosenholm.se\/wp-content\/uploads\/2014\/04\/D2X_8112-350x466.jpg 350w, https:\/\/rosenholm.se\/wp-content\/uploads\/2014\/04\/D2X_8112-187x250.jpg 187w, https:\/\/rosenholm.se\/wp-content\/uploads\/2014\/04\/D2X_8112-320x426.jpg 320w, https:\/\/rosenholm.se\/wp-content\/uploads\/2014\/04\/D2X_8112.jpg 546w, https:\/\/rosenholm.se\/wp-content\/uploads\/2014\/04\/D2X_8112-187x250@2x.jpg 374w\" sizes=\"auto, (max-width: 350px) 100vw, 350px\" \/><p id=\"caption-attachment-3731\" class=\"wp-caption-text\">R\u00f6d solhatt \u2019Magnus\u2019 i slutet av augusti.<\/p><\/div>\n<p>L\u00e4ngs g\u00e5ngv\u00e4gar kantade med volumin\u00f6sa rabatter vandrar man runt i Dr\u00f6mparken och kan inte upph\u00f6ra att imponeras av m\u00e5ngfalden och frodigheten som \u00e4r sl\u00e5ende s\u00e5 h\u00e4r i slutet av augusti. \u00d6verallt \u00e4r marken t\u00e4ckt av v\u00e4xter och hela tiden hittar man n\u00e5got nytt och sp\u00e4nnande som man inte sett f\u00f6rut. Det h\u00e4r \u00e4r ett riktigt eldorado av inspiration f\u00f6r den som \u00e4r i st\u00e5nd att planera sin egen tr\u00e4dg\u00e5rd. I f\u00f6rgrunden r\u00f6d solhatt \u2019Magnus\u2019.<\/p>\n<p><strong><a title=\"B\u00e4sta tipsen fr\u00e5n Dr\u00f6mparken\" href=\"http:\/\/rosenholm.se\/?page_id=3714\">B\u00e4sta tipsen fr\u00e5n Dr\u00f6mparken<\/a><\/strong><\/p>\n<h5><a title=\"Frideg\u00e5rdsparken\" href=\"http:\/\/rosenholm.se\/?page_id=3750\">Frideg\u00e5rdsparken<\/a><\/h5>\n<p>&nbsp;<\/p>\n<p>&nbsp;<\/p>\n","protected":false},"excerpt":{"rendered":"<p>Parkfakta Design: Piet Oudolf Bygg\u00e5r: 1996, ut\u00f6kning 2002 Yta: Ca 4 800 kvadratmeter Dr\u00f6mparken: parkernas park, en park f\u00f6r dr\u00f6mmarna, perennpark eller landm\u00e4rke nummer ett f\u00f6r Enk\u00f6ping. Vad man \u00e4n&hellip; <\/p>\n","protected":false},"author":1,"featured_media":0,"parent":629,"menu_order":0,"comment_status":"closed","ping_status":"closed","template":"","meta":{"footnotes":""},"class_list":["post-3709","page","type-page","status-publish","hentry"],"_links":{"self":[{"href":"https:\/\/rosenholm.se\/index.php?rest_route=\/wp\/v2\/pages\/3709","targetHints":{"allow":["GET"]}}],"collection":[{"href":"https:\/\/rosenholm.se\/index.php?rest_route=\/wp\/v2\/pages"}],"about":[{"href":"https:\/\/rosenholm.se\/index.php?rest_route=\/wp\/v2\/types\/page"}],"author":[{"embeddable":true,"href":"https:\/\/rosenholm.se\/index.php?rest_route=\/wp\/v2\/users\/1"}],"replies":[{"embeddable":true,"href":"https:\/\/rosenholm.se\/index.php?rest_route=%2Fwp%2Fv2%2Fcomments&post=3709"}],"version-history":[{"count":22,"href":"https:\/\/rosenholm.se\/index.php?rest_route=\/wp\/v2\/pages\/3709\/revisions"}],"predecessor-version":[{"id":3780,"href":"https:\/\/rosenholm.se\/index.php?rest_route=\/wp\/v2\/pages\/3709\/revisions\/3780"}],"up":[{"embeddable":true,"href":"https:\/\/rosenholm.se\/index.php?rest_route=\/wp\/v2\/pages\/629"}],"wp:attachment":[{"href":"https:\/\/rosenholm.se\/index.php?rest_route=%2Fwp%2Fv2%2Fmedia&parent=3709"}],"curies":[{"name":"wp","href":"https:\/\/api.w.org\/{rel}","templated":true}]}}