{"id":13302,"date":"2022-01-18T07:03:30","date_gmt":"2022-01-18T06:03:30","guid":{"rendered":"https:\/\/rosenholm.se\/?page_id=13302"},"modified":"2022-01-18T07:03:30","modified_gmt":"2022-01-18T06:03:30","slug":"entren-den-som-gor-intryck","status":"publish","type":"page","link":"https:\/\/rosenholm.se\/?page_id=13302","title":{"rendered":"Entr\u00e9n \u2013 den som g\u00f6r intryck"},"content":{"rendered":"<p>V\u00e4lkommen hem till mig! Entr\u00e9g\u00e5ngen \u00e4r det f\u00f6rsta bes\u00f6kare ser av ditt hem. Och den del av tr\u00e4dg\u00e5rden du sj\u00e4lv oftast passerar. Gl\u00e4d dig sj\u00e4lv och andra med en l\u00e4cker entr\u00e9. Vi st\u00e5r f\u00f6r inspirationen.<\/p>\n<div id=\"attachment_13316\" style=\"width: 420px\" class=\"wp-caption alignright\"><img loading=\"lazy\" decoding=\"async\" aria-describedby=\"caption-attachment-13316\" class=\"size-medium wp-image-13316\" src=\"https:\/\/rosenholm.se\/wp-content\/uploads\/2022\/01\/L1160084-410x615.jpg\" alt=\"En enkel grusg\u00e5ng med stockstumpar lagda i grus och omgivna av markt\u00e4ckare och buxbom. Man kan tro att det \u00e4r en lantlig idyll, men det \u00e4r mitt inne i centrala San Fransisco l\u00e4ngs trappgatan Filbert Steps. L\u00e4cker entr\u00e9 som fungerar lika bra i Sverige.\" width=\"410\" height=\"615\" srcset=\"https:\/\/rosenholm.se\/wp-content\/uploads\/2022\/01\/L1160084-410x615.jpg 410w, https:\/\/rosenholm.se\/wp-content\/uploads\/2022\/01\/L1160084-467x700.jpg 467w, https:\/\/rosenholm.se\/wp-content\/uploads\/2022\/01\/L1160084-390x585.jpg 390w, https:\/\/rosenholm.se\/wp-content\/uploads\/2022\/01\/L1160084.jpg 683w\" sizes=\"auto, (max-width: 410px) 100vw, 410px\" \/><p id=\"caption-attachment-13316\" class=\"wp-caption-text\">En enkel grusg\u00e5ng med stockstumpar i grus omgivet av markt\u00e4ckare och buxbom. Man kan tro att det \u00e4r en lantlig idyll, men det \u00e4r mitt i centrala San Fransisco l\u00e4ngs trappgatan Filbert Steps. Fungerar lika bra i Sverige.<em style=\"font-size: 16px;\">\u00a0<\/em><\/p><\/div>\n<p><em>Bild: Dan Rosenholm<\/em><\/p>\n<p>Vilken del av tr\u00e4dg\u00e5rden \u00e4r den viktigaste? Det beror naturligtvis p\u00e5, men en sak \u00e4r alldeles s\u00e4ker, att det \u00e4r entr\u00e9n du passerar flest g\u00e5nger varje dag. Genom den tofflar du f\u00f6r att h\u00e4mta morgontidningen, lite senare skyndar du dig igenom p\u00e5 v\u00e4g till dagens knog. P\u00e5 eftermiddagen sl\u00e4par du hem matkassar genom den, kanske stannar du till, st\u00e4ller ner dem f\u00f6r att se vilka blommor som slagit ut just idag. N\u00e4r du h\u00e4mtar posten, g\u00e5r med soporna eller ska g\u00f6ra \u00e4renden passerar du. Med en vacker entr\u00e9g\u00e5ng gl\u00e4ds du varje v\u00e4nda, inte minst n\u00e4r du kommer hem. Det b\u00f6rjar liksom bra.<\/p>\n<div id=\"attachment_13314\" style=\"width: 420px\" class=\"wp-caption alignright\"><img loading=\"lazy\" decoding=\"async\" aria-describedby=\"caption-attachment-13314\" class=\"size-medium wp-image-13314\" src=\"https:\/\/rosenholm.se\/wp-content\/uploads\/2022\/01\/D2X_1449-1-410x547.jpg\" alt=\"Syrener h\u00e4ngande \u00f6ver en j\u00e4rnport k\u00e4nns n\u00e4rmast l\u00f6jligt idylliskt. Den l\u00e4tt f\u00f6rfallna stilen skapad bland annat av ogr\u00e4set i trappan, och det oklippta gr\u00e4set vid g\u00e5ngen verkar f\u00f6rst\u00e4rkande. Bild fr\u00e5n Bromma utanf\u00f6r Stockholm.\" width=\"410\" height=\"547\" srcset=\"https:\/\/rosenholm.se\/wp-content\/uploads\/2022\/01\/D2X_1449-1-410x547.jpg 410w, https:\/\/rosenholm.se\/wp-content\/uploads\/2022\/01\/D2X_1449-1-525x700.jpg 525w, https:\/\/rosenholm.se\/wp-content\/uploads\/2022\/01\/D2X_1449-1-390x520.jpg 390w, https:\/\/rosenholm.se\/wp-content\/uploads\/2022\/01\/D2X_1449-1.jpg 768w\" sizes=\"auto, (max-width: 410px) 100vw, 410px\" \/><p id=\"caption-attachment-13314\" class=\"wp-caption-text\">Syrener h\u00e4ngande \u00f6ver en j\u00e4rnport k\u00e4nns n\u00e4rmast l\u00f6jligt idylliskt. Den l\u00e4tt f\u00f6rfallna stilen skapad bland annat av ogr\u00e4set i trappan, och det oklippta gr\u00e4set vid g\u00e5ngen verkar f\u00f6rst\u00e4rkande. Bild fr\u00e5n Bromma utanf\u00f6r Stockholm.<\/p><\/div>\n<p>N\u00e4stan lika viktigt \u00e4r det intryck man g\u00f6r p\u00e5 andra. Speciellt f\u00f6rsta bes\u00f6ket kan ge en uppfattning som fastnar l\u00e5ng tid. Det beh\u00f6ver inte vara perfekt, men det \u00e4r inte helt fel om entr\u00e9n \u00e5terspeglar den man \u00e4r och k\u00e4nner sig som, d\u00e5 blir det r\u00e4tt fr\u00e5n f\u00f6rsta b\u00f6rjan. F\u00f6lj med p\u00e5 en inspirationstur som str\u00e4cker sig ut i v\u00e4rlden. Njut av andra m\u00e4nniskors fantasi och p\u00e5hittighet.<\/p>\n<div id=\"attachment_13309\" style=\"width: 710px\" class=\"wp-caption alignnone\"><img loading=\"lazy\" decoding=\"async\" aria-describedby=\"caption-attachment-13309\" class=\"size-large wp-image-13309\" src=\"https:\/\/rosenholm.se\/wp-content\/uploads\/2022\/01\/D2X_0988-700x465.jpg\" alt=\"En grind mellan tv\u00e5 l\u00f6nnar. En gr\u00e4sg\u00e5ng inramad av stora perenner som miskantusgr\u00e4set till h\u00f6ger. Det \u00e4r bakv\u00e4gen in till den tr\u00e4dg\u00e5rd som Klaas och Bodil van der Geest skapat i Sm\u00e5land vi h\u00e4r beundrar.\" width=\"700\" height=\"465\" srcset=\"https:\/\/rosenholm.se\/wp-content\/uploads\/2022\/01\/D2X_0988-700x465.jpg 700w, https:\/\/rosenholm.se\/wp-content\/uploads\/2022\/01\/D2X_0988-410x272.jpg 410w, https:\/\/rosenholm.se\/wp-content\/uploads\/2022\/01\/D2X_0988-390x259.jpg 390w, https:\/\/rosenholm.se\/wp-content\/uploads\/2022\/01\/D2X_0988.jpg 1024w, https:\/\/rosenholm.se\/wp-content\/uploads\/2022\/01\/D2X_0988-410x272@2x.jpg 820w, https:\/\/rosenholm.se\/wp-content\/uploads\/2022\/01\/D2X_0988-390x259@2x.jpg 780w\" sizes=\"auto, (max-width: 700px) 100vw, 700px\" \/><p id=\"caption-attachment-13309\" class=\"wp-caption-text\">En grind mellan tv\u00e5 l\u00f6nnar. En gr\u00e4sg\u00e5ng inramad av stora perenner som miskantusgr\u00e4set till h\u00f6ger. Det \u00e4r bakv\u00e4gen in till den tr\u00e4dg\u00e5rd som Klaas och Bodil van der Geest skapat i Sm\u00e5land vi h\u00e4r beundrar.<\/p><\/div>\n<div id=\"attachment_13320\" style=\"width: 420px\" class=\"wp-caption alignright\"><img loading=\"lazy\" decoding=\"async\" aria-describedby=\"caption-attachment-13320\" class=\"size-medium wp-image-13320\" src=\"https:\/\/rosenholm.se\/wp-content\/uploads\/2022\/01\/D2X_1003-410x547.jpg\" alt=\"P\u00e5 framsidan av v\u00e5rt eget hus fanns en brun gr\u00e4smatta, tv\u00e5 d\u00f6ende klematis och och en f\u00f6rvuxen spireah\u00e4ck n\u00e4r vi flyttade in. Vi la en vindlande g\u00e5ng med rabatt p\u00e5 ena sidan och planterade tr\u00e4d och buskar p\u00e5 den andra. R\u00e4dda f\u00f6r storvuxna tr\u00e4d var vi inte, till h\u00f6ger den r\u00f6dblommiga h\u00e4stkastanjen 'Briotti'. Mycket roligare att komma hem blev det.\" width=\"410\" height=\"547\" srcset=\"https:\/\/rosenholm.se\/wp-content\/uploads\/2022\/01\/D2X_1003-410x547.jpg 410w, https:\/\/rosenholm.se\/wp-content\/uploads\/2022\/01\/D2X_1003-525x700.jpg 525w, https:\/\/rosenholm.se\/wp-content\/uploads\/2022\/01\/D2X_1003-390x520.jpg 390w, https:\/\/rosenholm.se\/wp-content\/uploads\/2022\/01\/D2X_1003.jpg 768w\" sizes=\"auto, (max-width: 410px) 100vw, 410px\" \/><p id=\"caption-attachment-13320\" class=\"wp-caption-text\">P\u00e5 framsidan av v\u00e5rt eget hus fanns en brun gr\u00e4smatta, tv\u00e5 d\u00f6ende klematis och och en f\u00f6rvuxen spireah\u00e4ck n\u00e4r vi flyttade in. Vi la en vindlande g\u00e5ng med rabatt p\u00e5 ena sidan och tr\u00e4d p\u00e5 den andra. R\u00e4dda f\u00f6r storvuxna tr\u00e4d var vi inte, till h\u00f6ger den r\u00f6dblommiga h\u00e4stkastanjen &#8217;Briotti&#8217;.<\/p><\/div>\n<h5>Fyra tips f\u00f6r entr\u00e9n<\/h5>\n<p>Entr\u00e9n till huset ska v\u00e4lkomna dig, din familj och bes\u00f6kare. Det \u00e4r d\u00e4r du ska plantera favoritv\u00e4xterna, det \u00e4r d\u00e4r du ska anv\u00e4nda de material du gillar b\u00e4st.<\/p>\n<p>Markera ing\u00e5ngen, det ska k\u00e4nnas som att tr\u00e4da in i n\u00e5got nytt. Det kan du g\u00f6ra med grindar av tr\u00e4 eller st\u00e5l, stolpar, pergolor, f\u00f6r\u00e4ndring av markmaterial, trappsteg eller n\u00e5got annat p\u00e5hittigt.<\/p>\n<div id=\"attachment_13321\" style=\"width: 420px\" class=\"wp-caption alignright\"><img loading=\"lazy\" decoding=\"async\" aria-describedby=\"caption-attachment-13321\" class=\"size-medium wp-image-13321\" src=\"https:\/\/rosenholm.se\/wp-content\/uploads\/2022\/01\/D2X_7900-1-410x513.jpg\" alt=\"Du sl\u00e5r upp tr\u00e4porten n\u00e4r du kommer hem p\u00e5 h\u00f6stkv\u00e4llen. Innanf\u00f6r \u00f6ppnar sig g\u00e5rden. Vem vill inte komma hem till den h\u00e4r synen. Den m\u00f6ts man av n\u00e4r man bes\u00f6ker Kenneth Hallberg och Claes Johansson en bit utanf\u00f6r Ljungbyhed. Betongplattorna m\u00e5las om var eller vartannat \u00e5r.\" width=\"410\" height=\"513\" srcset=\"https:\/\/rosenholm.se\/wp-content\/uploads\/2022\/01\/D2X_7900-1-410x513.jpg 410w, https:\/\/rosenholm.se\/wp-content\/uploads\/2022\/01\/D2X_7900-1-560x700.jpg 560w, https:\/\/rosenholm.se\/wp-content\/uploads\/2022\/01\/D2X_7900-1-390x488.jpg 390w, https:\/\/rosenholm.se\/wp-content\/uploads\/2022\/01\/D2X_7900-1.jpg 819w, https:\/\/rosenholm.se\/wp-content\/uploads\/2022\/01\/D2X_7900-1-410x513@2x.jpg 820w, https:\/\/rosenholm.se\/wp-content\/uploads\/2022\/01\/D2X_7900-1-390x488@2x.jpg 780w\" sizes=\"auto, (max-width: 410px) 100vw, 410px\" \/><p id=\"caption-attachment-13321\" class=\"wp-caption-text\">Du sl\u00e5r upp tr\u00e4porten n\u00e4r du kommer hem p\u00e5 h\u00f6stkv\u00e4llen. Innanf\u00f6r \u00f6ppnar sig g\u00e5rden. Vem vill inte komma hem till den h\u00e4r synen. Den m\u00f6ts man av n\u00e4r man bes\u00f6ker Kenneth Hallberg och Claes Johansson en bit utanf\u00f6r Ljungbyhed. Betongplattorna m\u00e5las om var eller vartannat \u00e5r.<\/p><\/div>\n<p>Avgr\u00e4nsa framsidan med h\u00e4ck eller plank, det ger hemk\u00e4nsla. Vill du skapa en extra v\u00e4lkomnande k\u00e4nsla, och visa upp det sk\u00f6na du skapat innanf\u00f6r, g\u00f6r den inte h\u00f6gre \u00e4n att det g\u00e5r att se in fr\u00e5n gatan.<\/p>\n<p>H\u00e5ll ordning kring entr\u00e9n, annars g\u00e5r hela vitsen med att g\u00f6ra den attraktiv f\u00f6rlorad. St\u00f6kigt kan du ha inne i tr\u00e4dg\u00e5rden. Och n\u00e4r vi \u00e4nd\u00e5 \u00e4r inne p\u00e5 \u00e4mnet. Hur kul \u00e4r det n\u00e4r det f\u00f6rsta man m\u00f6ter \u00e4r en soptunna? D\u00f6lj den.<\/p>\n<p>&nbsp;<\/p>\n<div id=\"attachment_13311\" style=\"width: 710px\" class=\"wp-caption alignnone\"><img loading=\"lazy\" decoding=\"async\" aria-describedby=\"caption-attachment-13311\" class=\"size-large wp-image-13311\" src=\"https:\/\/rosenholm.se\/wp-content\/uploads\/2022\/01\/D3R_8686-1-700x700.jpg\" alt=\"Honungsgul mur som ansluter mot ett timrat hus i falur\u00f6tt. \u00d6ver porten h\u00e4nger vita kl\u00e4tterrosor som just nu blommar i m\u00e4ngder. N\u00e5gon huvuding\u00e5ng till g\u00e5rden \u00e4r det inte, men den skapar nyfikenhet s\u00e5 att det r\u00e4cker och blir \u00f6ver. Bild fr\u00e5n Kyrkbacken i V\u00e4ster\u00e5s.\" width=\"700\" height=\"700\" srcset=\"https:\/\/rosenholm.se\/wp-content\/uploads\/2022\/01\/D3R_8686-1-700x700.jpg 700w, https:\/\/rosenholm.se\/wp-content\/uploads\/2022\/01\/D3R_8686-1-410x410.jpg 410w, https:\/\/rosenholm.se\/wp-content\/uploads\/2022\/01\/D3R_8686-1-390x390.jpg 390w, https:\/\/rosenholm.se\/wp-content\/uploads\/2022\/01\/D3R_8686-1-330x330.jpg 330w, https:\/\/rosenholm.se\/wp-content\/uploads\/2022\/01\/D3R_8686-1.jpg 1024w, https:\/\/rosenholm.se\/wp-content\/uploads\/2022\/01\/D3R_8686-1-410x410@2x.jpg 820w, https:\/\/rosenholm.se\/wp-content\/uploads\/2022\/01\/D3R_8686-1-390x390@2x.jpg 780w\" sizes=\"auto, (max-width: 700px) 100vw, 700px\" \/><p id=\"caption-attachment-13311\" class=\"wp-caption-text\">Honungsgul mur som ansluter mot ett timrat hus i falur\u00f6tt. \u00d6ver porten h\u00e4nger vita kl\u00e4tterrosor som just nu blommar i m\u00e4ngder. N\u00e5gon huvuding\u00e5ng till g\u00e5rden \u00e4r det inte, men den skapar nyfikenhet s\u00e5 att det r\u00e4cker och blir \u00f6ver. Bild fr\u00e5n Kyrkbacken i V\u00e4ster\u00e5s.<\/p><\/div>\n<div id=\"attachment_13336\" style=\"width: 710px\" class=\"wp-caption alignnone\"><img loading=\"lazy\" decoding=\"async\" aria-describedby=\"caption-attachment-13336\" class=\"size-large wp-image-13336\" src=\"https:\/\/rosenholm.se\/wp-content\/uploads\/2022\/01\/DSC04188-700x467.jpg\" alt=\"Klassisk engelsk stadsentr\u00e9, eller hur? Helt fel. Den h\u00e4r murade l\u00e4ckerheten hittar man i Kalmar. I skuggan av tegelmuren dominerar bladv\u00e4xterna. Den krokiga, \u00e5ldriga apelns stam \u00e4r rena konstverket. Vad finns innanf\u00f6r? F\u00f6rv\u00e4ntningarna \u00e4r skyh\u00f6ga och nyfikenheten stor.\" width=\"700\" height=\"467\" srcset=\"https:\/\/rosenholm.se\/wp-content\/uploads\/2022\/01\/DSC04188-700x467.jpg 700w, https:\/\/rosenholm.se\/wp-content\/uploads\/2022\/01\/DSC04188-410x273.jpg 410w, https:\/\/rosenholm.se\/wp-content\/uploads\/2022\/01\/DSC04188-390x260.jpg 390w, https:\/\/rosenholm.se\/wp-content\/uploads\/2022\/01\/DSC04188.jpg 1024w, https:\/\/rosenholm.se\/wp-content\/uploads\/2022\/01\/DSC04188-410x273@2x.jpg 820w, https:\/\/rosenholm.se\/wp-content\/uploads\/2022\/01\/DSC04188-390x260@2x.jpg 780w\" sizes=\"auto, (max-width: 700px) 100vw, 700px\" \/><p id=\"caption-attachment-13336\" class=\"wp-caption-text\">Klassisk engelsk stadsentr\u00e9, eller hur? Helt fel. Den h\u00e4r murade l\u00e4ckerheten hittar man i Kalmar. I skuggan av tegelmuren dominerar bladv\u00e4xterna. Den krokiga, \u00e5ldriga apelns stam \u00e4r rena konstverket. Vad finns innanf\u00f6r? F\u00f6rv\u00e4ntningarna \u00e4r skyh\u00f6ga och nyfikenheten stor.<\/p><\/div>\n<div id=\"attachment_13337\" style=\"width: 710px\" class=\"wp-caption alignnone\"><img loading=\"lazy\" decoding=\"async\" aria-describedby=\"caption-attachment-13337\" class=\"size-large wp-image-13337\" src=\"https:\/\/rosenholm.se\/wp-content\/uploads\/2022\/01\/D3X_8368-700x467.jpg\" alt=\"Att l\u00e4gga porten en bit in p\u00e5 tomten ger m\u00f6jlighet att skilja sitt privata utrymme mot den del av tr\u00e4dg\u00e5rden man vill visa upp f\u00f6r omgivningen. N\u00e5got alldeles speciellt fantasifullt vilar \u00f6ver det h\u00e4r skickliga arrangemanget fr\u00e5n en st\u00f6rre kolonilott utanf\u00f6r Landskrona. Formerna, vajande elefantmiskantus, h\u00e4cken klippt i v\u00e5gor och de h\u00f6ga tujorna innanf\u00f6r.\" width=\"700\" height=\"467\" srcset=\"https:\/\/rosenholm.se\/wp-content\/uploads\/2022\/01\/D3X_8368-700x467.jpg 700w, https:\/\/rosenholm.se\/wp-content\/uploads\/2022\/01\/D3X_8368-410x273.jpg 410w, https:\/\/rosenholm.se\/wp-content\/uploads\/2022\/01\/D3X_8368-390x260.jpg 390w, https:\/\/rosenholm.se\/wp-content\/uploads\/2022\/01\/D3X_8368.jpg 1024w, https:\/\/rosenholm.se\/wp-content\/uploads\/2022\/01\/D3X_8368-410x273@2x.jpg 820w, https:\/\/rosenholm.se\/wp-content\/uploads\/2022\/01\/D3X_8368-390x260@2x.jpg 780w\" sizes=\"auto, (max-width: 700px) 100vw, 700px\" \/><p id=\"caption-attachment-13337\" class=\"wp-caption-text\">Att l\u00e4gga porten en bit in p\u00e5 tomten ger m\u00f6jlighet att skilja sitt privata utrymme mot den del av tr\u00e4dg\u00e5rden man vill visa upp f\u00f6r omgivningen. N\u00e5got alldeles speciellt fantasifullt vilar \u00f6ver det h\u00e4r skickliga arrangemanget fr\u00e5n en st\u00f6rre kolonilott utanf\u00f6r Landskrona. Formerna, vajande elefantmiskantus, h\u00e4cken klippt i v\u00e5gor och de h\u00f6ga tujorna innanf\u00f6r.<\/p><\/div>\n<div id=\"attachment_13339\" style=\"width: 710px\" class=\"wp-caption alignnone\"><img loading=\"lazy\" decoding=\"async\" aria-describedby=\"caption-attachment-13339\" class=\"size-large wp-image-13339\" src=\"https:\/\/rosenholm.se\/wp-content\/uploads\/2022\/01\/D3X_7545-700x558.jpg\" alt=\"Bes\u00f6ker man galleriet Gamla Bryggeriet p\u00e5 \u00d6sterlen i Sk\u00e5ne kommer man att f\u00e5 n\u00f6jet att vandra fr\u00e5n den lilla parkeringen in genom grinden och via den h\u00e4r g\u00e5ngen dominerad av funkiors vackra blad.\" width=\"700\" height=\"558\" srcset=\"https:\/\/rosenholm.se\/wp-content\/uploads\/2022\/01\/D3X_7545-700x558.jpg 700w, https:\/\/rosenholm.se\/wp-content\/uploads\/2022\/01\/D3X_7545-410x327.jpg 410w, https:\/\/rosenholm.se\/wp-content\/uploads\/2022\/01\/D3X_7545-390x311.jpg 390w, https:\/\/rosenholm.se\/wp-content\/uploads\/2022\/01\/D3X_7545.jpg 1024w, https:\/\/rosenholm.se\/wp-content\/uploads\/2022\/01\/D3X_7545-410x327@2x.jpg 820w, https:\/\/rosenholm.se\/wp-content\/uploads\/2022\/01\/D3X_7545-390x311@2x.jpg 780w\" sizes=\"auto, (max-width: 700px) 100vw, 700px\" \/><p id=\"caption-attachment-13339\" class=\"wp-caption-text\">Bes\u00f6ker man galleriet Gamla Bryggeriet p\u00e5 \u00d6sterlen i Sk\u00e5ne kommer man att f\u00e5 n\u00f6jet att vandra fr\u00e5n den lilla parkeringen in genom grinden och via den h\u00e4r g\u00e5ngen dominerad av funkiors vackra blad.<\/p><\/div>\n<div id=\"attachment_13340\" style=\"width: 710px\" class=\"wp-caption alignnone\"><img loading=\"lazy\" decoding=\"async\" aria-describedby=\"caption-attachment-13340\" class=\"size-large wp-image-13340\" src=\"https:\/\/rosenholm.se\/wp-content\/uploads\/2022\/01\/D2X_2627-700x467.jpg\" alt=\"Man ska inte f\u00f6rakta barrv\u00e4xter vid entr\u00e9n, men de m\u00e5ste h\u00e5llas tillbaka i storlek och vara propra. Anna-Lisa och Karl-Gustav Lindgren i Sundsvall har klippt sina bergtallar i b\u00f6ljande v\u00e5gor, tujor ger h\u00f6jd och form, l\u00e4ngst bak skymtar en formklippt idegran.\" width=\"700\" height=\"467\" srcset=\"https:\/\/rosenholm.se\/wp-content\/uploads\/2022\/01\/D2X_2627-700x467.jpg 700w, https:\/\/rosenholm.se\/wp-content\/uploads\/2022\/01\/D2X_2627-410x273.jpg 410w, https:\/\/rosenholm.se\/wp-content\/uploads\/2022\/01\/D2X_2627-390x260.jpg 390w, https:\/\/rosenholm.se\/wp-content\/uploads\/2022\/01\/D2X_2627.jpg 1024w, https:\/\/rosenholm.se\/wp-content\/uploads\/2022\/01\/D2X_2627-410x273@2x.jpg 820w, https:\/\/rosenholm.se\/wp-content\/uploads\/2022\/01\/D2X_2627-390x260@2x.jpg 780w\" sizes=\"auto, (max-width: 700px) 100vw, 700px\" \/><p id=\"caption-attachment-13340\" class=\"wp-caption-text\">Man ska inte f\u00f6rakta barrv\u00e4xter vid entr\u00e9n, men de m\u00e5ste h\u00e5llas tillbaka i storlek och vara propra. Anna-Lisa och Karl-Gustav Lindgren i Sundsvall har klippt sina bergtallar i b\u00f6ljande v\u00e5gor, tujor ger h\u00f6jd och form, l\u00e4ngst bak skymtar en formklippt idegran.<\/p><\/div>\n<div id=\"attachment_13341\" style=\"width: 710px\" class=\"wp-caption alignnone\"><img loading=\"lazy\" decoding=\"async\" aria-describedby=\"caption-attachment-13341\" class=\"size-large wp-image-13341\" src=\"https:\/\/rosenholm.se\/wp-content\/uploads\/2022\/01\/DSC01833-700x700.jpg\" alt=\"En b\u00e5ge mot gatan t\u00e4ckt med blommande r\u00f6da rosor \u00e4r hur l\u00e4ckert som helst. Innanf\u00f6r passerar man under uppstammade aplar omgiven av perenners blom. Gruset knastrar under f\u00f6tterna. Glad att komma hem. Bild fr\u00e5n Citadellets koloniomr\u00e5de utanf\u00f6r Landskrona.\" width=\"700\" height=\"700\" srcset=\"https:\/\/rosenholm.se\/wp-content\/uploads\/2022\/01\/DSC01833-700x700.jpg 700w, https:\/\/rosenholm.se\/wp-content\/uploads\/2022\/01\/DSC01833-410x410.jpg 410w, https:\/\/rosenholm.se\/wp-content\/uploads\/2022\/01\/DSC01833-390x390.jpg 390w, https:\/\/rosenholm.se\/wp-content\/uploads\/2022\/01\/DSC01833-330x330.jpg 330w, https:\/\/rosenholm.se\/wp-content\/uploads\/2022\/01\/DSC01833.jpg 1024w, https:\/\/rosenholm.se\/wp-content\/uploads\/2022\/01\/DSC01833-410x410@2x.jpg 820w, https:\/\/rosenholm.se\/wp-content\/uploads\/2022\/01\/DSC01833-390x390@2x.jpg 780w\" sizes=\"auto, (max-width: 700px) 100vw, 700px\" \/><p id=\"caption-attachment-13341\" class=\"wp-caption-text\">En b\u00e5ge mot gatan t\u00e4ckt med blommande r\u00f6da rosor \u00e4r hur l\u00e4ckert som helst. Innanf\u00f6r passerar man under uppstammade aplar omgiven av perenners blom. Gruset knastrar under f\u00f6tterna. Glad att komma hem. Bild fr\u00e5n Citadellets koloniomr\u00e5de utanf\u00f6r Landskrona.<\/p><\/div>\n<div id=\"attachment_13342\" style=\"width: 710px\" class=\"wp-caption alignnone\"><img loading=\"lazy\" decoding=\"async\" aria-describedby=\"caption-attachment-13342\" class=\"size-large wp-image-13342\" src=\"https:\/\/rosenholm.se\/wp-content\/uploads\/2022\/01\/D2X_2205-700x465.jpg\" alt=\"Har man entr\u00e9n i norrl\u00e4ge ska man satsa p\u00e5 stora, skugg\u00e4lskande bladv\u00e4xter. Mot dem kontrasterar inget b\u00e4ttre \u00e4n marktegel. Bilden kommer fr\u00e5n Stefan Matssons hem vid M\u00e4laren. Det \u00e4r han som st\u00e5tt bakom Enk\u00f6pings parker.\" width=\"700\" height=\"465\" srcset=\"https:\/\/rosenholm.se\/wp-content\/uploads\/2022\/01\/D2X_2205-700x465.jpg 700w, https:\/\/rosenholm.se\/wp-content\/uploads\/2022\/01\/D2X_2205-410x272.jpg 410w, https:\/\/rosenholm.se\/wp-content\/uploads\/2022\/01\/D2X_2205-390x259.jpg 390w, https:\/\/rosenholm.se\/wp-content\/uploads\/2022\/01\/D2X_2205.jpg 1024w, https:\/\/rosenholm.se\/wp-content\/uploads\/2022\/01\/D2X_2205-410x272@2x.jpg 820w, https:\/\/rosenholm.se\/wp-content\/uploads\/2022\/01\/D2X_2205-390x259@2x.jpg 780w\" sizes=\"auto, (max-width: 700px) 100vw, 700px\" \/><p id=\"caption-attachment-13342\" class=\"wp-caption-text\">Har man entr\u00e9n i norrl\u00e4ge ska man satsa p\u00e5 stora, skugg\u00e4lskande bladv\u00e4xter. Mot dem kontrasterar inget b\u00e4ttre \u00e4n marktegel. Bilden kommer fr\u00e5n Stefan Matssons hem vid M\u00e4laren. Det \u00e4r han som st\u00e5tt bakom Enk\u00f6pings parker.<\/p><\/div>\n<div id=\"attachment_13343\" style=\"width: 710px\" class=\"wp-caption alignnone\"><img loading=\"lazy\" decoding=\"async\" aria-describedby=\"caption-attachment-13343\" class=\"size-large wp-image-13343\" src=\"https:\/\/rosenholm.se\/wp-content\/uploads\/2022\/01\/D3X_8047-700x467.jpg\" alt=\"I sk\u00e5nska Billinge driver Bengt Lindvall och Lennart Svensson rum och frukost i romantisk stil. Lilla R\u00e5keholm kallar de sitt paradis. Mellan kullerstensg\u00e5ngen och deras privata hus blommar rosor, fingerborgsblommor och stockrosor. I slutet av g\u00e5ngen skymtar entr\u00e9grindarna.\" width=\"700\" height=\"467\" srcset=\"https:\/\/rosenholm.se\/wp-content\/uploads\/2022\/01\/D3X_8047-700x467.jpg 700w, https:\/\/rosenholm.se\/wp-content\/uploads\/2022\/01\/D3X_8047-410x273.jpg 410w, https:\/\/rosenholm.se\/wp-content\/uploads\/2022\/01\/D3X_8047-390x260.jpg 390w, https:\/\/rosenholm.se\/wp-content\/uploads\/2022\/01\/D3X_8047.jpg 1024w, https:\/\/rosenholm.se\/wp-content\/uploads\/2022\/01\/D3X_8047-410x273@2x.jpg 820w, https:\/\/rosenholm.se\/wp-content\/uploads\/2022\/01\/D3X_8047-390x260@2x.jpg 780w\" sizes=\"auto, (max-width: 700px) 100vw, 700px\" \/><p id=\"caption-attachment-13343\" class=\"wp-caption-text\">I sk\u00e5nska Billinge driver Bengt Lindvall och Lennart Svensson rum och frukost i romantisk stil. Lilla R\u00e5keholm kallar de sitt paradis. Mellan kullerstensg\u00e5ngen och deras privata hus blommar rosor, fingerborgsblommor och stockrosor. I slutet \u00a0skymtar entr\u00e9grindarna.<\/p><\/div>\n","protected":false},"excerpt":{"rendered":"<p>V\u00e4lkommen hem till mig! Entr\u00e9g\u00e5ngen \u00e4r det f\u00f6rsta bes\u00f6kare ser av ditt hem. Och den del av tr\u00e4dg\u00e5rden du sj\u00e4lv oftast passerar. Gl\u00e4d dig sj\u00e4lv och andra med en l\u00e4cker&hellip; <\/p>\n","protected":false},"author":1,"featured_media":0,"parent":0,"menu_order":0,"comment_status":"closed","ping_status":"closed","template":"","meta":{"footnotes":""},"class_list":["post-13302","page","type-page","status-publish","hentry"],"_links":{"self":[{"href":"https:\/\/rosenholm.se\/index.php?rest_route=\/wp\/v2\/pages\/13302","targetHints":{"allow":["GET"]}}],"collection":[{"href":"https:\/\/rosenholm.se\/index.php?rest_route=\/wp\/v2\/pages"}],"about":[{"href":"https:\/\/rosenholm.se\/index.php?rest_route=\/wp\/v2\/types\/page"}],"author":[{"embeddable":true,"href":"https:\/\/rosenholm.se\/index.php?rest_route=\/wp\/v2\/users\/1"}],"replies":[{"embeddable":true,"href":"https:\/\/rosenholm.se\/index.php?rest_route=%2Fwp%2Fv2%2Fcomments&post=13302"}],"version-history":[{"count":29,"href":"https:\/\/rosenholm.se\/index.php?rest_route=\/wp\/v2\/pages\/13302\/revisions"}],"predecessor-version":[{"id":13382,"href":"https:\/\/rosenholm.se\/index.php?rest_route=\/wp\/v2\/pages\/13302\/revisions\/13382"}],"wp:attachment":[{"href":"https:\/\/rosenholm.se\/index.php?rest_route=%2Fwp%2Fv2%2Fmedia&parent=13302"}],"curies":[{"name":"wp","href":"https:\/\/api.w.org\/{rel}","templated":true}]}}