{"id":1217,"date":"2014-01-27T23:08:13","date_gmt":"2014-01-27T22:08:13","guid":{"rendered":"http:\/\/rosenholm.se\/?page_id=1217"},"modified":"2015-01-07T17:19:57","modified_gmt":"2015-01-07T16:19:57","slug":"det-ar-bladen-som-gor-det","status":"publish","type":"page","link":"https:\/\/rosenholm.se\/?page_id=1217","title":{"rendered":"Det \u00e4r bladen som g\u00f6r det"},"content":{"rendered":"<p><em>Text och bild: Dan Rosenholm<\/em><\/p>\n<p>Blommor i all \u00e4ra. Vackra \u00e4r de, men kortlivade. Vill man ha tjusigt i rabatten hela s\u00e4songen \u00e4r det blad som g\u00e4ller. Stora, sm\u00e5, smala, spetsiga, breda, runda, l\u00f6nnformade, fingrade, gula, r\u00f6da, gr\u00f6na, bl\u00e5aktiga eller silvriga. Snygga bladv\u00e4xter trivs i de flesta fall b\u00e4st i skugga, men inte alltid.<\/p>\n<p><span style=\"line-height: 1.5em;\">L\u00e5t dig inspireras av bilder och v\u00e4xttips. \u00c4r det n\u00e5got du gillar extra mycket och som passar klimatet och milj\u00f6n d\u00e4r du bor, h\u00e4rma g\u00e4rna.<\/span><\/p>\n<div id=\"attachment_1216\" style=\"width: 1010px\" class=\"wp-caption alignnone\"><a href=\"http:\/\/rosenholm.se\/wp-content\/uploads\/2014\/01\/MMFC5239.jpg\"><img loading=\"lazy\" decoding=\"async\" aria-describedby=\"caption-attachment-1216\" class=\"size-full wp-image-1216\" src=\"http:\/\/rosenholm.se\/wp-content\/uploads\/2014\/01\/MMFC5239.jpg\" alt=\"Hosta \u2019Wide Brim\u2019, Hosta fortunei 'Francee', japansk gyllenl\u00f6nn, Acer shirasawanum \u2019Aureum\u2019, daggfunkia, Hosta sieboldiana \u2019Elegans, ormhassel, Corylus avellana 'Contorta'.\" width=\"1000\" height=\"667\" srcset=\"https:\/\/rosenholm.se\/wp-content\/uploads\/2014\/01\/MMFC5239.jpg 1000w, https:\/\/rosenholm.se\/wp-content\/uploads\/2014\/01\/MMFC5239-250x166.jpg 250w, https:\/\/rosenholm.se\/wp-content\/uploads\/2014\/01\/MMFC5239-325x216.jpg 325w, https:\/\/rosenholm.se\/wp-content\/uploads\/2014\/01\/MMFC5239-520x346.jpg 520w, https:\/\/rosenholm.se\/wp-content\/uploads\/2014\/01\/MMFC5239-250x166@2x.jpg 500w, https:\/\/rosenholm.se\/wp-content\/uploads\/2014\/01\/MMFC5239-325x216@2x.jpg 650w\" sizes=\"auto, (max-width: 1000px) 100vw, 1000px\" \/><\/a><p id=\"caption-attachment-1216\" class=\"wp-caption-text\">Hosta \u2019Wide Brim\u2019, H. fortunei &#8217;Francee&#8217;, Acer shirasawanum \u2019Aureum\u2019, \u00a0H. sieboldiana \u2019Elegans&#8217; och Corylus avellana &#8217;Contorta&#8217;.<\/p><\/div>\n<p>Den rabatt vi lyckats b\u00e4st med hemma best\u00e5r n\u00e4stan uteslutande av bladv\u00e4xter. Planteringsprincipen var enkel, m\u00e5nga av varje tillsammans \u2013 det fungerar n\u00e4stan alltid. Till v\u00e4nster i framkant st\u00e5r funkian\u00a0\u2019Wide Brim\u2019, f\u00f6ljd av blomsterfunkian &#8217;Francee&#8217;. Det lilla, l\u00e4ckra tr\u00e4det heter japansk gyllenl\u00f6nn, <em>Acer shirasawanum<\/em> \u2019Aureum\u2019, snett bakom till v\u00e4nster syns daggfunkia \u2019Elegans\u2019 och till h\u00f6ger ormhassel, <em>Corylus avellana<\/em> &#8217;Contorta&#8217;. Mellan sticker n\u00e5gra blommande n\u00e4vor upp. Och det oklippta gr\u00e4set i framkanten? Ja, det bjuder vi p\u00e5.<\/p>\n<div id=\"attachment_1221\" style=\"width: 1010px\" class=\"wp-caption alignnone\"><a href=\"http:\/\/rosenholm.se\/wp-content\/uploads\/2014\/01\/D2X_2810.jpg\"><img loading=\"lazy\" decoding=\"async\" aria-describedby=\"caption-attachment-1221\" class=\"size-full wp-image-1221\" src=\"http:\/\/rosenholm.se\/wp-content\/uploads\/2014\/01\/D2X_2810.jpg\" alt=\"Funkia ''Big Daddy', sm\u00e4llspirea, Physocarpus opulifolius 'Dart's Gold', flikbladig japansk l\u00f6nn, Acer palmatum 'Garnet', sockblomma, Epimedium och hassel\u00f6rt, Asarum europaeum.\" width=\"1000\" height=\"667\" srcset=\"https:\/\/rosenholm.se\/wp-content\/uploads\/2014\/01\/D2X_2810.jpg 1000w, https:\/\/rosenholm.se\/wp-content\/uploads\/2014\/01\/D2X_2810-250x166.jpg 250w, https:\/\/rosenholm.se\/wp-content\/uploads\/2014\/01\/D2X_2810-325x216.jpg 325w, https:\/\/rosenholm.se\/wp-content\/uploads\/2014\/01\/D2X_2810-520x346.jpg 520w, https:\/\/rosenholm.se\/wp-content\/uploads\/2014\/01\/D2X_2810-250x166@2x.jpg 500w, https:\/\/rosenholm.se\/wp-content\/uploads\/2014\/01\/D2X_2810-325x216@2x.jpg 650w\" sizes=\"auto, (max-width: 1000px) 100vw, 1000px\" \/><\/a><p id=\"caption-attachment-1221\" class=\"wp-caption-text\">Funkia &#8221;Big Daddy&#8217;, sm\u00e4llspirea, Physocarpus opulifolius &#8217;Dart&#8217;s Gold&#8217;, flikbladig japansk l\u00f6nn, Acer palmatum &#8217;Garnet&#8217;, sockblomma, Epimedium och hassel\u00f6rt, Asarum europaeum.<\/p><\/div>\n<p>P\u00e5 den smala ytan mellan berg och hus hemma hos Laila Lindstr\u00f6m p\u00e5 Liding\u00f6 spelar bladverken huvudrollen, det \u00e4r deras variation i form, f\u00e4rg och storlek som skickligt utnyttjats. Till v\u00e4nster funkia &#8221;Big Daddy&#8217;, f\u00f6ljd av limef\u00e4rgad sm\u00e4llspirea, <em>Physocarpus opulifolius<\/em> &#8217;Dart&#8217;s Gold&#8217;, flikbladig japansk l\u00f6nn,<em> Acer palmatum<\/em> &#8217;Garnet&#8217; och markt\u00e4ckande sockblomma, <em>Epimedium<\/em>. Under v\u00e4xer vintergr\u00f6n hassel\u00f6rt, <em>Asarum europaeum<\/em>. L\u00e4ngst bak skymtar en j\u00e4ttevallmo.<\/p>\n<div id=\"attachment_1225\" style=\"width: 335px\" class=\"wp-caption alignright\"><a href=\"http:\/\/rosenholm.se\/wp-content\/uploads\/2014\/01\/D2X_7244.jpg\"><img loading=\"lazy\" decoding=\"async\" aria-describedby=\"caption-attachment-1225\" class=\"size-medium wp-image-1225\" src=\"http:\/\/rosenholm.se\/wp-content\/uploads\/2014\/01\/D2X_7244-325x433.jpg\" alt=\"Parasollblad, Astilboides tabularis, sk\u00f6ldbr\u00e4cka, Darmera peltata, bronsrodgersia, Rodgersia podophylla,\" width=\"325\" height=\"433\" srcset=\"https:\/\/rosenholm.se\/wp-content\/uploads\/2014\/01\/D2X_7244-325x433.jpg 325w, https:\/\/rosenholm.se\/wp-content\/uploads\/2014\/01\/D2X_7244-187x250.jpg 187w, https:\/\/rosenholm.se\/wp-content\/uploads\/2014\/01\/D2X_7244-337x450.jpg 337w, https:\/\/rosenholm.se\/wp-content\/uploads\/2014\/01\/D2X_7244.jpg 750w, https:\/\/rosenholm.se\/wp-content\/uploads\/2014\/01\/D2X_7244-325x433@2x.jpg 650w, https:\/\/rosenholm.se\/wp-content\/uploads\/2014\/01\/D2X_7244-187x250@2x.jpg 374w, https:\/\/rosenholm.se\/wp-content\/uploads\/2014\/01\/D2X_7244-337x450@2x.jpg 674w\" sizes=\"auto, (max-width: 325px) 100vw, 325px\" \/><\/a><p id=\"caption-attachment-1225\" class=\"wp-caption-text\">Parasollblad, Astilboides tabularis, sk\u00f6ldbr\u00e4cka, Darmera peltata, bronsrodgersia, Rodgersia podophylla,<\/p><\/div>\n<p>Parasollblad, <em>Astilboides tabularis<\/em>, f\u00e5r j\u00e4ttelika, tallriksrunda, blad med tydliga nerver. S\u00e5h\u00e4r i maj har de en l\u00e4ckert ljusgr\u00f6n f\u00e4rg som m\u00f6rknar fram\u00e5t sommaren. Bakom vankas fler j\u00e4tteblad. De exotiska rosa blommorna tillh\u00f6r sk\u00f6ldbr\u00e4cka, <em>Darmera peltata<\/em>, vars blad \u00e4nnu inte utvecklats, senare under s\u00e4songen blir de mycket stora. \u00c4nnu l\u00e4ngre bort st\u00e5r bronsrodgersia, <em>Rodgersia podophylla<\/em>, som tidigt p\u00e5 s\u00e4songen \u00e4r djupt bronsf\u00e4rgad. En rabatt i st\u00e4ndig f\u00f6r\u00e4ndring fr\u00e5n Klosterparken i Enk\u00f6ping.<\/p>\n<div id=\"attachment_1232\" style=\"width: 1010px\" class=\"wp-caption alignnone\"><a href=\"http:\/\/rosenholm.se\/wp-content\/uploads\/2014\/02\/D3X_0632.jpg\"><img loading=\"lazy\" decoding=\"async\" aria-describedby=\"caption-attachment-1232\" class=\"size-full wp-image-1232\" src=\"http:\/\/rosenholm.se\/wp-content\/uploads\/2014\/02\/D3X_0632.jpg\" alt=\"Ulla Molin\" width=\"1000\" height=\"667\" srcset=\"https:\/\/rosenholm.se\/wp-content\/uploads\/2014\/02\/D3X_0632.jpg 1000w, https:\/\/rosenholm.se\/wp-content\/uploads\/2014\/02\/D3X_0632-250x166.jpg 250w, https:\/\/rosenholm.se\/wp-content\/uploads\/2014\/02\/D3X_0632-320x213.jpg 320w, https:\/\/rosenholm.se\/wp-content\/uploads\/2014\/02\/D3X_0632-520x346.jpg 520w, https:\/\/rosenholm.se\/wp-content\/uploads\/2014\/02\/D3X_0632-250x166@2x.jpg 500w, https:\/\/rosenholm.se\/wp-content\/uploads\/2014\/02\/D3X_0632-320x213@2x.jpg 640w\" sizes=\"auto, (max-width: 1000px) 100vw, 1000px\" \/><\/a><p id=\"caption-attachment-1232\" class=\"wp-caption-text\">Ulla Molin<\/p><\/div>\n<p>Med gr\u00e5 markt\u00e4ckare ist\u00e4llet f\u00f6r gr\u00e4smatta utformade tr\u00e4dg\u00e5rdsikonen Ulla Molin sin v\u00e4lk\u00e4nda tr\u00e4dg\u00e5rd i H\u00f6gan\u00e4s, som \u00e4ven efter hennes d\u00f6d bevarats. Vilka gr\u00e5 v\u00e4xter som dominerat har varierat \u00f6ver \u00e5ren, initialt var det mycket kattfot, <em>Antennaria dioica<\/em>,\u00a0och lamm\u00f6ron, p\u00e5 den sentida bilden har vitmal\u00f6rt, <em>Artemisia ludoviciana<\/em> &#8217;Silver Queen&#8217;, tagit \u00f6verhanden. Matchande bl\u00e5 strandveronika sticker upp ur mattan.<\/p>\n<div id=\"attachment_1231\" style=\"width: 330px\" class=\"wp-caption alignright\"><a href=\"http:\/\/rosenholm.se\/wp-content\/uploads\/2014\/02\/D3X_9944.jpg\"><img loading=\"lazy\" decoding=\"async\" aria-describedby=\"caption-attachment-1231\" class=\"size-medium wp-image-1231\" src=\"http:\/\/rosenholm.se\/wp-content\/uploads\/2014\/02\/D3X_9944-320x426.jpg\" alt=\"Slottsmal\u00f6rt, Artemisia 'Powis Castle' och glansmiskantus, Miscanthus sinensis 'Morning Light'\" width=\"320\" height=\"426\" srcset=\"https:\/\/rosenholm.se\/wp-content\/uploads\/2014\/02\/D3X_9944-320x426.jpg 320w, https:\/\/rosenholm.se\/wp-content\/uploads\/2014\/02\/D3X_9944-187x250.jpg 187w, https:\/\/rosenholm.se\/wp-content\/uploads\/2014\/02\/D3X_9944-390x520.jpg 390w, https:\/\/rosenholm.se\/wp-content\/uploads\/2014\/02\/D3X_9944.jpg 750w, https:\/\/rosenholm.se\/wp-content\/uploads\/2014\/02\/D3X_9944-320x426@2x.jpg 640w, https:\/\/rosenholm.se\/wp-content\/uploads\/2014\/02\/D3X_9944-187x250@2x.jpg 374w\" sizes=\"auto, (max-width: 320px) 100vw, 320px\" \/><\/a><p id=\"caption-attachment-1231\" class=\"wp-caption-text\">Slottsmal\u00f6rt, Artemisia &#8217;Powis Castle&#8217; och glansmiskantus, Miscanthus sinensis &#8217;Morning Light&#8217;<\/p><\/div>\n<p>Bladkombinationer f\u00f6r solutsatta rabatter \u00e4r mindre vanliga \u00e4n i skugga, med de finns. En av de snyggaste silvergr\u00e5 perennerna \u00e4r slottsmal\u00f6rt, <em>Artemisia<\/em> &#8217;Powis Castle&#8217; h\u00e4r med glansmiskantus, <em>Miscanthus sinensis<\/em> &#8217;Morning Light&#8217; h\u00e4ngande ovanf\u00f6r. En inte speciellt h\u00e4rdig kombination dock, som passar b\u00e4st i sydligaste Sverige. Ska st\u00e5 v\u00e4ldr\u00e4nerat.<\/p>\n","protected":false},"excerpt":{"rendered":"<p>Text och bild: Dan Rosenholm Blommor i all \u00e4ra. Vackra \u00e4r de, men kortlivade. Vill man ha tjusigt i rabatten hela s\u00e4songen \u00e4r det blad som g\u00e4ller. Stora, sm\u00e5, smala,&hellip; <\/p>\n","protected":false},"author":1,"featured_media":0,"parent":362,"menu_order":0,"comment_status":"closed","ping_status":"closed","template":"","meta":{"footnotes":""},"class_list":["post-1217","page","type-page","status-publish","hentry"],"_links":{"self":[{"href":"https:\/\/rosenholm.se\/index.php?rest_route=\/wp\/v2\/pages\/1217","targetHints":{"allow":["GET"]}}],"collection":[{"href":"https:\/\/rosenholm.se\/index.php?rest_route=\/wp\/v2\/pages"}],"about":[{"href":"https:\/\/rosenholm.se\/index.php?rest_route=\/wp\/v2\/types\/page"}],"author":[{"embeddable":true,"href":"https:\/\/rosenholm.se\/index.php?rest_route=\/wp\/v2\/users\/1"}],"replies":[{"embeddable":true,"href":"https:\/\/rosenholm.se\/index.php?rest_route=%2Fwp%2Fv2%2Fcomments&post=1217"}],"version-history":[{"count":16,"href":"https:\/\/rosenholm.se\/index.php?rest_route=\/wp\/v2\/pages\/1217\/revisions"}],"predecessor-version":[{"id":5504,"href":"https:\/\/rosenholm.se\/index.php?rest_route=\/wp\/v2\/pages\/1217\/revisions\/5504"}],"up":[{"embeddable":true,"href":"https:\/\/rosenholm.se\/index.php?rest_route=\/wp\/v2\/pages\/362"}],"wp:attachment":[{"href":"https:\/\/rosenholm.se\/index.php?rest_route=%2Fwp%2Fv2%2Fmedia&parent=1217"}],"curies":[{"name":"wp","href":"https:\/\/api.w.org\/{rel}","templated":true}]}}