{"id":1212,"date":"2014-02-07T22:11:11","date_gmt":"2014-02-07T21:11:11","guid":{"rendered":"http:\/\/rosenholm.se\/?page_id=1212"},"modified":"2014-03-28T21:05:19","modified_gmt":"2014-03-28T20:05:19","slug":"den-grona-djungeln","status":"publish","type":"page","link":"https:\/\/rosenholm.se\/?page_id=1212","title":{"rendered":"Den gr\u00f6na djungeln"},"content":{"rendered":"<div id=\"attachment_1570\" style=\"width: 1050px\" class=\"wp-caption alignnone\"><a href=\"http:\/\/rosenholm.se\/wp-content\/uploads\/2014\/02\/DSC_0505.jpg\"><img loading=\"lazy\" decoding=\"async\" aria-describedby=\"caption-attachment-1570\" class=\"size-full wp-image-1570\" alt=\"Ulf Trotzig, \u00d6land\" src=\"http:\/\/rosenholm.se\/wp-content\/uploads\/2014\/02\/DSC_0505.jpg\" width=\"1040\" height=\"693\" srcset=\"https:\/\/rosenholm.se\/wp-content\/uploads\/2014\/02\/DSC_0505-520x346@2x.jpg 1040w, https:\/\/rosenholm.se\/wp-content\/uploads\/2014\/02\/DSC_0505-250x166.jpg 250w, https:\/\/rosenholm.se\/wp-content\/uploads\/2014\/02\/DSC_0505-320x213.jpg 320w, https:\/\/rosenholm.se\/wp-content\/uploads\/2014\/02\/DSC_0505-520x346.jpg 520w, https:\/\/rosenholm.se\/wp-content\/uploads\/2014\/02\/DSC_0505-250x166@2x.jpg 500w, https:\/\/rosenholm.se\/wp-content\/uploads\/2014\/02\/DSC_0505-320x213@2x.jpg 640w\" sizes=\"auto, (max-width: 1040px) 100vw, 1040px\" \/><\/a><p id=\"caption-attachment-1570\" class=\"wp-caption-text\">Ulf Trotzig, \u00d6land<\/p><\/div>\n<div id=\"attachment_1581\" style=\"width: 330px\" class=\"wp-caption alignright\"><a href=\"http:\/\/rosenholm.se\/wp-content\/uploads\/2014\/02\/DSC_0556.jpg\"><img loading=\"lazy\" decoding=\"async\" aria-describedby=\"caption-attachment-1581\" class=\"size-medium wp-image-1581\" alt=\"Ulf Trotzig, \u00d6land\" src=\"http:\/\/rosenholm.se\/wp-content\/uploads\/2014\/02\/DSC_0556-320x400.jpg\" width=\"320\" height=\"400\" srcset=\"https:\/\/rosenholm.se\/wp-content\/uploads\/2014\/02\/DSC_0556-320x400.jpg 320w, https:\/\/rosenholm.se\/wp-content\/uploads\/2014\/02\/DSC_0556-200x250.jpg 200w, https:\/\/rosenholm.se\/wp-content\/uploads\/2014\/02\/DSC_0556-416x520.jpg 416w, https:\/\/rosenholm.se\/wp-content\/uploads\/2014\/02\/DSC_0556.jpg 832w, https:\/\/rosenholm.se\/wp-content\/uploads\/2014\/02\/DSC_0556-320x400@2x.jpg 640w, https:\/\/rosenholm.se\/wp-content\/uploads\/2014\/02\/DSC_0556-200x250@2x.jpg 400w\" sizes=\"auto, (max-width: 320px) 100vw, 320px\" \/><\/a><p id=\"caption-attachment-1581\" class=\"wp-caption-text\">Ulf Trotzig, \u00d6land<\/p><\/div>\n<p>H\u00e4r stryker v\u00e4xterna l\u00e4ngs kroppen n\u00e4r vi tar oss fram.\u00a0Det \u00e4r gr\u00f6nt och frodigt \u00f6verallt runt den smala stigen\u00a0som slingrar sig allt l\u00e4ngre in i tr\u00e4dg\u00e5rden. Solljuset som\u00a0silas genom tr\u00e4dens l\u00f6vverk glittrar till h\u00e4r och var i dunklet,\u00a0och ibland lyser blommande perenner med exotiskt\u00a0utseende upp v\u00e5r v\u00e4g. Det \u00e4r sp\u00e4nnande att ta sig fram\u00a0h\u00e4r, vem vet vad som d\u00f6ljer sig bakom n\u00e4sta h\u00f6rn? Storbladiga\u00a0v\u00e4xter som parasollblad och rodgersia skapar\u00a0en tropisk k\u00e4nsla som ytterligare f\u00f6rst\u00e4rks av murgr\u00f6na\u00a0som h\u00e4nger likt lianer fr\u00e5n tr\u00e4dens grenar. En liten damm\u00a0t\u00e4ckt av ljusgr\u00f6na alger f\u00e5r luften att dallra av fukt.<\/p>\n<div id=\"attachment_1583\" style=\"width: 330px\" class=\"wp-caption alignright\"><a href=\"http:\/\/rosenholm.se\/wp-content\/uploads\/2014\/02\/DSC_0527.jpg\"><img loading=\"lazy\" decoding=\"async\" aria-describedby=\"caption-attachment-1583\" class=\"size-medium wp-image-1583\" alt=\"Ulf Trotzig, \u00d6land\" src=\"http:\/\/rosenholm.se\/wp-content\/uploads\/2014\/02\/DSC_0527-320x400.jpg\" width=\"320\" height=\"400\" srcset=\"https:\/\/rosenholm.se\/wp-content\/uploads\/2014\/02\/DSC_0527-320x400.jpg 320w, https:\/\/rosenholm.se\/wp-content\/uploads\/2014\/02\/DSC_0527-200x250.jpg 200w, https:\/\/rosenholm.se\/wp-content\/uploads\/2014\/02\/DSC_0527-416x520.jpg 416w, https:\/\/rosenholm.se\/wp-content\/uploads\/2014\/02\/DSC_0527.jpg 832w, https:\/\/rosenholm.se\/wp-content\/uploads\/2014\/02\/DSC_0527-320x400@2x.jpg 640w, https:\/\/rosenholm.se\/wp-content\/uploads\/2014\/02\/DSC_0527-200x250@2x.jpg 400w\" sizes=\"auto, (max-width: 320px) 100vw, 320px\" \/><\/a><p id=\"caption-attachment-1583\" class=\"wp-caption-text\">Ulf Trotzig, \u00d6land<\/p><\/div>\n<p>Den\u00a0djungelliknande tr\u00e4dg\u00e5rden, med sina m\u00e5nga skuggiga\u00a0partier, k\u00e4nns svalkande sk\u00f6n att vara i under heta sommardagar.\u00a0Men se upp s\u00e5 att den inte v\u00e4xer igen alltf\u00f6r\u00a0mycket. Sekat\u00f6ren \u00e4r ett n\u00f6dv\u00e4ndigt redskap f\u00f6r att den\u00a0charmiga djungeln inte ska bli ogenomtr\u00e4nglig.<\/p>\n<div id=\"attachment_1587\" style=\"width: 330px\" class=\"wp-caption alignright\"><a href=\"http:\/\/rosenholm.se\/wp-content\/uploads\/2014\/02\/DSC_0470.jpg\"><img loading=\"lazy\" decoding=\"async\" aria-describedby=\"caption-attachment-1587\" class=\"size-medium wp-image-1587\" alt=\"Ulf Trotzig, \u00d6land\" src=\"http:\/\/rosenholm.se\/wp-content\/uploads\/2014\/02\/DSC_0470-320x426.jpg\" width=\"320\" height=\"426\" srcset=\"https:\/\/rosenholm.se\/wp-content\/uploads\/2014\/02\/DSC_0470-320x426.jpg 320w, https:\/\/rosenholm.se\/wp-content\/uploads\/2014\/02\/DSC_0470-187x250.jpg 187w, https:\/\/rosenholm.se\/wp-content\/uploads\/2014\/02\/DSC_0470-390x520.jpg 390w, https:\/\/rosenholm.se\/wp-content\/uploads\/2014\/02\/DSC_0470.jpg 780w, https:\/\/rosenholm.se\/wp-content\/uploads\/2014\/02\/DSC_0470-320x426@2x.jpg 640w, https:\/\/rosenholm.se\/wp-content\/uploads\/2014\/02\/DSC_0470-187x250@2x.jpg 374w\" sizes=\"auto, (max-width: 320px) 100vw, 320px\" \/><\/a><p id=\"caption-attachment-1587\" class=\"wp-caption-text\">Ulf Trotzig, \u00d6land<\/p><\/div>\n<h5>Ulf Trotzig, \u00d6land<\/h5>\n<p>Gr\u00f6nskan k\u00e4nns tropiskt fuktig i konstn\u00e4ren Ulf Trotzigs\u00a0tr\u00e4dg\u00e5rd p\u00e5 \u00d6land. \u00d6verv\u00e4xta\u00a0murar och tr\u00e4dg\u00e5rdsm\u00f6bler ger tillsammans med spruckna\u00a0statyetter en k\u00e4nsla av att vi befinner oss i ruinerna av en\u00a0storslagen, gammal tr\u00e4dg\u00e5rd. Men det g\u00f6r vi inte, utan vi \u00e4r\u00a0i den enast\u00e5ende djungeltr\u00e4dg\u00e5rd, i v\u00e4l arrangerat f\u00f6rfall\u00a0och med mycket humor, som Ulf har byggt upp de senaste\u00a0femton \u00e5ren.<\/p>\n<p>H\u00e4r i det silade solljuset under tr\u00e4dens kronor\u00a0kommer bladens skiftande former, f\u00e4rger och texturer v\u00e4l\u00a0till sin r\u00e4tt. J\u00e4ttelika, tallriksrunda parasollblad g\u00f6r djungelst\u00e4mningen\u00a0\u00e4n mer p\u00e5taglig och kontrasterar effektfullt mot\u00a0l\u00e5ngsmala dagliljeblad och blanka murgr\u00f6nemattor.<\/p>\n<h5><a title=\"Arkitektoniska former\" href=\"http:\/\/rosenholm.se\/?page_id=1639\">Arkitektoniska former<\/a><\/h5>\n","protected":false},"excerpt":{"rendered":"<p>H\u00e4r stryker v\u00e4xterna l\u00e4ngs kroppen n\u00e4r vi tar oss fram.\u00a0Det \u00e4r gr\u00f6nt och frodigt \u00f6verallt runt den smala stigen\u00a0som slingrar sig allt l\u00e4ngre in i tr\u00e4dg\u00e5rden. Solljuset som\u00a0silas genom tr\u00e4dens&hellip; <\/p>\n","protected":false},"author":1,"featured_media":0,"parent":33,"menu_order":0,"comment_status":"closed","ping_status":"closed","template":"","meta":{"footnotes":""},"class_list":["post-1212","page","type-page","status-publish","hentry"],"_links":{"self":[{"href":"https:\/\/rosenholm.se\/index.php?rest_route=\/wp\/v2\/pages\/1212","targetHints":{"allow":["GET"]}}],"collection":[{"href":"https:\/\/rosenholm.se\/index.php?rest_route=\/wp\/v2\/pages"}],"about":[{"href":"https:\/\/rosenholm.se\/index.php?rest_route=\/wp\/v2\/types\/page"}],"author":[{"embeddable":true,"href":"https:\/\/rosenholm.se\/index.php?rest_route=\/wp\/v2\/users\/1"}],"replies":[{"embeddable":true,"href":"https:\/\/rosenholm.se\/index.php?rest_route=%2Fwp%2Fv2%2Fcomments&post=1212"}],"version-history":[{"count":15,"href":"https:\/\/rosenholm.se\/index.php?rest_route=\/wp\/v2\/pages\/1212\/revisions"}],"predecessor-version":[{"id":3287,"href":"https:\/\/rosenholm.se\/index.php?rest_route=\/wp\/v2\/pages\/1212\/revisions\/3287"}],"up":[{"embeddable":true,"href":"https:\/\/rosenholm.se\/index.php?rest_route=\/wp\/v2\/pages\/33"}],"wp:attachment":[{"href":"https:\/\/rosenholm.se\/index.php?rest_route=%2Fwp%2Fv2%2Fmedia&parent=1212"}],"curies":[{"name":"wp","href":"https:\/\/api.w.org\/{rel}","templated":true}]}}