{"id":1169,"date":"2014-01-26T22:04:16","date_gmt":"2014-01-26T21:04:16","guid":{"rendered":"http:\/\/rosenholm.se\/?page_id=1169"},"modified":"2015-03-01T23:59:29","modified_gmt":"2015-03-01T22:59:29","slug":"astilbe-halvskuggans-eleganta-dam","status":"publish","type":"page","link":"https:\/\/rosenholm.se\/?page_id=1169","title":{"rendered":"Astilbe \u2013 halvskuggans eleganta dam"},"content":{"rendered":"<p><strong><span style=\"line-height: 1.5em;\">Astilbe \u00e4r lite av en doldis trots att den \u00e4r en s\u00e5 vanlig perenn. Den har inte trendf\u00f6rklarats eller varit innev\u00e4xt som funkior, dagliljor och n\u00e4vor. Men det \u00e4r kanske dags att \u00e4ndra p\u00e5 det f\u00f6r h\u00e4r \u00e4r en riktig h\u00f6jdarv\u00e4xt som kan anv\u00e4ndas till mycket. Och det finns bara s\u00e5 m\u00e5nga l\u00e4ckra sorter att f\u00e5 tag p\u00e5 numera.<\/span><\/strong><\/p>\n<p><em>Text: Ann-Christin Rosenholm<\/em><br \/>\n<em> Bild: Dan Rosenholm<\/em><\/p>\n<h5>Varierande utseende<\/h5>\n<p>H\u00e4r hittar vi l\u00e4ckerbitar som den rosalila, stora plymastilben \u2019Purpurlanze\u2019 som g\u00f6r vilken rabatt som helst till en h\u00e4rlig f\u00e4rg- och formupplevelse p\u00e5 sensommaren, d\u00e5 n\u00e4r mycket annat i tr\u00e4dg\u00e5rden redan blommat ut. Eller varf\u00f6r inte satsa p\u00e5 en frodig \u2019Brautschleier\u2019 som brer ut sina plymer likt en sl\u00f6ja i oskuldsfullt vitt? Vill du ha n\u00e5got i mindre storlek kanske fj\u00e4derastilben \u2019Sprite\u2019 kan passa med sina sirligt glesa plymer i laxrosa? Det finns n\u00e5got f\u00f6r varje smak och stilinriktning, f\u00f6r astilbe \u00e4r m\u00e5ngsidiga och kan se ut p\u00e5 lite olika s\u00e4tt.<\/p>\n<div id=\"attachment_1173\" style=\"width: 1010px\" class=\"wp-caption alignnone\"><a href=\"http:\/\/rosenholm.se\/wp-content\/uploads\/2014\/01\/DSC_0308.jpg\"><img loading=\"lazy\" decoding=\"async\" aria-describedby=\"caption-attachment-1173\" class=\"size-full wp-image-1173\" src=\"http:\/\/rosenholm.se\/wp-content\/uploads\/2014\/01\/DSC_0308.jpg\" alt=\"Astilbe i stora f\u00e4lt som h\u00e4r p\u00e5 Solliden blir imponerande maffigt, inte minst i n\u00e5gra olika f\u00e4rger. I och med att alla g\u00e5r i nyanser av rosa, r\u00f6tt och vitt \u00e4r det enkelt att hitta sorter som matchar varandra och ger harmoniska f\u00e4rgkompositione\" width=\"1000\" height=\"664\" srcset=\"https:\/\/rosenholm.se\/wp-content\/uploads\/2014\/01\/DSC_0308.jpg 1000w, https:\/\/rosenholm.se\/wp-content\/uploads\/2014\/01\/DSC_0308-250x166.jpg 250w, https:\/\/rosenholm.se\/wp-content\/uploads\/2014\/01\/DSC_0308-325x215.jpg 325w, https:\/\/rosenholm.se\/wp-content\/uploads\/2014\/01\/DSC_0308-520x345.jpg 520w, https:\/\/rosenholm.se\/wp-content\/uploads\/2014\/01\/DSC_0308-250x166@2x.jpg 500w, https:\/\/rosenholm.se\/wp-content\/uploads\/2014\/01\/DSC_0308-325x215@2x.jpg 650w\" sizes=\"auto, (max-width: 1000px) 100vw, 1000px\" \/><\/a><p id=\"caption-attachment-1173\" class=\"wp-caption-text\">Astilbe i stora f\u00e4lt som h\u00e4r p\u00e5 Solliden blir imponerande maffigt, inte minst i n\u00e5gra olika f\u00e4rger. I och med att alla g\u00e5r i nyanser av rosa, r\u00f6tt och vitt \u00e4r det enkelt att hitta sorter som matchar varandra och ger harmoniska f\u00e4rgkompositionerr<\/p><\/div>\n<p>De kan vara s\u00e5 sm\u00e5 som 15 cm i h\u00f6jd eller dryga metern h\u00f6ga. Blomplymerna kan vara vida och fluffiga eller mer kompakt uppr\u00e4ttv\u00e4xande och de finns i en m\u00e4ngd vita, rosa och r\u00f6da nyanser. De flesta blommar i augusti\u2013september, men det finns ocks\u00e5 sorter som blommar tidigare. Alla har ett dekorativt flikigt bladverk som pryder sin plats under hela s\u00e4songen och g\u00f6r sig v\u00e4ldigt bra tillsammans med storbladiga perenner som funkia och kaukasisk f\u00f6rg\u00e4tmigej.<\/p>\n<p>Det \u00e4r sv\u00e5rt att s\u00e4ga exakt hur m\u00e5nga arter det finns inom astilbesl\u00e4ktet, men det r\u00f6r sig om 14\u201325 arter som alla kommer fr\u00e5n Sydostasien och Nordamerika. Sen finns det ju s\u00e5 klart en m\u00e4ngd sorter och hybrider som \u00e4r framodlade. I Svensk kulturv\u00e4xtdatabas \u00e4r till exempel runt hundra olika astilbe upptagna.<\/p>\n<h5>Bra till mycket<\/h5>\n<div id=\"attachment_1183\" style=\"width: 335px\" class=\"wp-caption alignright\"><a href=\"http:\/\/rosenholm.se\/wp-content\/uploads\/2014\/01\/DSC06440.jpg\"><img loading=\"lazy\" decoding=\"async\" aria-describedby=\"caption-attachment-1183\" class=\"size-medium wp-image-1183\" src=\"http:\/\/rosenholm.se\/wp-content\/uploads\/2014\/01\/DSC06440-325x433.jpg\" alt=\"Astilbe i ljuvaste rosa och vitt ramar in den enkla skulpturen p\u00e5 stenen ute i det flytv\u00e4xt\u00f6verkl\u00e4dda vattnet vid Hviids have p\u00e5 Fyn. Att som h\u00e4r blanda tv\u00e5 f\u00e4rger av astilbe och l\u00e5ta dem komma igen lite om vartannat skapar en behagligt rofylld st\u00e4mning. Goda grannar i den h\u00e4r kompositionen \u00e4r prydnadsgr\u00e4s, ormbunkar och rodgersia.\" width=\"325\" height=\"433\" srcset=\"https:\/\/rosenholm.se\/wp-content\/uploads\/2014\/01\/DSC06440-325x433.jpg 325w, https:\/\/rosenholm.se\/wp-content\/uploads\/2014\/01\/DSC06440-187x250.jpg 187w, https:\/\/rosenholm.se\/wp-content\/uploads\/2014\/01\/DSC06440-337x450.jpg 337w, https:\/\/rosenholm.se\/wp-content\/uploads\/2014\/01\/DSC06440.jpg 750w, https:\/\/rosenholm.se\/wp-content\/uploads\/2014\/01\/DSC06440-325x433@2x.jpg 650w, https:\/\/rosenholm.se\/wp-content\/uploads\/2014\/01\/DSC06440-187x250@2x.jpg 374w, https:\/\/rosenholm.se\/wp-content\/uploads\/2014\/01\/DSC06440-337x450@2x.jpg 674w\" sizes=\"auto, (max-width: 325px) 100vw, 325px\" \/><\/a><p id=\"caption-attachment-1183\" class=\"wp-caption-text\">Astilbe i ljuvaste rosa och vitt ramar in skulpturen p\u00e5 stenen vid det flytv\u00e4xt\u00f6verkl\u00e4dda vattnet vid Hviids have p\u00e5 Fyn. Tv\u00e5 harmoniska f\u00e4rger skapar en behagligt rofylld st\u00e4mning. Goda grannar i kompositionen \u00e4r prydnadsgr\u00e4s, ormbunkar och rodgersia.<\/p><\/div>\n<p>Anv\u00e4ndningsomr\u00e5dena f\u00f6r astilbe \u00e4r m\u00e5nga. De \u00e4r ett givet inslag i n\u00e4rheten av tr\u00e4dg\u00e5rdsdammar och andra vattenanl\u00e4ggningar. I woodland och Japaninspirerade tr\u00e4dg\u00e5rdar passar astilbe som hand i handske och sist men inte minst \u00e4r de mycket anv\u00e4ndbara i vanliga tr\u00e4dg\u00e5rdsrabatter. Liljor, h\u00f6stsilverax, prydnadsgr\u00e4s, rododendron och azaleor \u00e4r till exempel goda grannar.<\/p>\n<p>Astilbe \u00e4r en sn\u00e4ll v\u00e4xt att ha i rabatten. Den h\u00e5ller sig d\u00e4r man har planterat den och breder bara l\u00e5ngsamt ut sig, s\u00e5vida man inte v\u00e4ljer n\u00e5gon av de sorter inom Chinensis-Gruppen som \u00e4r bra markt\u00e4ckare. Dit h\u00f6r bland annat sorten \u2019Pumila\u2019 som bara blir 20\u201330 cm h\u00f6g.<\/p>\n<div id=\"attachment_1177\" style=\"width: 1010px\" class=\"wp-caption alignnone\"><a href=\"http:\/\/rosenholm.se\/wp-content\/uploads\/2014\/01\/DSC_5658.jpg\"><img loading=\"lazy\" decoding=\"async\" aria-describedby=\"caption-attachment-1177\" class=\"size-full wp-image-1177\" src=\"http:\/\/rosenholm.se\/wp-content\/uploads\/2014\/01\/DSC_5658.jpg\" alt=\"M\u00e5nga olika sorter av astilbe tillsammans med funkior bygger mycket av milj\u00f6n runt de h\u00e4r tv\u00e5 sm\u00e5 tr\u00e4dg\u00e5rdsdammarna i Halland. En knotig tr\u00e4bro av naturens stockar och grenar ger en rustik och lite gammaldags atmosf\u00e4r.\" width=\"1000\" height=\"667\" srcset=\"https:\/\/rosenholm.se\/wp-content\/uploads\/2014\/01\/DSC_5658.jpg 1000w, https:\/\/rosenholm.se\/wp-content\/uploads\/2014\/01\/DSC_5658-250x166.jpg 250w, https:\/\/rosenholm.se\/wp-content\/uploads\/2014\/01\/DSC_5658-325x216.jpg 325w, https:\/\/rosenholm.se\/wp-content\/uploads\/2014\/01\/DSC_5658-520x346.jpg 520w, https:\/\/rosenholm.se\/wp-content\/uploads\/2014\/01\/DSC_5658-250x166@2x.jpg 500w, https:\/\/rosenholm.se\/wp-content\/uploads\/2014\/01\/DSC_5658-325x216@2x.jpg 650w\" sizes=\"auto, (max-width: 1000px) 100vw, 1000px\" \/><\/a><p id=\"caption-attachment-1177\" class=\"wp-caption-text\">M\u00e5nga olika sorter av astilbe tillsammans med funkior bygger mycket av milj\u00f6n runt de h\u00e4r tv\u00e5 sm\u00e5 tr\u00e4dg\u00e5rdsdammarna i Halland. En knotig tr\u00e4bro av naturens stockar och grenar ger en rustik och lite gammaldags atmosf\u00e4r.<\/p><\/div>\n<p><span style=\"line-height: 1.5em;\">En annan stor f\u00f6rdel med astilbe \u00e4r att de ofta f\u00e5r vacker h\u00f6stf\u00e4rg p\u00e5 bladen och att deras torra fr\u00f6st\u00e4llningar st\u00e5r kvar och \u00e4r dekorativa \u00e4ven p\u00e5 vintern. De \u00e4r till och med s\u00e5 snygga att man kan anv\u00e4nda dem i arrangemang med torkade blommor om man vill. Fast d\u00e5 \u00e4r det s\u00e5 klart b\u00e4st att plocka in dem f\u00f6r torkning redan p\u00e5 sommaren. Astilbe \u00e4r fin ocks\u00e5 som f\u00e4rsk snittblomma och st\u00e5r sig l\u00e4nge i vas.<\/span><\/p>\n<div id=\"attachment_1188\" style=\"width: 1010px\" class=\"wp-caption alignnone\"><a href=\"http:\/\/rosenholm.se\/wp-content\/uploads\/2014\/01\/DSC_5722.jpg\"><img loading=\"lazy\" decoding=\"async\" aria-describedby=\"caption-attachment-1188\" class=\"size-full wp-image-1188\" src=\"http:\/\/rosenholm.se\/wp-content\/uploads\/2014\/01\/DSC_5722.jpg\" alt=\"Astilbe \u2019Fanal\u2019\" width=\"1000\" height=\"667\" srcset=\"https:\/\/rosenholm.se\/wp-content\/uploads\/2014\/01\/DSC_5722.jpg 1000w, https:\/\/rosenholm.se\/wp-content\/uploads\/2014\/01\/DSC_5722-250x166.jpg 250w, https:\/\/rosenholm.se\/wp-content\/uploads\/2014\/01\/DSC_5722-325x216.jpg 325w, https:\/\/rosenholm.se\/wp-content\/uploads\/2014\/01\/DSC_5722-520x346.jpg 520w, https:\/\/rosenholm.se\/wp-content\/uploads\/2014\/01\/DSC_5722-250x166@2x.jpg 500w, https:\/\/rosenholm.se\/wp-content\/uploads\/2014\/01\/DSC_5722-325x216@2x.jpg 650w\" sizes=\"auto, (max-width: 1000px) 100vw, 1000px\" \/><\/a><p id=\"caption-attachment-1188\" class=\"wp-caption-text\">Astilbe \u2019Fanal\u2019<\/p><\/div>\n<p>Den popul\u00e4ra r\u00f6dblommande astilbesorten \u2019Fanal\u2019 tillh\u00f6r Arendsii-gruppen och kan odlas \u00f6ver i stort sett hela landet. Den blommar i juli\u2013augusti och blir ca 50 cm h\u00f6g. Liksom alla astilbe, g\u00f6r den sig mycket bra vid vatten. H\u00e4r i kanten av den lilla tr\u00e4dg\u00e5rdsdammen f\u00e5r den ocks\u00e5 den fuktiga milj\u00f6 f\u00f6r r\u00f6tterna den s\u00e5 g\u00e4rna vill ha. En vit n\u00e4ckros som granne \u00e4r lyckat, astilbens uppr\u00e4ttv\u00e4xande blomplymer kontrasterar mot de v\u00e5gr\u00e4ta n\u00e4ckrosbladen och den oskuldsfulla vita n\u00e4ckrosen ter sig \u00e4nnu vitare i kontrast mot de blodr\u00f6da astilbeblommorna.<\/p>\n<div id=\"attachment_1191\" style=\"width: 1010px\" class=\"wp-caption alignnone\"><a href=\"http:\/\/rosenholm.se\/wp-content\/uploads\/2014\/01\/D2X_5512.jpg\"><img loading=\"lazy\" decoding=\"async\" aria-describedby=\"caption-attachment-1191\" class=\"size-full wp-image-1191\" src=\"http:\/\/rosenholm.se\/wp-content\/uploads\/2014\/01\/D2X_5512.jpg\" alt=\"Stor plymastilbe, Astilbe chinensis var. taquetii \u2019Purpurlanze\u2019, r\u00f6d rudbeckia, Echinacea purpurea \u2019Magnus\u2019\" width=\"1000\" height=\"667\" srcset=\"https:\/\/rosenholm.se\/wp-content\/uploads\/2014\/01\/D2X_5512.jpg 1000w, https:\/\/rosenholm.se\/wp-content\/uploads\/2014\/01\/D2X_5512-250x166.jpg 250w, https:\/\/rosenholm.se\/wp-content\/uploads\/2014\/01\/D2X_5512-325x216.jpg 325w, https:\/\/rosenholm.se\/wp-content\/uploads\/2014\/01\/D2X_5512-520x346.jpg 520w, https:\/\/rosenholm.se\/wp-content\/uploads\/2014\/01\/D2X_5512-250x166@2x.jpg 500w, https:\/\/rosenholm.se\/wp-content\/uploads\/2014\/01\/D2X_5512-325x216@2x.jpg 650w\" sizes=\"auto, (max-width: 1000px) 100vw, 1000px\" \/><\/a><p id=\"caption-attachment-1191\" class=\"wp-caption-text\">Stor plymastilbe, Astilbe chinensis var. taquetii \u2019Purpurlanze\u2019, r\u00f6d rudbeckia, Echinacea purpurea \u2019Magnus\u2019<\/p><\/div>\n<div id=\"attachment_1180\" style=\"width: 335px\" class=\"wp-caption alignright\"><a href=\"http:\/\/rosenholm.se\/wp-content\/uploads\/2014\/01\/D2X_1290.jpg\"><img loading=\"lazy\" decoding=\"async\" aria-describedby=\"caption-attachment-1180\" class=\"size-medium wp-image-1180\" src=\"http:\/\/rosenholm.se\/wp-content\/uploads\/2014\/01\/D2X_1290-325x433.jpg\" alt=\"Stor plymastilbe, Astilbe chinensis var. taquetii \u2019Purpurlanze\u2019\" width=\"325\" height=\"433\" srcset=\"https:\/\/rosenholm.se\/wp-content\/uploads\/2014\/01\/D2X_1290-325x433.jpg 325w, https:\/\/rosenholm.se\/wp-content\/uploads\/2014\/01\/D2X_1290-187x250.jpg 187w, https:\/\/rosenholm.se\/wp-content\/uploads\/2014\/01\/D2X_1290-337x450.jpg 337w, https:\/\/rosenholm.se\/wp-content\/uploads\/2014\/01\/D2X_1290.jpg 750w, https:\/\/rosenholm.se\/wp-content\/uploads\/2014\/01\/D2X_1290-325x433@2x.jpg 650w, https:\/\/rosenholm.se\/wp-content\/uploads\/2014\/01\/D2X_1290-187x250@2x.jpg 374w, https:\/\/rosenholm.se\/wp-content\/uploads\/2014\/01\/D2X_1290-337x450@2x.jpg 674w\" sizes=\"auto, (max-width: 325px) 100vw, 325px\" \/><\/a><p id=\"caption-attachment-1180\" class=\"wp-caption-text\">Stor plymastilbe, Astilbe chinensis var. taquetii \u2019Purpurlanze\u2019<\/p><\/div>\n<p>Stor plymastilbe, <em>Astilbe chinensis<\/em> var. <em>taquetii<\/em> \u2019Purpurlanze\u2019, \u00e4r en av de allra vackraste och st\u00e5tligaste astilbesorterna och den \u00e4r till p\u00e5 k\u00f6pet mycket l\u00e4ttodlad och hyfsat torkt\u00e5lig. Drygt 1 m h\u00f6g kan den bli och ger samlade rosalila blomplymer i augusti\u2013september. Den passar fint ihop med r\u00f6d rudbeckia <em>Echinacea purpurea<\/em> \u2019Magnus\u2019 som blommar vid samma tid och g\u00e5r i samma f\u00e4rgton men har en helt annan blomform. Det h\u00e4r \u00e4r en komposition f\u00f6r soligt l\u00e4ge.<\/p>\n<div id=\"attachment_1171\" style=\"width: 1010px\" class=\"wp-caption alignnone\"><a href=\"http:\/\/rosenholm.se\/wp-content\/uploads\/2014\/01\/DSC08491.jpg\"><img loading=\"lazy\" decoding=\"async\" aria-describedby=\"caption-attachment-1171\" class=\"size-full wp-image-1171\" src=\"http:\/\/rosenholm.se\/wp-content\/uploads\/2014\/01\/DSC08491.jpg\" alt=\"Villa Fraxinus\" width=\"1000\" height=\"667\" srcset=\"https:\/\/rosenholm.se\/wp-content\/uploads\/2014\/01\/DSC08491.jpg 1000w, https:\/\/rosenholm.se\/wp-content\/uploads\/2014\/01\/DSC08491-250x166.jpg 250w, https:\/\/rosenholm.se\/wp-content\/uploads\/2014\/01\/DSC08491-325x216.jpg 325w, https:\/\/rosenholm.se\/wp-content\/uploads\/2014\/01\/DSC08491-520x346.jpg 520w, https:\/\/rosenholm.se\/wp-content\/uploads\/2014\/01\/DSC08491-250x166@2x.jpg 500w, https:\/\/rosenholm.se\/wp-content\/uploads\/2014\/01\/DSC08491-325x216@2x.jpg 650w\" sizes=\"auto, (max-width: 1000px) 100vw, 1000px\" \/><\/a><p id=\"caption-attachment-1171\" class=\"wp-caption-text\">Villa Fraxinus<\/p><\/div>\n<p>V<span style=\"line-height: 1.5em;\">id den Asieninspirerade uteplatsen p\u00e5 <a title=\"Villa Fraxinus \u2013 tr\u00e4dg\u00e5rd i hj\u00e4rtat av v\u00e4rldsarvet\" href=\"http:\/\/rosenholm.se\/?page_id=6539\">Villa Fraxinus<\/a> passar en rej\u00e4l tuva med astilbe utm\u00e4rkt. Deras sirliga halvutslagna blomplymer kontrasterar effektfullt mot ligularians stora utbredda blad p\u00e5 den andra sidan om den l\u00e5ga stentrappan. En liten orientalisk staty v\u00e4lkomnar bes\u00f6kare att sl\u00e5 sig ner och njuta i fulla drag av den st\u00e4mningsfulla milj\u00f6n.<\/span><\/p>\n<p>&nbsp;<\/p>\n<div id=\"attachment_1197\" style=\"width: 1010px\" class=\"wp-caption alignnone\"><a href=\"http:\/\/rosenholm.se\/wp-content\/uploads\/2014\/01\/D2X_5576.jpg\"><img loading=\"lazy\" decoding=\"async\" aria-describedby=\"caption-attachment-1197\" class=\"size-full wp-image-1197\" src=\"http:\/\/rosenholm.se\/wp-content\/uploads\/2014\/01\/D2X_5576.jpg\" alt=\"Astilbe \u2019Bumalda\u2019\" width=\"1000\" height=\"500\" srcset=\"https:\/\/rosenholm.se\/wp-content\/uploads\/2014\/01\/D2X_5576.jpg 1000w, https:\/\/rosenholm.se\/wp-content\/uploads\/2014\/01\/D2X_5576-250x125.jpg 250w, https:\/\/rosenholm.se\/wp-content\/uploads\/2014\/01\/D2X_5576-325x162.jpg 325w, https:\/\/rosenholm.se\/wp-content\/uploads\/2014\/01\/D2X_5576-520x260.jpg 520w, https:\/\/rosenholm.se\/wp-content\/uploads\/2014\/01\/D2X_5576-250x125@2x.jpg 500w, https:\/\/rosenholm.se\/wp-content\/uploads\/2014\/01\/D2X_5576-325x162@2x.jpg 650w\" sizes=\"auto, (max-width: 1000px) 100vw, 1000px\" \/><\/a><p id=\"caption-attachment-1197\" class=\"wp-caption-text\">Astilbe \u2019Bumalda\u2019<\/p><\/div>\n<p><span style=\"line-height: 1.5em;\">Sorten \u2019Bumalda\u2019 ing\u00e5r i Arendsii-Gruppen och har l\u00e4ckert m\u00f6rkt bladverk som framh\u00e4ver de vita blomplymerna som sl\u00e5r ut i juli. Den blir ungef\u00e4r 60 cm h\u00f6g.<\/span><\/p>\n<div id=\"attachment_1198\" style=\"width: 1010px\" class=\"wp-caption alignnone\"><a href=\"http:\/\/rosenholm.se\/wp-content\/uploads\/2014\/01\/D2X_5746.jpg\"><img loading=\"lazy\" decoding=\"async\" aria-describedby=\"caption-attachment-1198\" class=\"size-full wp-image-1198\" src=\"http:\/\/rosenholm.se\/wp-content\/uploads\/2014\/01\/D2X_5746.jpg\" alt=\"Astilbe p\u00e5 vintern\" width=\"1000\" height=\"500\" srcset=\"https:\/\/rosenholm.se\/wp-content\/uploads\/2014\/01\/D2X_5746.jpg 1000w, https:\/\/rosenholm.se\/wp-content\/uploads\/2014\/01\/D2X_5746-250x125.jpg 250w, https:\/\/rosenholm.se\/wp-content\/uploads\/2014\/01\/D2X_5746-325x162.jpg 325w, https:\/\/rosenholm.se\/wp-content\/uploads\/2014\/01\/D2X_5746-520x260.jpg 520w, https:\/\/rosenholm.se\/wp-content\/uploads\/2014\/01\/D2X_5746-250x125@2x.jpg 500w, https:\/\/rosenholm.se\/wp-content\/uploads\/2014\/01\/D2X_5746-325x162@2x.jpg 650w\" sizes=\"auto, (max-width: 1000px) 100vw, 1000px\" \/><\/a><p id=\"caption-attachment-1198\" class=\"wp-caption-text\">Astilbe p\u00e5 vintern<\/p><\/div>\n<p>Astilbens utblommade fr\u00f6st\u00e4llningar i vackra r\u00f6dbruna nyanser h\u00e5ller sig fina l\u00e5ngt in p\u00e5 vintern. Mycket v\u00e4rdefullt n\u00e4r man vill ge tr\u00e4dg\u00e5rden tydliga vinterstrukturer.<\/p>\n<h5><a title=\"S\u00e5 lyckas du med astilbe\" href=\"http:\/\/rosenholm.se\/?page_id=1202\">S\u00e5 lyckas du med astilbe<\/a><\/h5>\n","protected":false},"excerpt":{"rendered":"<p>Astilbe \u00e4r lite av en doldis trots att den \u00e4r en s\u00e5 vanlig perenn. Den har inte trendf\u00f6rklarats eller varit innev\u00e4xt som funkior, dagliljor och n\u00e4vor. Men det \u00e4r kanske&hellip; <\/p>\n","protected":false},"author":1,"featured_media":0,"parent":362,"menu_order":0,"comment_status":"closed","ping_status":"closed","template":"","meta":{"footnotes":""},"class_list":["post-1169","page","type-page","status-publish","hentry"],"_links":{"self":[{"href":"https:\/\/rosenholm.se\/index.php?rest_route=\/wp\/v2\/pages\/1169","targetHints":{"allow":["GET"]}}],"collection":[{"href":"https:\/\/rosenholm.se\/index.php?rest_route=\/wp\/v2\/pages"}],"about":[{"href":"https:\/\/rosenholm.se\/index.php?rest_route=\/wp\/v2\/types\/page"}],"author":[{"embeddable":true,"href":"https:\/\/rosenholm.se\/index.php?rest_route=\/wp\/v2\/users\/1"}],"replies":[{"embeddable":true,"href":"https:\/\/rosenholm.se\/index.php?rest_route=%2Fwp%2Fv2%2Fcomments&post=1169"}],"version-history":[{"count":26,"href":"https:\/\/rosenholm.se\/index.php?rest_route=\/wp\/v2\/pages\/1169\/revisions"}],"predecessor-version":[{"id":6951,"href":"https:\/\/rosenholm.se\/index.php?rest_route=\/wp\/v2\/pages\/1169\/revisions\/6951"}],"up":[{"embeddable":true,"href":"https:\/\/rosenholm.se\/index.php?rest_route=\/wp\/v2\/pages\/362"}],"wp:attachment":[{"href":"https:\/\/rosenholm.se\/index.php?rest_route=%2Fwp%2Fv2%2Fmedia&parent=1169"}],"curies":[{"name":"wp","href":"https:\/\/api.w.org\/{rel}","templated":true}]}}