{"id":10087,"date":"2016-09-18T20:15:47","date_gmt":"2016-09-18T18:15:47","guid":{"rendered":"http:\/\/rosenholm.se\/?page_id=10087"},"modified":"2016-09-22T22:24:01","modified_gmt":"2016-09-22T20:24:01","slug":"sexton-vintersnygga-perenner","status":"publish","type":"page","link":"https:\/\/rosenholm.se\/?page_id=10087","title":{"rendered":"Sexton vintersnygga perenner"},"content":{"rendered":"<ul>\n<li><a href=\"http:\/\/rosenholm.se\/?page_id=9642\">R\u00f6llika, <em>Achillea<\/em><\/a>:\u00a0Snygga platta fr\u00f6st\u00e4llningar.<\/li>\n<li><a title=\"Spiror\" href=\"http:\/\/rosenholm.se\/?page_id=694\">Anisisop, <em>Agastache foeniculum<\/em><\/a>: Sm\u00e5 spiror sida vid sida.<\/li>\n<li><a title=\"VACKERT P\u00c5 VINTERN\" href=\"http:\/\/rosenholm.se\/?page_id=10081\">Glandelaster, <em>Aster macrophyllus<\/em><\/a>: T\u00e4tt med s\u00f6ta, torra blomkorgar.<\/li>\n<li><a title=\"VACKERT P\u00c5 VINTERN\" href=\"http:\/\/rosenholm.se\/?page_id=10081\">Astilbe, <em>Astilbe<\/em><\/a>: Klara r\u00f6daktiga och bruna f\u00e4rger mot vit sn\u00f6.<\/li>\n<li><a title=\"Spiror\" href=\"http:\/\/rosenholm.se\/?page_id=694\">Tuvr\u00f6r, <em>Calamagrostis<\/em> \u00d7 <em>acutiflora<\/em><\/a> &#8217;Karl Foerster&#8217;: T\u00e4ta str\u00e5n sommar, h\u00f6st och vinter.<\/li>\n<li>Sk\u00f6ldpadds\u00f6rt, <em>Chelone<\/em>: Vackra kraftiga fr\u00f6st\u00e4llningar.<\/li>\n<li><a title=\"Perenner f\u00f6r soliga och torra l\u00e4gen\" href=\"http:\/\/rosenholm.se\/?page_id=580\">Bl\u00e5 bolltistel, <em>Echinops<\/em> <em>bannaticus<\/em><\/a>: Snygga taggiga bollar sommar till vinter.<\/li>\n<li><a title=\"Silver och vitt\" href=\"http:\/\/rosenholm.se\/?page_id=2150\">Martorn, <em>Eryngium<\/em><\/a>: Ruggigt taggig, vacker sommar som vinter.<\/li>\n<li><a title=\"Skapa en h\u00f6stvacker tr\u00e4dg\u00e5rd\" href=\"http:\/\/rosenholm.se\/?page_id=4712\">Daggfunkia, <em>Hosta sieboldiana<\/em><\/a>: St\u00e5tligt stadiga fr\u00f6st\u00e4llningar.<\/li>\n<li><a title=\"Nya v\u00e5gen perenner \u2013 d\u00e4r formen \u00e4r huvudsak\" href=\"http:\/\/rosenholm.se\/?page_id=9887\">J\u00e4ttekrissla, <em>Inula magnifica<\/em><\/a>: Praktfulla, stabila, m\u00f6rka blad l\u00e5ngt in i vintern.<\/li>\n<li><a title=\"Tr\u00e4dg\u00e5rd p\u00e5 vintern\" href=\"http:\/\/rosenholm.se\/?page_id=4998\">Glansmiskantus, <em>Miscanthus sinensis<\/em><\/a>: H\u00f6ga sn\u00f6skulpturer, fantastiska fr\u00f6st\u00e4llningar.<\/li>\n<li><a title=\"Tr\u00e4dg\u00e5rdens konstn\u00e4r \u2212 det \u00e4r du\" href=\"http:\/\/rosenholm.se\/?page_id=7061\">J\u00e4ttet\u00e5tel, <em>Molinia caerulea<\/em> ssp. <em>arundinacea<\/em> &#8217;Transparent&#8217;<\/a>: Graci\u00f6st h\u00e4ngande h\u00f6st som vinter.<\/li>\n<li><a title=\"Aromatiska v\u00e4xter\" href=\"http:\/\/rosenholm.se\/?page_id=9642\">Temynta, <em>Monarda<\/em><\/a>: Vackra blomhuvuden ocks\u00e5 p\u00e5 vintern.<\/li>\n<li><a title=\"Tr\u00e4d och buskar med blomning ut\u00f6ver det vanliga\" href=\"http:\/\/rosenholm.se\/?page_id=5790\">Buskpion, <em>Paeonia suffruticosa<\/em><\/a>: Snygga knoppar, blommor och fr\u00f6kapslar.<\/li>\n<li><a title=\"Markt\u00e4ckande mattor\" href=\"http:\/\/rosenholm.se\/?page_id=1284\">Skugg-gr\u00f6na, P<em>aschysandra terminalis<\/em><\/a>: Perfekt under ljusstammiga tr\u00e4d.<\/li>\n<li><a title=\"Aromatiska v\u00e4xter\" href=\"http:\/\/rosenholm.se\/?page_id=9642\">Tr\u00e4dg\u00e5rdsperovskia, <em>Perovskia<\/em> \u2019Blue Spire\u2019<\/a>. Silvergr\u00e5 stj\u00e4lkar.<\/li>\n<\/ul>\n<p><strong><a title=\"VACKERT P\u00c5 VINTERN\" href=\"http:\/\/rosenholm.se\/?page_id=10081\">Tillbaka<\/a><\/strong><\/p>\n","protected":false},"excerpt":{"rendered":"<p>R\u00f6llika, Achillea:\u00a0Snygga platta fr\u00f6st\u00e4llningar. Anisisop, Agastache foeniculum: Sm\u00e5 spiror sida vid sida. Glandelaster, Aster macrophyllus: T\u00e4tt med s\u00f6ta, torra blomkorgar. Astilbe, Astilbe: Klara r\u00f6daktiga och bruna f\u00e4rger mot vit sn\u00f6.&hellip; <\/p>\n","protected":false},"author":1,"featured_media":0,"parent":0,"menu_order":0,"comment_status":"closed","ping_status":"closed","template":"","meta":{"footnotes":""},"class_list":["post-10087","page","type-page","status-publish","hentry"],"_links":{"self":[{"href":"https:\/\/rosenholm.se\/index.php?rest_route=\/wp\/v2\/pages\/10087","targetHints":{"allow":["GET"]}}],"collection":[{"href":"https:\/\/rosenholm.se\/index.php?rest_route=\/wp\/v2\/pages"}],"about":[{"href":"https:\/\/rosenholm.se\/index.php?rest_route=\/wp\/v2\/types\/page"}],"author":[{"embeddable":true,"href":"https:\/\/rosenholm.se\/index.php?rest_route=\/wp\/v2\/users\/1"}],"replies":[{"embeddable":true,"href":"https:\/\/rosenholm.se\/index.php?rest_route=%2Fwp%2Fv2%2Fcomments&post=10087"}],"version-history":[{"count":10,"href":"https:\/\/rosenholm.se\/index.php?rest_route=\/wp\/v2\/pages\/10087\/revisions"}],"predecessor-version":[{"id":10242,"href":"https:\/\/rosenholm.se\/index.php?rest_route=\/wp\/v2\/pages\/10087\/revisions\/10242"}],"wp:attachment":[{"href":"https:\/\/rosenholm.se\/index.php?rest_route=%2Fwp%2Fv2%2Fmedia&parent=10087"}],"curies":[{"name":"wp","href":"https:\/\/api.w.org\/{rel}","templated":true}]}}